358
CXUS53 KARX 241235
CF6FKA
PRELIMINARY LOCAL CLIMATOLOGICAL DATA (WS FORM: F-6)

                                          STATION:   PRESTON MN
                                          MONTH:     JULY
                                          YEAR:      2016
                                          LATITUDE:   43 40 N
                                          LONGITUDE:  92 11 W

  TEMPERATURE IN F:       :PCPN:    SNOW:  WIND      :SUNSHINE: SKY     :PK WND
================================================================================
1   2   3   4   5  6A  6B    7    8   9   10  11  12  13   14  15   16   17  18
                                     12Z  AVG MX 2MIN
DY MAX MIN AVG DEP HDD CDD  WTR  SNW DPTH SPD SPD DIR MIN PSBL S-S WX    SPD DR
================================================================================

 1  69  53  61   M   4   0 0.00  0.0    0  4.5 10  10   M    M   3         M  M
 2  74  53  64   M   1   0 0.00  0.0    0  5.5 12 180   M    M   2         M  M
 3  76  51  64   M   1   0 0.00  0.0    0  4.8 12 110   M    M   0 1      17 140
 4  74  55  65   M   0   0 0.00  0.0    0  5.7 12 190   M    M   6        16 190
 5  84  61  73   M   0   8    M  0.0    0  8.9 16 160   M    M   3 13     21 160
 6  82  62  72   M   0   7 0.00  0.0    0  2.8  6  50   M    M   1         M  M
 7  81  62  72   M   0   7    M  0.0    0  6.4 24 270   M    M   3 3      62 270
 8  74  62  68   M   0   3 0.01  0.0    0 12.7 24 290   M    M   3        30 290
 9  78  56  67   M   0   2 0.00  0.0    0  3.0  5 140   M    M   0         M  M
10  75  63  69   M   0   4    M  0.0    0  8.9 17 190   M    M   3 3      23 190
11  86  67  77   M   0  12    M  0.0    0 12.7 20 170   M    M   5        30 170
12  81  65  73   M   0   8    M  0.0    0  9.6 15 270   M    M   1        22 240
13  83  66  75   M   0  10 0.00  0.0    0  9.9 14 290   M    M   1        22 290
14  74  59  67   M   0   2 0.00  0.0    0 12.7 22 300   M    M   5        30 300
15  72  58  65   M   0   0 0.00  0.0    0  5.6  9 360   M    M   7 1       M  M
16  76  55  66   M   0   1    M  0.0    0  7.3 12 190   M    M   3        17 160
17  82  64  73   M   0   8    M  0.0    0 10.4 16 280   M    M   3        23 240
18  81  60  71   M   0   6 0.00  0.0    0  3.3  7 210   M    M   1         M  M
19  79  64  72   M   0   7    M  0.0    0  6.2 13 200   M    M   3        17 190
20  81  68  75   M   0  10 0.04  0.0    0 10.6 17 170   M    M   7 1      25 190
21  90  76  83   M   0  18 0.00  0.0    0  8.2 14 200   M    M   3 1      18 200
22  88  73  81   M   0  16 0.00  0.0    0  3.1  7 190   M    M   4         M  M
23  77  69  73   M   0   8 0.98  0.0    0  7.4 14 140   M    M   7 1      22 140
================================================================================
SM 1817 1422         6 137  1.03     0.0 170.2          M       74
================================================================================
AV 79.0 61.8                               7.4 FASTST   M    M   3    MAX(MPH)
                                 MISC ---->    24   M                 62    M
================================================================================
NOTES:
# LAST OF SEVERAL OCCURRENCES

COLUMN 17 PEAK WIND IN M.P.H.

PRELIMINARY LOCAL CLIMATOLOGICAL DATA (WS FORM: F-6) , PAGE 2

                                          STATION:  PRESTON MN
                                          MONTH:    JULY
                                          YEAR:     2016
                                          LATITUDE:   43 40 N
                                          LONGITUDE:  92 11 W

[TEMPERATURE DATA]      [PRECIPITATION DATA]       SYMBOLS USED IN COLUMN 16

AVERAGE MONTHLY: 70.4   TOTAL FOR MONTH:   1.03    1 = FOG OR MIST
DPTR FM NORMAL:     M   DPTR FM NORMAL:       M    2 = FOG REDUCING VISIBILITY
HIGHEST:    90 ON 21    GRTST 24HR  0.98 ON 23-23      TO 1/4 MILE OR LESS
LOWEST:     51 ON  3                               3 = THUNDER
                        SNOW, ICE PELLETS, HAIL    4 = ICE PELLETS
                        TOTAL MONTH:   0.0 INCH    5 = HAIL
                        GRTST 24HR     0.0         6 = FREEZING RAIN OR DRIZZLE
                        GRTST DEPTH:   0           7 = DUSTSTORM OR SANDSTORM:
                                                       VSBY 1/2 MILE OR LESS
                                                   8 = SMOKE OR HAZE
[NO. OF DAYS WITH]      [WEATHER - DAYS WITH]      9 = BLOWING SNOW
                                                   X = TORNADO
MAX 32 OR BELOW:   0    0.01 INCH OR MORE:   3
MAX 90 OR ABOVE:   1    0.10 INCH OR MORE:   1
MIN 32 OR BELOW:   0    0.50 INCH OR MORE:   1
MIN  0 OR BELOW:   0    1.00 INCH OR MORE:   0

[HDD (BASE 65) ]
TOTAL THIS MO.     6    CLEAR  (SCALE 0-3)  12
DPTR FM NORMAL     M    PTCLDY (SCALE 4-7)  11
TOTAL FM JUL 1     6    CLOUDY (SCALE 8-10)  0
DPTR FM NORMAL     M

[CDD (BASE 65) ]
TOTAL THIS MO.   137
DPTR FM NORMAL     M    [PRESSURE DATA]
TOTAL FM JAN 1   294    HIGHEST SLP M ON M
DPTR FM NORMAL     M    LOWEST  SLP M ON M

[REMARKS]
