000
CXUS53 KARX 280930
CF6FKA
PRELIMINARY LOCAL CLIMATOLOGICAL DATA (WS FORM: F-6)

                                          STATION:   PRESTON MN
                                          MONTH:     JUNE
                                          YEAR:      2017
                                          LATITUDE:   43 40 N
                                          LONGITUDE:  92 11 W

  TEMPERATURE IN F:       :PCPN:    SNOW:  WIND      :SUNSHINE: SKY     :PK WND
================================================================================
1   2   3   4   5  6A  6B    7    8   9   10  11  12  13   14  15   16   17  18
                                     12Z  AVG MX 2MIN
DY MAX MIN AVG DEP HDD CDD  WTR  SNW DPTH SPD SPD DIR MIN PSBL S-S WX    SPD DR
================================================================================

 1  77  47  62   M   3   0 0.00  0.0    0  2.9  8 360   M    M   0 8       M  M
 2  85  53  69   M   0   4 0.00  0.0    0  6.9 10 180   M    M   1        21 210
 3  90  66  78   M   0  13 0.05  0.0    0 11.6 20 290   M    M   2 3      28 310
 4  85  61  73   M   0   8 0.00  0.0    0  7.3 14 330   M    M   0        20 280
 5  78  56  67   M   0   2 0.00  0.0    0  7.0 12  50   M    M   1        18  50
 6  76  54  65   M   0   0 0.00  0.0    0  4.1  9  90   M    M   0         M  M
 7  80  49  65   M   0   0 0.00  0.0    0  4.3  8 180   M    M   0         M  M
 8  85  61  73   M   0   8 0.00  0.0    0  9.9 17 320   M    M   4        21 240
 9  85  58  72   M   0   7 0.00  0.0    0  3.6 10  90   M    M   1         M  M
10  90  67  79   M   0  14 0.00  0.0    0 17.4 30 200   M    M   2        41 200
11  92  70  81   M   0  16 0.00  0.0    0 14.0 28 180   M    M   5        35 180
12  85  64  75   M   0  10 0.52  0.0    0  5.8 33 320   M    M   5 3      43 320
13  88  64  76   M   0  11 0.00  0.0    0 10.5 18 160   M    M   3        29 160
14  81  63  72   M   0   7 0.10  0.0    0  8.4 17 210   M    M   4 3      27 210
15  84  62  73   M   0   8 0.00  0.0    0  7.5 14 260   M    M   0        20 260
16  86  60  73   M   0   8 0.51  0.0    0  7.4 28 250   M    M   4 3      56 250
17  79  59  69   M   0   4 0.02  0.0    0  5.4 17 290   M    M   4 1      21 290
18  69  57  63   M   2   0 0.10  0.0    0 12.4 18 300   M    M   8 3      25 300
19  70  56  63   M   2   0 0.01  0.0    0 11.4 20 280   M    M   3 3      29 310
20  72  53  63   M   2   0 0.02  0.0    0  4.7  9  10   M    M   4 3       M  M
21  73  53  63   M   2   0 0.00  0.0    0  7.3 13 150   M    M   2        18 150
22  73  64  69   M   0   4 0.45  0.0    0  8.2 17 210   M    M   9 13     21 200
23  68  56  62   M   3   0 0.00  0.0    0 11.1 21 310   M    M   5 1      25 310
24  65  50  58   M   7   0 0.11  0.0    0 11.2 18 290   M    M   3        27 330
25  64  47  56   M   9   0 0.00  0.0    0 11.3 18 320   M    M   6 1      24 330
26  65  49  57   M   8   0 0.00  0.0    0  7.3 12 360   M    M   3 3      21 350
27  73  48  61   M   4   0 0.00  0.0    0  8.5 15 180   M    M   0        20 160
================================================================================
SM 2118 1547        42 124  1.89     0.0 227.4          M       79
================================================================================
AV 78.4 57.3                               8.4 FASTST   M    M   3    MAX(MPH)
                                 MISC ---->  # 33 320               # 56  250
================================================================================
NOTES:
# LAST OF SEVERAL OCCURRENCES

COLUMN 17 PEAK WIND IN M.P.H.

PRELIMINARY LOCAL CLIMATOLOGICAL DATA (WS FORM: F-6) , PAGE 2

                                          STATION:  PRESTON MN
                                          MONTH:    JUNE
                                          YEAR:     2017
                                          LATITUDE:   43 40 N
                                          LONGITUDE:  92 11 W

[TEMPERATURE DATA]      [PRECIPITATION DATA]       SYMBOLS USED IN COLUMN 16

AVERAGE MONTHLY: 67.9   TOTAL FOR MONTH:   1.89    1 = FOG OR MIST
DPTR FM NORMAL:     M   DPTR FM NORMAL:       M    2 = FOG REDUCING VISIBILITY
HIGHEST:    92 ON 11    GRTST 24HR  0.52 ON 12-12      TO 1/4 MILE OR LESS
LOWEST:     47 ON 25, 1                            3 = THUNDER
                        SNOW, ICE PELLETS, HAIL    4 = ICE PELLETS
                        TOTAL MONTH:   0.0 INCH    5 = HAIL
                        GRTST 24HR     0.0         6 = FREEZING RAIN OR DRIZZLE
                        GRTST DEPTH:   0           7 = DUSTSTORM OR SANDSTORM:
                                                       VSBY 1/2 MILE OR LESS
                                                   8 = SMOKE OR HAZE
[NO. OF DAYS WITH]      [WEATHER - DAYS WITH]      9 = BLOWING SNOW
                                                   X = TORNADO
MAX 32 OR BELOW:   0    0.01 INCH OR MORE:  10
MAX 90 OR ABOVE:   3    0.10 INCH OR MORE:   6
MIN 32 OR BELOW:   0    0.50 INCH OR MORE:   2
MIN  0 OR BELOW:   0    1.00 INCH OR MORE:   0

[HDD (BASE 65) ]
TOTAL THIS MO.    42    CLEAR  (SCALE 0-3)  15
DPTR FM NORMAL     M    PTCLDY (SCALE 4-7)  11
TOTAL FM JUL 1  6804    CLOUDY (SCALE 8-10)  1
DPTR FM NORMAL     M

[CDD (BASE 65) ]
TOTAL THIS MO.   124
DPTR FM NORMAL     M    [PRESSURE DATA]
TOTAL FM JAN 1   138    HIGHEST SLP M ON M
DPTR FM NORMAL     M    LOWEST  SLP M ON M

[REMARKS]
