000
CXUS56 KFGZ 280900
CF6FLG
PRELIMINARY LOCAL CLIMATOLOGICAL DATA (WS FORM: F-6)

                                          STATION:   FLAGSTAFF AZ AIRPORT
                                          MONTH:     AUGUST
                                          YEAR:      2016
                                          LATITUDE:   35  7 N
                                          LONGITUDE: 111 40 W

  TEMPERATURE IN F:       :PCPN:    SNOW:  WIND      :SUNSHINE: SKY     :PK WND
================================================================================
1   2   3   4   5  6A  6B    7    8   9   10  11  12  13   14  15   16   17  18
                                     12Z  AVG MX 2MIN
DY MAX MIN AVG DEP HDD CDD  WTR  SNW DPTH SPD SPD DIR MIN PSBL S-S WX    SPD DR
================================================================================

 1  78  56  67   1   0   2 0.15  0.0    M  3.2 14 200   M    M   6 13     21 220
 2  73  56  65  -1   0   0 1.11  0.0    0  3.0 20  50   M    M   6 13     24  60
 3  74  57  66   0   0   1 0.61  0.0    0  3.0 15 350   M    M   8 13     22 280
 4  72  52  62  -4   3   0 0.41  0.0    0  3.5 18 210   M    M   6 18     24 200
 5  73  53  63  -3   2   0 0.01  0.0    0  4.2 15 230   M    M   4        18 240
 6  77  53  65  -1   0   0 0.02  0.0    0  3.0 16  40   M    M   4        21  40
 7  81  48  65   0   0   0 0.00  0.0    0  4.1 21 220   M    M   0        32 220
 8  81  50  66   1   0   1 0.00  0.0    0  7.1 21 220   M    M   0        29 190
 9  78  49  64  -1   1   0    T  0.0    0  5.5 23 220   M    M   1        29 230
10  75  53  64  -1   1   0 0.01  0.0    0  5.8 17 200   M    M   4 1      23 210
11  76  50  63  -2   2   0 0.37  0.0    0  4.5 22 220   M    M   3 18     30 220
12  77  49  63  -2   2   0 0.52  0.0    0  2.9 17 340   M    M   2 138    23 330
13  82  45  64  -1   1   0 0.00  0.0    0  2.8 18 280   M    M   1 3      34 270
14  84  45  65   0   0   0 0.00  0.0    0  3.3 12 260   M    M   1        15 260
15  83  49  66   2   0   1 0.02  0.0    0  4.9 18 200   M    M   1        25 260
16  80  51  66   2   0   1 0.01  0.0    0  3.6 20  40   M    M   3        25  30
17  78  47  63  -1   2   0 0.03  0.0    0  4.2 21  60   M    M   2 1      25  30
18  73  50  62  -2   3   0 0.04  0.0    0  2.2 16  10   M    M   6        25  10
19  74  47  61  -3   4   0 0.04  0.0    0  3.8 18  20   M    M   5 3      25 330
20  77  47  62  -2   3   0 0.25  0.0    0  3.8 17  20   M    M   2 3      22  10
21  72  48  60  -4   5   0 0.00  0.0    0  4.5 14  40   M    M   4        18  30
22  70  44  57  -7   8   0 0.00  0.0    0  5.5 21 220   M    M   2        28 230
23  63  48  56  -7   9   0 0.01  0.0    0  5.8 20  40   M    M   5        25  30
24  77  46  62  -1   3   0 0.04  0.0    0  4.4 18 210   M    M   4        23 200
25  74  44  59  -4   6   0 0.34  0.0    0  4.6 17 200   M    M   5 13     26 220
26  70  44  57  -6   8   0 1.41  0.0    0  4.0 23  30   M    M   5 13     31  30
27  66  47  57  -6   8   0 0.94  0.0    0  5.6 20 220   M    M   6 1      27 240
================================================================================
SM 2038 1328        71   6  6.34     0.0 112.8          M       96
================================================================================
AV 75.5 49.2                               4.2 FASTST   M    M   4    MAX(MPH)
                                 MISC ---->  # 23 220               # 34  270
================================================================================
NOTES:
# LAST OF SEVERAL OCCURRENCES

COLUMN 17 PEAK WIND IN M.P.H.

PRELIMINARY LOCAL CLIMATOLOGICAL DATA (WS FORM: F-6) , PAGE 2

                                          STATION:  FLAGSTAFF AZ AIRPORT
                                          MONTH:    AUGUST
                                          YEAR:     2016
                                          LATITUDE:   35  7 N
                                          LONGITUDE: 111 40 W

[TEMPERATURE DATA]      [PRECIPITATION DATA]       SYMBOLS USED IN COLUMN 16

AVERAGE MONTHLY: 62.3   TOTAL FOR MONTH:   6.34    1 = FOG OR MIST
DPTR FM NORMAL:  -2.2   DPTR FM NORMAL:    3.60    2 = FOG REDUCING VISIBILITY
HIGHEST:    84 ON 14    GRTST 24HR  2.31 ON 26-27      TO 1/4 MILE OR LESS
LOWEST:     44 ON 26,25                            3 = THUNDER
                        SNOW, ICE PELLETS, HAIL    4 = ICE PELLETS
                        TOTAL MONTH:   0.0 INCH    5 = HAIL
                        GRTST 24HR     0.0         6 = FREEZING RAIN OR DRIZZLE
                        GRTST DEPTH:   0           7 = DUSTSTORM OR SANDSTORM:
                                                       VSBY 1/2 MILE OR LESS
                                                   8 = SMOKE OR HAZE
[NO. OF DAYS WITH]      [WEATHER - DAYS WITH]      9 = BLOWING SNOW
                                                   X = TORNADO
MAX 32 OR BELOW:   0    0.01 INCH OR MORE:  20
MAX 90 OR ABOVE:   0    0.10 INCH OR MORE:  10
MIN 32 OR BELOW:   0    0.50 INCH OR MORE:   5
MIN  0 OR BELOW:   0    1.00 INCH OR MORE:   2

[HDD (BASE 65) ]
TOTAL THIS MO.    71    CLEAR  (SCALE 0-3)  12
DPTR FM NORMAL    27    PTCLDY (SCALE 4-7)  15
TOTAL FM JUL 1    81    CLOUDY (SCALE 8-10)  0
DPTR FM NORMAL     5

[CDD (BASE 65) ]
TOTAL THIS MO.     6
DPTR FM NORMAL   -28    [PRESSURE DATA]
TOTAL FM JAN 1   130    HIGHEST SLP M ON M
DPTR FM NORMAL    15    LOWEST  SLP 29.83 ON  8

[REMARKS]
