000
CXUS56 KFGZ 270900
CF6FLG
PRELIMINARY LOCAL CLIMATOLOGICAL DATA (WS FORM: F-6)

                                          STATION:   FLAGSTAFF AZ AIRPORT
                                          MONTH:     MARCH
                                          YEAR:      2015
                                          LATITUDE:   35  7 N
                                          LONGITUDE: 111 40 W

  TEMPERATURE IN F:       :PCPN:    SNOW:  WIND      :SUNSHINE: SKY     :PK WND
================================================================================
1   2   3   4   5  6A  6B    7    8   9   10  11  12  13   14  15   16   17  18
                                     12Z  AVG MX 2MIN
DY MAX MIN AVG DEP HDD CDD  WTR  SNW DPTH SPD SPD DIR MIN PSBL S-S WX    SPD DR
================================================================================

 1  40  32  36   2  29   0 1.98  8.0    4  7.6 25 210   M    M  10 126    35 200
 2  39  29  34   0  31   0 1.71  8.4    7 14.7 32 210   M    M  10 128    43 220
 3  34  19  27  -8  38   0    T  0.9   12  5.0 16 250   M    M   7 18     26  21
 4  38   9  24 -11  41   0 0.00  0.0   10  5.8 15  40   M    M   0        19  40
 5  45   9  27  -8  38   0 0.00  0.0    9  6.0 15  70   M    M   0        19  70
 6  47  18  33  -2  32   0 0.00  0.0    7 11.2 25  40   M    M   0        31  40
 7  51  19  35   0  30   0 0.00  0.0    5  4.6 16  80   M    M   0        19  80
 8  57  21  39   3  26   0 0.00  0.0    3  2.0 13 230   M    M   0        16 250
 9  56  22  39   3  26   0 0.00  0.0    3  1.5 12 180   M    M   1        15 190
10  59  20  40   4  25   0 0.00  0.0    2  4.4 17  70   M    M   0        22  40
11  58  23  41   5  24   0 0.00  0.0    0  3.1 16 220   M    M   1        20 210
12  53  36  45   9  20   0 0.04  0.0    0  4.0 17 220   M    M   6 8      25 230
13  58  34  46  10  19   0 0.00  0.0    0 11.4 23  50   M    M   1        32  40
14  60  30  45   8  20   0 0.00  0.0    0  4.9 16  40   M    M   1        23  20
15  63  27  45   8  20   0 0.00  0.0    0  4.0 17  90   M    M   0        23  90
16  66  27  47  10  18   0 0.00  0.0    0  2.5 14  70   M    M   0        19  80
17  64  30  47  10  18   0 0.00  0.0    0  4.3 18 230   M    M   6        24 230
18  57  39  48  11  17   0 0.00  0.0    0  6.3 21 220   M    M   7        26 210
19  54  34  44   6  21   0 0.00  0.0    0  6.5 18  60   M    M   9 12     26  60
20  60  25  43   5  22   0 0.00  0.0    0  5.9 22  40   M    M   1 12     28  30
21  64  26  45   7  20   0 0.00  0.0    0  5.9 22 230   M    M   0        28 230
22  62  28  45   7  20   0 0.00  0.0    0  8.4 25 220   M    M   0        31 220
23  61  31  46   8  19   0 0.00  0.0    0 10.3 25 230   M    M   0        35 240
24  59  25  42   4  23   0 0.00  0.0    0  6.1 18 220   M    M   0        25 220
25  64  32  48   9  17   0 0.00  0.0    0  4.1 15  60   M    M   1        20  60
26  64  30  47   8  18   0 0.00  0.0    0  9.2 22  50   M    M   0        29  60
================================================================================
SM 1433  675       632   0  3.73    17.3 159.7          M       61
================================================================================
AV 55.1 26.0                               6.1 FASTST   M    M   2    MAX(MPH)
                                 MISC ---->  # 32 210               # 43  220
================================================================================
NOTES:
# LAST OF SEVERAL OCCURRENCES

COLUMN 17 PEAK WIND IN M.P.H.

PRELIMINARY LOCAL CLIMATOLOGICAL DATA (WS FORM: F-6) , PAGE 2

                                          STATION:  FLAGSTAFF AZ AIRPORT
                                          MONTH:    MARCH
                                          YEAR:     2015
                                          LATITUDE:   35  7 N
                                          LONGITUDE: 111 40 W

[TEMPERATURE DATA]      [PRECIPITATION DATA]       SYMBOLS USED IN COLUMN 16

AVERAGE MONTHLY: 40.5   TOTAL FOR MONTH:   3.73    1 = FOG OR MIST
DPTR FM NORMAL:   4.0   DPTR FM NORMAL:    1.88    2 = FOG REDUCING VISIBILITY
HIGHEST:    66 ON 16    GRTST 24HR  1.98 ON  1- 1      TO 1/4 MILE OR LESS
LOWEST:      9 ON  5, 4                            3 = THUNDER
                        SNOW, ICE PELLETS, HAIL    4 = ICE PELLETS
                        TOTAL MONTH:  17.3 INCHES  5 = HAIL
                        GRTST 24HR   8.4 ON   M    6 = FREEZING RAIN OR DRIZZLE
                        GRTST DEPTH:  12 ON  3     7 = DUSTSTORM OR SANDSTORM:
                                                       VSBY 1/2 MILE OR LESS
                                                   8 = SMOKE OR HAZE
[NO. OF DAYS WITH]      [WEATHER - DAYS WITH]      9 = BLOWING SNOW
                                                   X = TORNADO
MAX 32 OR BELOW:   0    0.01 INCH OR MORE:   3
MAX 90 OR ABOVE:   0    0.10 INCH OR MORE:   2
MIN 32 OR BELOW:  22    0.50 INCH OR MORE:   2
MIN  0 OR BELOW:   0    1.00 INCH OR MORE:   2

[HDD (BASE 65) ]
TOTAL THIS MO.   632    CLEAR  (SCALE 0-3)  19
DPTR FM NORMAL  -106    PTCLDY (SCALE 4-7)   4
TOTAL FM JUL 1  4682    CLOUDY (SCALE 8-10)  3
DPTR FM NORMAL  -895

[CDD (BASE 65) ]
TOTAL THIS MO.     0
DPTR FM NORMAL     0    [PRESSURE DATA]
TOTAL FM JAN 1     0    HIGHEST SLP M ON M
DPTR FM NORMAL     0    LOWEST  SLP 29.71 ON  2

[REMARKS]
