000
CXUS53 KDTX 280800
CF6FNT
PRELIMINARY LOCAL CLIMATOLOGICAL DATA (WS FORM: F-6)

                                          STATION:   FLINT MI
                                          MONTH:     MARCH
                                          YEAR:      2017
                                          LATITUDE:   42 58 N
                                          LONGITUDE:  83 44 W

  TEMPERATURE IN F:       :PCPN:    SNOW:  WIND      :SUNSHINE: SKY     :PK WND
================================================================================
1   2   3   4   5  6A  6B    7    8   9   10  11  12  13   14  15   16   17  18
                                     12Z  AVG MX 2MIN
DY MAX MIN AVG DEP HDD CDD  WTR  SNW DPTH SPD SPD DIR MIN PSBL S-S WX    SPD DR
================================================================================

 1  56  24  40  12  25   0 0.37  0.9    0 13.8 35 250   M    M   9 136    46 240
 2  30  21  26  -3  39   0 0.01  0.4    1 12.7 25 320   M    M   7 1      33 320
 3  25  15  20  -9  45   0    T  0.2    1 11.4 23 280   M    M   5 1      27 350
 4  32  10  21  -9  44   0 0.00  0.0    1  5.0 14 160   M    M   0        20 150
 5  43  19  31   1  34   0    T  0.0    T 14.5 24 150   M    M   4        31 160
 6  58  41  50  20  15   0    T  0.0    0 11.9 23 190   M    M  10        30 180
 7  59  39  49  18  16   0    T  0.0    0 16.7 27 280   M    M   5        40 230
 8  47  35  41  10  24   0 0.00  0.0    0 23.6 44 270   M    M   1        61 260
 9  40  31  36   5  29   0 0.00  0.0    0  9.9 26 280   M    M   5        33 290
10  33  13  23  -9  42   0    T  0.2    0 16.7 28 300   M    M   5 8      37 290
11  28  12  20 -12  45   0 0.00  0.0    0 12.7 23 300   M    M   5        34 290
12  31  13  22 -10  43   0 0.00  0.0    0  7.5 17 340   M    M   4        22 270
13  24  19  22 -11  43   0 0.17  2.0    1 10.7 18  70   M    M  10 18     22  80
14  21   9  15 -18  50   0    T    T    2 13.5 28 350   M    M   4 18     35  10
15  31  12  22 -12  43   0 0.00  0.0    2 15.6 25 290   M    M   1        34 290
16  39  15  27  -7  38   0 0.00  0.0    2  9.2 18 300   M    M   0        23 290
17  39  17  28  -6  37   0 0.11  1.0    T  8.1 20 170   M    M   6 1268   24 170
18  38  32  35   0  30   0 0.06  0.7    1  5.8 12 330   M    M  10 1      14 300
19  48  29  39   4  26   0 0.00  0.0    T  5.2 13 200   M    M   3 1      16 190
20  53  34  44   8  21   0 0.06  0.0    0  6.2 16 180   M    M   8 1      20 180
21  52  23  38   2  27   0 0.00  0.0    0 13.2 28 340   M    M   1 12     34 320
22  35  19  27  -9  38   0 0.00  0.0    0  8.2 24 360   M    M   0        31 340
23  44  19  32  -5  33   0 0.05  0.0    0  9.5 18 170   M    M   4        24 140
24  74  37  56  19   9   0 0.01  0.0    0 12.3 26 180   M    M   4        35 170
25  41  37  39   1  26   0 0.85  0.0    0 10.9 21  50   M    M  10 1      24  60
26  52  38  45   7  20   0 0.37  0.0    0  7.0 16 170   M    M  10 13     22 180
27  57  47  52  13  13   0 0.00  0.0    0  8.0 15 300   M    M   9 1      22 290
================================================================================
SM 1130  660       855   0  2.06     5.4 299.8          M      140
================================================================================
AV 41.9 24.4                              11.1 FASTST   M    M   5    MAX(MPH)
                                 MISC ---->  # 44 270               # 61  260
================================================================================
NOTES:
# LAST OF SEVERAL OCCURRENCES

COLUMN 17 PEAK WIND IN M.P.H.

PRELIMINARY LOCAL CLIMATOLOGICAL DATA (WS FORM: F-6) , PAGE 2

                                          STATION:  FLINT MI
                                          MONTH:    MARCH
                                          YEAR:     2017
                                          LATITUDE:   42 58 N
                                          LONGITUDE:  83 44 W

[TEMPERATURE DATA]      [PRECIPITATION DATA]       SYMBOLS USED IN COLUMN 16

AVERAGE MONTHLY: 33.2   TOTAL FOR MONTH:   2.06    1 = FOG OR MIST
DPTR FM NORMAL:  -0.2   DPTR FM NORMAL:    0.45    2 = FOG REDUCING VISIBILITY
HIGHEST:    74 ON 24    GRTST 24HR  0.85 ON 25-25      TO 1/4 MILE OR LESS
LOWEST:      9 ON 14                               3 = THUNDER
                        SNOW, ICE PELLETS, HAIL    4 = ICE PELLETS
                        TOTAL MONTH:   5.4 INCHES  5 = HAIL
                        GRTST 24HR   2.0 ON 13-13  6 = FREEZING RAIN OR DRIZZLE
                        GRTST DEPTH:   2 ON 16,15  7 = DUSTSTORM OR SANDSTORM:
                                                       VSBY 1/2 MILE OR LESS
                                                   8 = SMOKE OR HAZE
[NO. OF DAYS WITH]      [WEATHER - DAYS WITH]      9 = BLOWING SNOW
                                                   X = TORNADO
MAX 32 OR BELOW:   8    0.01 INCH OR MORE:  10
MAX 90 OR ABOVE:   0    0.10 INCH OR MORE:   5
MIN 32 OR BELOW:  19    0.50 INCH OR MORE:   1
MIN  0 OR BELOW:   0    1.00 INCH OR MORE:   0

[HDD (BASE 65) ]
TOTAL THIS MO.   855    CLEAR  (SCALE 0-3)   6
DPTR FM NORMAL     1    PTCLDY (SCALE 4-7)  14
TOTAL FM JUL 1  5004    CLOUDY (SCALE 8-10)  7
DPTR FM NORMAL  -938

[CDD (BASE 65) ]
TOTAL THIS MO.     0
DPTR FM NORMAL     0    [PRESSURE DATA]
TOTAL FM JAN 1     0    HIGHEST SLP M ON M
DPTR FM NORMAL     0    LOWEST  SLP 29.29 ON  1

[REMARKS]
