000
CXUS53 KDTX 200800
CF6FNT
PRELIMINARY LOCAL CLIMATOLOGICAL DATA (WS FORM: F-6)

                                          STATION:   FLINT MI
                                          MONTH:     JANUARY
                                          YEAR:      2017
                                          LATITUDE:   42 58 N
                                          LONGITUDE:  83 44 W

  TEMPERATURE IN F:       :PCPN:    SNOW:  WIND      :SUNSHINE: SKY     :PK WND
================================================================================
1   2   3   4   5  6A  6B    7    8   9   10  11  12  13   14  15   16   17  18
                                     12Z  AVG MX 2MIN
DY MAX MIN AVG DEP HDD CDD  WTR  SNW DPTH SPD SPD DIR MIN PSBL S-S WX    SPD DR
================================================================================

 1  41  22  32   8  33   0 0.00  0.0    0  6.3 15 240   M    M   2        22 220
 2  46  23  35  12  30   0 0.49  0.0    0  5.6 14 110   M    M   4 18     17 100
 3  41  35  38  15  27   0 0.19  0.0    0  8.2 24 280   M    M  10 12     32 290
 4  35  15  25   2  40   0 0.02  0.5    T 21.0 30 280   M    M  10        41 270
 5  16   7  12 -11  53   0    T    T    1 13.7 24 270   M    M   7        32 270
 6  14   5  10 -13  55   0 0.01  0.2    1  8.3 17 270   M    M   6        21 260
 7  14   5  10 -13  55   0 0.02  0.3    1 10.6 25 290   M    M   7 18     30 290
 8  17   7  12 -11  53   0 0.00  0.0    1 11.0 21 280   M    M   6        24 280
 9  28  15  22  -1  43   0    T  0.2    1 11.0 18 200   M    M   8        27 190
10  47  26  37  15  28   0 0.41  4.1    4 18.9 33 260   M    M  10 16     45 270
11  48  28  38  16  27   0 0.65  0.0    0 12.9 36 260   M    M   6 13     45 260
12  37  24  31   9  34   0 0.13  0.3    0 11.0 22 290   M    M  10 16     29 290
13  24  17  21  -1  44   0 0.00  0.0    T  7.5 21 290   M    M   1        26 290
14  30  18  24   2  41   0 0.00  0.0    T  4.4  8 280   M    M   5         9 280
15  35  13  24   2  41   0 0.00  0.0    T  4.6 12 230   M    M   0 1      22 320
16  33  17  25   3  40   0 0.19  0.1    0  4.4 13 120   M    M   6 16     14 100
17  37  33  35  13  30   0 0.45  0.0    0  7.9 15 110   M    M  10 12     18 110
18  38  34  36  14  29   0 0.00  0.0    0  9.3 16 230   M    M  10 1      23 280
19  42  30  36  14  29   0 0.00  0.0    0  5.7 16 250   M    M   6 1      20 250
================================================================================
SM  623  374       732   0  2.56     5.7 182.3          M      124
================================================================================
AV 32.8 19.7                               9.6 FASTST   M    M   7    MAX(MPH)
                                 MISC ---->  # 36 260               # 45  270
================================================================================
NOTES:
# LAST OF SEVERAL OCCURRENCES

COLUMN 17 PEAK WIND IN M.P.H.

PRELIMINARY LOCAL CLIMATOLOGICAL DATA (WS FORM: F-6) , PAGE 2

                                          STATION:  FLINT MI
                                          MONTH:    JANUARY
                                          YEAR:     2017
                                          LATITUDE:   42 58 N
                                          LONGITUDE:  83 44 W

[TEMPERATURE DATA]      [PRECIPITATION DATA]       SYMBOLS USED IN COLUMN 16

AVERAGE MONTHLY: 26.2   TOTAL FOR MONTH:   2.56    1 = FOG OR MIST
DPTR FM NORMAL:   3.7   DPTR FM NORMAL:    1.50    2 = FOG REDUCING VISIBILITY
HIGHEST:    48 ON 11    GRTST 24HR  0.78 ON 11-12      TO 1/4 MILE OR LESS
LOWEST:      5 ON  7, 6                            3 = THUNDER
                        SNOW, ICE PELLETS, HAIL    4 = ICE PELLETS
                        TOTAL MONTH:   5.7 INCHES  5 = HAIL
                        GRTST 24HR   4.1 ON   M    6 = FREEZING RAIN OR DRIZZLE
                        GRTST DEPTH:   4 ON 10     7 = DUSTSTORM OR SANDSTORM:
                                                       VSBY 1/2 MILE OR LESS
                                                   8 = SMOKE OR HAZE
[NO. OF DAYS WITH]      [WEATHER - DAYS WITH]      9 = BLOWING SNOW
                                                   X = TORNADO
MAX 32 OR BELOW:   7    0.01 INCH OR MORE:  10
MAX 90 OR ABOVE:   0    0.10 INCH OR MORE:   7
MIN 32 OR BELOW:  16    0.50 INCH OR MORE:   1
MIN  0 OR BELOW:   0    1.00 INCH OR MORE:   0

[HDD (BASE 65) ]
TOTAL THIS MO.   732    CLEAR  (SCALE 0-3)   3
DPTR FM NORMAL   -74    PTCLDY (SCALE 4-7)  10
TOTAL FM JUL 1  2921    CLOUDY (SCALE 8-10)  6
DPTR FM NORMAL  -530

[CDD (BASE 65) ]
TOTAL THIS MO.     0
DPTR FM NORMAL     0    [PRESSURE DATA]
TOTAL FM JAN 1     0    HIGHEST SLP M ON M
DPTR FM NORMAL     0    LOWEST  SLP 29.33 ON 10

[REMARKS]
