000
CXUS52 KMLB 260637
CF6FPR
PRELIMINARY LOCAL CLIMATOLOGICAL DATA (WS FORM: F-6)

                                          STATION:   FORT PIERCE
                                          MONTH:     JUNE
                                          YEAR:      2017
                                          LATITUDE:   27 30 N
                                          LONGITUDE:  80 22 W

  TEMPERATURE IN F:       :PCPN:    SNOW:  WIND      :SUNSHINE: SKY     :PK WND
================================================================================
1   2   3   4   5  6A  6B    7    8   9   10  11  12  13   14  15   16   17  18
                                     12Z  AVG MX 2MIN
DY MAX MIN AVG DEP HDD CDD  WTR  SNW DPTH SPD SPD DIR MIN PSBL S-S WX    SPD DR
================================================================================

 1  91  74  83   4   0  18    T  0.0    0  5.5 20 110   M    M   2 13     24 110
 2  86  74  80   1   0  15 1.31  0.0    0  3.5 21 130   M    M   2 13     27 130
 3  85  74  80   1   0  15 0.04  0.0    0  3.9 23 130   M    M   5        27 110
 4  85  72  79   0   0  14 0.52  0.0    0  3.5 16 110   M    M   2 13     21 170
 5  88  75  82   3   0  17 0.12  0.0    0  4.0 17 180   M    M   5 13     23 180
 6  89  73  81   1   0  16 1.93  0.0    0  8.2 18 200   M    M   6 13     24 230
 7  87  72  80   0   0  15 0.76  0.0    0 10.9 23 270   M    M   4 13     31 270
 8  91  73  82   2   0  17 0.15  0.0    0  8.2 21 220   M    M   9 138    29 230
 9  88  72  80   0   0  15 0.00  0.0    0  5.1 13 110   M    M   4 1      16  60
10  88  73  81   1   0  16 1.01  0.0    0  4.1 14 100   M    M   4 138    17 170
11  89  74  82   2   0  17 0.02  0.0    0  5.1 13 110   M    M   1 3      19 110
12  88  76  82   2   0  17 0.02  0.0    0  5.5 14 120   M    M   2 1      18  90
13  90  74  82   2   0  17 0.16  0.0    0  5.9 20 120   M    M   1 13     23 130
14  90  73  82   2   0  17 0.16  0.0    0  3.9 20 180   M    M   2 138    26 170
15  88  73  81   1   0  16 0.29  0.0    0  3.2 15 130   M    M   2 13     19 130
16  89  70  80   0   0  15 0.61  0.0    0  3.9 21 260   M    M   2 138    29 270
17  89  71  80   0   0  15 0.01  0.0    0  5.8 20 130   M    M   1 3      23 150
18  88  74  81   0   0  16 0.34  0.0    0  5.6 24 140   M    M   3 13     34 140
19  90  76  83   2   0  18 0.04  0.0    0  8.1 26 130   M    M   2 3      32 130
20  90  81  86   5   0  21 0.00  0.0    0 16.0 25 140   M    M   3        32 140
21  92  82  87   6   0  22 0.00  0.0    0 14.9 26 130   M    M   3        33 130
22  90  77  84   3   0  19 0.00  0.0    0 11.3 20 140   M    M   4        25 130
23  91  74  83   2   0  18 0.00  0.0    0  9.3 23 120   M    M   2        26 120
24  91  73  82   1   0  17    T  0.0    0  6.1 20 130   M    M   3 1      23 140
25  91  71  81   0   0  16 0.00  0.0    0  6.8 17 120   M    M   1 1      21 120
================================================================================
SM 2224 1851         0 419  7.49     0.0 168.3          M       75
================================================================================
AV 89.0 74.0                               6.7 FASTST   M    M   3    MAX(MPH)
                                 MISC ---->  # 26 130               # 34  140
================================================================================
NOTES:
# LAST OF SEVERAL OCCURRENCES

COLUMN 17 PEAK WIND IN M.P.H.

PRELIMINARY LOCAL CLIMATOLOGICAL DATA (WS FORM: F-6) , PAGE 2

                                          STATION:  FORT PIERCE
                                          MONTH:    JUNE
                                          YEAR:     2017
                                          LATITUDE:   27 30 N
                                          LONGITUDE:  80 22 W

[TEMPERATURE DATA]      [PRECIPITATION DATA]       SYMBOLS USED IN COLUMN 16

AVERAGE MONTHLY: 81.5   TOTAL FOR MONTH:   7.49    1 = FOG OR MIST
DPTR FM NORMAL:   1.4   DPTR FM NORMAL:    1.41    2 = FOG REDUCING VISIBILITY
HIGHEST:    92 ON 21    GRTST 24HR  1.93 ON  6- 6      TO 1/4 MILE OR LESS
LOWEST:     70 ON 16                               3 = THUNDER
                        SNOW, ICE PELLETS, HAIL    4 = ICE PELLETS
                        TOTAL MONTH:   0.0 INCH    5 = HAIL
                        GRTST 24HR     0.0         6 = FREEZING RAIN OR DRIZZLE
                        GRTST DEPTH:   0           7 = DUSTSTORM OR SANDSTORM:
                                                       VSBY 1/2 MILE OR LESS
                                                   8 = SMOKE OR HAZE
[NO. OF DAYS WITH]      [WEATHER - DAYS WITH]      9 = BLOWING SNOW
                                                   X = TORNADO
MAX 32 OR BELOW:   0    0.01 INCH OR MORE:  17
MAX 90 OR ABOVE:  11    0.10 INCH OR MORE:  12
MIN 32 OR BELOW:   0    0.50 INCH OR MORE:   6
MIN  0 OR BELOW:   0    1.00 INCH OR MORE:   3

[HDD (BASE 65) ]
TOTAL THIS MO.     0    CLEAR  (SCALE 0-3)  17
DPTR FM NORMAL     0    PTCLDY (SCALE 4-7)   7
TOTAL FM JUL 1   202    CLOUDY (SCALE 8-10)  1
DPTR FM NORMAL  -239

[CDD (BASE 65) ]
TOTAL THIS MO.   419
DPTR FM NORMAL    41    [PRESSURE DATA]
TOTAL FM JAN 1  1449    HIGHEST SLP M ON M
DPTR FM NORMAL   285    LOWEST  SLP 29.69 ON M

[REMARKS]
