649
CXUS52 KMLB 270626
CF6FPR
PRELIMINARY LOCAL CLIMATOLOGICAL DATA (WS FORM: F-6)

                                          STATION:   FORT PIERCE
                                          MONTH:     FEBRUARY
                                          YEAR:      2017
                                          LATITUDE:   27 30 N
                                          LONGITUDE:  80 22 W

  TEMPERATURE IN F:       :PCPN:    SNOW:  WIND      :SUNSHINE: SKY     :PK WND
================================================================================
1   2   3   4   5  6A  6B    7    8   9   10  11  12  13   14  15   16   17  18
                                     12Z  AVG MX 2MIN
DY MAX MIN AVG DEP HDD CDD  WTR  SNW DPTH SPD SPD DIR MIN PSBL S-S WX    SPD DR
================================================================================

 1  74  39  57  -5   8   0 0.00  0.0    0  1.4 12 100   M    M   0 18     16  70
 2  77  46  62  -1   3   0 0.00  0.0    0  2.7 12  70   M    M   0 128    16  80
 3  79  52  66   3   0   1 0.00  0.0    0  3.1 14 130   M    M   3 12     16 120
 4  78  55  67   4   0   2 0.00  0.0    0  5.1 10  30   M    M   1        16  10
 5  79  54  67   4   0   2 0.00  0.0    0  5.4 10  20   M    M   4 128    15  40
 6  78  54  66   3   0   1 0.00  0.0    0  4.7 10  70   M    M   1 12     16  60
 7  80  53  67   4   0   2 0.01  0.0    0  6.8 21 120   M    M   4 12     25 120
 8  86  62  74  11   0   9 0.09  0.0    0  6.6 18 320   M    M   1 13     26 320
 9  87  55  71   7   0   6 0.00  0.0    0  9.6 23 300   M    M   3 18     30 300
10  73  48  61  -3   4   0 0.00  0.0    0  5.7 14  20   M    M   1        21  20
11  76  48  62  -2   3   0 0.00  0.0    0  5.1 16 110   M    M   1        20 100
12  80  51  66   2   0   1 0.00  0.0    0  4.4 13 130   M    M   2 12     16 120
13  79  51  65   1   0   0 0.00  0.0    0  4.8 14  30   M    M   2 1      23  50
14  82  58  70   6   0   5 0.00  0.0    0  5.0 14 110   M    M   6 12     16 120
15  87  62  75  11   0  10 0.00  0.0    0 12.9 28 260   M    M   5 123    40 280
16  75  45  60  -4   5   0 0.00  0.0    0  9.6 23 280   M    M   4        31 280
17  75  42  59  -5   6   0 0.00  0.0    0  4.9 13  80   M    M   0 1      18 110
18  83  51  67   2   0   2    T  0.0    0  4.9 21 140   M    M   1        28 140
19  81  55  68   3   0   3 0.01  0.0    0  5.4 14 280   M    M   5 1      21  10
20  79  53  66   1   0   1 0.00  0.0    0  4.1 14  80   M    M   3 12     20  70
21  80  53  67   2   0   2 0.00  0.0    0  7.8 20 120   M    M   2 1      23 130
22  75  61  68   3   0   3 0.44  0.0    0  9.3 17 130   M    M   9 1       M  M
23  78  54  66   1   0   1 0.00  0.0    0  3.9 14 240   M    M   4 12     18 310
24  80  59  70   5   0   5 0.00  0.0    0  6.1 15  20   M    M   4 1      23 360
25  87  58  73   8   0   8 0.00  0.0    0  3.7 14 270   M    M   6 12     18 290
26  77  54  66   1   0   1 0.00  0.0    0  7.5 17  20   M    M   0 12     26  30
================================================================================
SM 2065 1373        29  65  0.55     0.0 150.5          M       72
================================================================================
AV 79.4 52.8                               5.8 FASTST   M    M   3    MAX(MPH)
                                 MISC ---->  # 28 260               # 40  280
================================================================================
NOTES:
# LAST OF SEVERAL OCCURRENCES

COLUMN 17 PEAK WIND IN M.P.H.

PRELIMINARY LOCAL CLIMATOLOGICAL DATA (WS FORM: F-6) , PAGE 2

                                          STATION:  FORT PIERCE
                                          MONTH:    FEBRUARY
                                          YEAR:     2017
                                          LATITUDE:   27 30 N
                                          LONGITUDE:  80 22 W

[TEMPERATURE DATA]      [PRECIPITATION DATA]       SYMBOLS USED IN COLUMN 16

AVERAGE MONTHLY: 66.1   TOTAL FOR MONTH:   0.55    1 = FOG OR MIST
DPTR FM NORMAL:   2.1   DPTR FM NORMAL:   -2.02    2 = FOG REDUCING VISIBILITY
HIGHEST:    87 ON 25,15 GRTST 24HR  0.44 ON 22-22      TO 1/4 MILE OR LESS
LOWEST:     39 ON  1                               3 = THUNDER
                        SNOW, ICE PELLETS, HAIL    4 = ICE PELLETS
                        TOTAL MONTH:   0.0 INCH    5 = HAIL
                        GRTST 24HR     0.0         6 = FREEZING RAIN OR DRIZZLE
                        GRTST DEPTH:   0           7 = DUSTSTORM OR SANDSTORM:
                                                       VSBY 1/2 MILE OR LESS
                                                   8 = SMOKE OR HAZE
[NO. OF DAYS WITH]      [WEATHER - DAYS WITH]      9 = BLOWING SNOW
                                                   X = TORNADO
MAX 32 OR BELOW:   0    0.01 INCH OR MORE:   4
MAX 90 OR ABOVE:   0    0.10 INCH OR MORE:   1
MIN 32 OR BELOW:   0    0.50 INCH OR MORE:   0
MIN  0 OR BELOW:   0    1.00 INCH OR MORE:   0

[HDD (BASE 65) ]
TOTAL THIS MO.    29    CLEAR  (SCALE 0-3)  16
DPTR FM NORMAL   -62    PTCLDY (SCALE 4-7)   9
TOTAL FM JUL 1   155    CLOUDY (SCALE 8-10)  1
DPTR FM NORMAL  -218

[CDD (BASE 65) ]
TOTAL THIS MO.    65
DPTR FM NORMAL    -1    [PRESSURE DATA]
TOTAL FM JAN 1   145    HIGHEST SLP M ON M
DPTR FM NORMAL    22    LOWEST  SLP 29.58 ON 23

[REMARKS]
