000
CXUS55 KFSD 260905
CF6FSD
PRELIMINARY LOCAL CLIMATOLOGICAL DATA (WS FORM: F-6)

                                          STATION:   SIOUX FALLS
                                          MONTH:     DECEMBER
                                          YEAR:      2014
                                          LATITUDE:   43 34 N
                                          LONGITUDE:  96 44 W

  TEMPERATURE IN F:       :PCPN:    SNOW:  WIND      :SUNSHINE: SKY     :PK WND
================================================================================
1   2   3   4   5  6A  6B    7    8   9   10  11  12  13   14  15   16   17  18
                                     12Z  AVG MX 2MIN
DY MAX MIN AVG DEP HDD CDD  WTR  SNW DPTH SPD SPD DIR MIN PSBL S-S WX    SPD DR
================================================================================

 1  18  -3   8 -16  57   0 0.00  0.0    0 10.9 25 180   M    M   3        34 180
 2  36  16  26   2  39   0 0.00  0.0    0  9.7 28 180   M    M   4        37 190
 3  32  12  22  -1  43   0 0.00  0.0    0  8.1 20 310   M    M   5        23 320
 4  40  23  32   9  33   0 0.00  0.0    0 14.6 21 170   M    M   4        31 180
 5  45  18  32  10  33   0    T    T    0  5.9 14  10   M    M   3 128    17  20
 6  37  12  25   3  40   0 0.00  0.0    0  7.5 16 160   M    M   5        27 160
 7  40  30  35  14  30   0 0.00  0.0    0 13.9 26 180   M    M   8 18     34 190
 8  40  19  30   9  35   0 0.00  0.0    0 15.4 26 330   M    M   8        34 310
 9  28  20  24   3  41   0 0.00  0.0    0  9.3 16 160   M    M  10 1      34 150
10  30  21  26   6  39   0    T  0.0    0 10.3 17 140   M    M   7 16     21 140
11  36  29  33  13  32   0    T  0.0    0 12.1  M   M   M    M  10 16      M  M
12  47  33  40  20  25   0 0.00  0.0    0 14.2 20 200   M    M   9 1      28 210
13  53  39  46  27  19   0    T  0.0    0 13.2 22 200   M    M   7 1      27 200
14  55  33  44  25  21   0 0.02  0.0    0 12.7 21 160   M    M  10 1      28 160
15  35  20  28   9  37   0 0.79  2.0    0 19.2 37 350   M    M  10 12469  44 340
16  20   3  12  -7  53   0    T    T    2 13.0 38 340   M    M   5 19     44 340
17  20  -1  10  -8  55   0 0.00  0.0    2  2.5 10  20   M    M   2        12  10
18  27  13  20   2  45   0    T    T    2  6.6 10 180   M    M  10 1      14 120
19  31  27  29  11  36   0 0.00  0.0    2 11.6 18 170   M    M  10 1      22 190
20  32  30  31  13  34   0 0.00  0.0    2 10.4 18 180   M    M  10 1      23 170
21  40  30  35  17  30   0    T    T    1 14.7 28 180   M    M  10 126    34 180
22  41  34  38  21  27   0 0.29    T    0  8.5 24 180   M    M  10 1      30 180
23  37  32  35  18  30   0    T    T    T 16.2 26 350   M    M   9 1      35 320
24  32  25  29  12  36   0    T    T    T 10.7 18 330   M    M   9 16     35 330
25  36  25  31  14  34   0    T    T    0 11.0 23  50   M    M   8 16     29  10
================================================================================
SM  888  540       904   0  1.10     2.0 282.2          M      186
================================================================================
AV 35.5 21.6                              11.3 FASTST   M    M   7    MAX(MPH)
                                 MISC ---->  # 38 340               # 44  340
================================================================================
NOTES:
# LAST OF SEVERAL OCCURRENCES

COLUMN 17 PEAK WIND IN M.P.H.

PRELIMINARY LOCAL CLIMATOLOGICAL DATA (WS FORM: F-6) , PAGE 2

                                          STATION:  SIOUX FALLS
                                          MONTH:    DECEMBER
                                          YEAR:     2014
                                          LATITUDE:   43 34 N
                                          LONGITUDE:  96 44 W

[TEMPERATURE DATA]      [PRECIPITATION DATA]       SYMBOLS USED IN COLUMN 16

AVERAGE MONTHLY: 28.6   TOTAL FOR MONTH:   1.10    1 = FOG OR MIST
DPTR FM NORMAL:   8.8   DPTR FM NORMAL:    0.52    2 = FOG REDUCING VISIBILITY
HIGHEST:    55 ON 14    GRTST 24HR  0.79 ON 15-15      TO 1/4 MILE OR LESS
LOWEST:     -3 ON  1                               3 = THUNDER
                        SNOW, ICE PELLETS, HAIL    4 = ICE PELLETS
                        TOTAL MONTH:   2.0 INCHES  5 = HAIL
                        GRTST 24HR   2.0 ON 15-15  6 = FREEZING RAIN OR DRIZZLE
                        GRTST DEPTH:   2 ON 20,19  7 = DUSTSTORM OR SANDSTORM:
                                                       VSBY 1/2 MILE OR LESS
                                                   8 = SMOKE OR HAZE
[NO. OF DAYS WITH]      [WEATHER - DAYS WITH]      9 = BLOWING SNOW
                                                   X = TORNADO
MAX 32 OR BELOW:  10    0.01 INCH OR MORE:   3
MAX 90 OR ABOVE:   0    0.10 INCH OR MORE:   2
MIN 32 OR BELOW:  21    0.50 INCH OR MORE:   1
MIN  0 OR BELOW:   2    1.00 INCH OR MORE:   0

[HDD (BASE 65) ]
TOTAL THIS MO.   904    CLEAR  (SCALE 0-3)   2
DPTR FM NORMAL  -227    PTCLDY (SCALE 4-7)   9
TOTAL FM JUL 1  2660    CLOUDY (SCALE 8-10) 14
DPTR FM NORMAL  -183

[CDD (BASE 65) ]
TOTAL THIS MO.     0
DPTR FM NORMAL     0    [PRESSURE DATA]
TOTAL FM JAN 1   610    HIGHEST SLP M ON M
DPTR FM NORMAL   -80    LOWEST  SLP 29.44 ON 22

[REMARKS]
