000
CXUS54 KTSA 250840
CF6FSM
PRELIMINARY LOCAL CLIMATOLOGICAL DATA (WS FORM: F-6)

                                          STATION:   FORT SMITH ARKANSAS
                                          MONTH:     MAY
                                          YEAR:      2016
                                          LATITUDE:   35 19 N
                                          LONGITUDE:  94 22 W

  TEMPERATURE IN F:       :PCPN:    SNOW:  WIND      :SUNSHINE: SKY     :PK WND
================================================================================
1   2   3   4   5  6A  6B    7    8   9   10  11  12  13   14  15   16   17  18
                                     12Z  AVG MX 2MIN
DY MAX MIN AVG DEP HDD CDD  WTR  SNW DPTH SPD SPD DIR MIN PSBL S-S WX    SPD DR
================================================================================

 1  74  52  63  -3   2   0 0.00  0.0    0  7.2 16 260   M    M   0        20 260
 2  67  50  59  -7   6   0 0.03  0.0    0  6.5 16 310   M    M   5        21 310
 3  72  44  58  -8   7   0 0.00  0.0    0  4.2 14 360   M    M   1        19 360
 4  81  49  65  -2   0   0 0.00  0.0    0  9.3 24 310   M    M   0        30 290
 5  79  47  63  -4   2   0 0.00  0.0    0  6.1 18 350   M    M   0 8      29 320
 6  80  50  65  -2   0   0 0.00  0.0    0  2.6  8  80   M    M   0        11  80
 7  86  52  69   1   0   4 0.00  0.0    0  3.5 16 220   M    M   0        20 220
 8  77  57  67  -1   0   2 0.03  0.0    0  5.7 21 160   M    M   1 3      31 160
 9  72  58  65  -3   0   0 1.44  0.0    0  6.7 35 220   M    M   6 13     48 220
10  87  61  74   6   0   9 0.00  0.0    0  6.9 20 220   M    M   3        24 230
11  90  69  80  11   0  15 0.14  0.0    0  5.5 14 200   M    M   1 138    19 240
12  81  58  70   1   0   5 1.51  0.0    0  8.4 24 360   M    M   4 13     28 360
13  82  53  68  -1   0   3 0.00  0.0    0  3.4 13 210   M    M   0        18 210
14  70  55  63  -6   2   0 0.00  0.0    0 10.2 22 350   M    M   2        28 340
15  71  56  64  -6   1   0 0.00  0.0    0  7.0 16  80   M    M   6        20  60
16  68  60  64  -6   1   0 0.02  0.0    0  9.3 16  80   M    M  10 1      20  90
17  78  59  69  -1   0   4 0.09  0.0    0  9.2 21  10   M    M   5 1      26  10
18  69  56  63  -7   2   0 0.00  0.0    0  7.8 18  80   M    M  10        24  80
19  67  53  60 -11   5   0 0.03  0.0    0  6.7 15  80   M    M   5 1      20  70
20  72  58  65  -6   0   0 0.00  0.0    0  4.0 14  80   M    M   8        17  70
21  82  53  68  -3   0   3 0.00  0.0    0  3.3 12  70   M    M   1 18     13  40
22  83  61  72   1   0   7 0.00  0.0    0  7.6 17  80   M    M   0        21  80
23  78  61  70  -2   0   5 0.02  0.0    0  5.6 20 120   M    M   2 3      27 110
24  84  67  76   4   0  11 0.08  0.0    0  7.5 16  70   M    M   7 13     23 180
================================================================================
SM 1850 1339        28  68  3.39     0.0 154.2          M       77
================================================================================
AV 77.1 55.8                               6.4 FASTST   M    M   3    MAX(MPH)
                                 MISC ---->  # 35 220               # 48  220
================================================================================
NOTES:
# LAST OF SEVERAL OCCURRENCES

COLUMN 17 PEAK WIND IN M.P.H.

PRELIMINARY LOCAL CLIMATOLOGICAL DATA (WS FORM: F-6) , PAGE 2

                                          STATION:  FORT SMITH ARKANSAS
                                          MONTH:    MAY
                                          YEAR:     2016
                                          LATITUDE:   35 19 N
                                          LONGITUDE:  94 22 W

[TEMPERATURE DATA]      [PRECIPITATION DATA]       SYMBOLS USED IN COLUMN 16

AVERAGE MONTHLY: 66.4   TOTAL FOR MONTH:   3.39    1 = FOG OR MIST
DPTR FM NORMAL:  -2.5   DPTR FM NORMAL:   -0.92    2 = FOG REDUCING VISIBILITY
HIGHEST:    90 ON 11    GRTST 24HR  1.65 ON 11-12      TO 1/4 MILE OR LESS
LOWEST:     44 ON  3                               3 = THUNDER
                        SNOW, ICE PELLETS, HAIL    4 = ICE PELLETS
                        TOTAL MONTH:   0.0 INCH    5 = HAIL
                        GRTST 24HR     0.0         6 = FREEZING RAIN OR DRIZZLE
                        GRTST DEPTH:   0           7 = DUSTSTORM OR SANDSTORM:
                                                       VSBY 1/2 MILE OR LESS
                                                   8 = SMOKE OR HAZE
[NO. OF DAYS WITH]      [WEATHER - DAYS WITH]      9 = BLOWING SNOW
                                                   X = TORNADO
MAX 32 OR BELOW:   0    0.01 INCH OR MORE:  10
MAX 90 OR ABOVE:   1    0.10 INCH OR MORE:   3
MIN 32 OR BELOW:   0    0.50 INCH OR MORE:   2
MIN  0 OR BELOW:   0    1.00 INCH OR MORE:   2

[HDD (BASE 65) ]
TOTAL THIS MO.    28    CLEAR  (SCALE 0-3)  14
DPTR FM NORMAL     2    PTCLDY (SCALE 4-7)   8
TOTAL FM JUL 1  2436    CLOUDY (SCALE 8-10)  2
DPTR FM NORMAL  -805

[CDD (BASE 65) ]
TOTAL THIS MO.    68
DPTR FM NORMAL   -51    [PRESSURE DATA]
TOTAL FM JAN 1   117    HIGHEST SLP M ON M
DPTR FM NORMAL   -68    LOWEST  SLP 29.62 ON  9

[REMARKS]
