545
CXUS54 KTSA 250840
CF6FSM
PRELIMINARY LOCAL CLIMATOLOGICAL DATA (WS FORM: F-6)

                                          STATION:   FORT SMITH ARKANSAS
                                          MONTH:     APRIL
                                          YEAR:      2017
                                          LATITUDE:   35 19 N
                                          LONGITUDE:  94 22 W

  TEMPERATURE IN F:       :PCPN:    SNOW:  WIND      :SUNSHINE: SKY     :PK WND
================================================================================
1   2   3   4   5  6A  6B    7    8   9   10  11  12  13   14  15   16   17  18
                                     12Z  AVG MX 2MIN
DY MAX MIN AVG DEP HDD CDD  WTR  SNW DPTH SPD SPD DIR MIN PSBL S-S WX    SPD DR
================================================================================

 1  76  53  65   7   0   0 0.00  0.0    0 13.9 22  70   M    M   0        25  70
 2  67  57  62   4   3   0 0.21  0.0    0  9.6 18  80   M    M   5 13     24  60
 3  73  55  64   6   1   0 0.08  0.0    0  9.9 25 250   M    M   6 1      31 260
 4  87  51  69  11   0   4 0.46  0.0    0  7.7 36 260   M    M   2 13     44 250
 5  63  47  55  -4  10   0 0.01  0.0    0 15.8 35 330   M    M   6 18     54 330
 6  69  40  55  -4  10   0 0.00  0.0    0  9.3 22 290   M    M   0        33 340
 7  75  38  57  -2   8   0 0.00  0.0    0  2.7  9  80   M    M   0        11  80
 8  82  48  65   6   0   0 0.00  0.0    0  8.2 22 210   M    M   0        30 200
 9  80  57  69   9   0   4 0.00  0.0    0  8.6 23 210   M    M   2        30 210
10  77  64  71  11   0   6    T  0.0    0  7.4 17 220   M    M   6        24 210
11  72  58  65   5   0   0 0.00  0.0    0  6.3 13  90   M    M   5        17 100
12  82  58  70   9   0   5 0.00  0.0    0  7.5 17 120   M    M   3        24 160
13  83  58  71  10   0   6 0.00  0.0    0  3.9 13  70   M    M   3 1      20 150
14  83  60  72  11   0   7 0.00  0.0    0  5.7 18 200   M    M   1        26 200
15  85  57  71   9   0   6 0.00  0.0    0  6.2 16 210   M    M   2        21 210
16  81  61  71   9   0   6 0.47  0.0    0  4.9 23 240   M    M   5 138    28 240
17  76  61  69   7   0   4 0.80  0.0    0  4.3 32 360   M    M   6 13     40  10
18  84  60  72  10   0   7 0.00  0.0    0  3.6 12  80   M    M   5 12     13  80
19  83  61  72   9   0   7 0.00  0.0    0  5.8 20 190   M    M   4 1      25 190
20  83  63  73  10   0   8    T  0.0    0  5.7 18 200   M    M   4        24 220
21  67  57  62  -1   3   0 1.78  0.0    0  8.8 38 350   M    M   8 13     50 340
22  61  51  56  -8   9   0 0.02  0.0    0 11.5 22 330   M    M  10 1      28 330
23  74  46  60  -4   5   0 0.00  0.0    0  6.3 16 340   M    M   1        20 330
24  80  44  62  -2   3   0 0.00  0.0    0  4.0 14 150   M    M   0 1      20 140
================================================================================
SM 1843 1305        52  70  3.83     0.0 177.6          M       84
================================================================================
AV 76.8 54.4                               7.4 FASTST   M    M   4    MAX(MPH)
                                 MISC ---->  # 38 350               # 54  330
================================================================================
NOTES:
# LAST OF SEVERAL OCCURRENCES

COLUMN 17 PEAK WIND IN M.P.H.

PRELIMINARY LOCAL CLIMATOLOGICAL DATA (WS FORM: F-6) , PAGE 2

                                          STATION:  FORT SMITH ARKANSAS
                                          MONTH:    APRIL
                                          YEAR:     2017
                                          LATITUDE:   35 19 N
                                          LONGITUDE:  94 22 W

[TEMPERATURE DATA]      [PRECIPITATION DATA]       SYMBOLS USED IN COLUMN 16

AVERAGE MONTHLY: 65.6   TOTAL FOR MONTH:   3.83    1 = FOG OR MIST
DPTR FM NORMAL:   4.7   DPTR FM NORMAL:    0.50    2 = FOG REDUCING VISIBILITY
HIGHEST:    87 ON  4    GRTST 24HR  1.78 ON 21-21      TO 1/4 MILE OR LESS
LOWEST:     38 ON  7                               3 = THUNDER
                        SNOW, ICE PELLETS, HAIL    4 = ICE PELLETS
                        TOTAL MONTH:   0.0 INCH    5 = HAIL
                        GRTST 24HR     0.0         6 = FREEZING RAIN OR DRIZZLE
                        GRTST DEPTH:   0           7 = DUSTSTORM OR SANDSTORM:
                                                       VSBY 1/2 MILE OR LESS
                                                   8 = SMOKE OR HAZE
[NO. OF DAYS WITH]      [WEATHER - DAYS WITH]      9 = BLOWING SNOW
                                                   X = TORNADO
MAX 32 OR BELOW:   0    0.01 INCH OR MORE:   8
MAX 90 OR ABOVE:   0    0.10 INCH OR MORE:   5
MIN 32 OR BELOW:   0    0.50 INCH OR MORE:   2
MIN  0 OR BELOW:   0    1.00 INCH OR MORE:   1

[HDD (BASE 65) ]
TOTAL THIS MO.    52    CLEAR  (SCALE 0-3)  12
DPTR FM NORMAL   -87    PTCLDY (SCALE 4-7)  10
TOTAL FM JUL 1  2222    CLOUDY (SCALE 8-10)  2
DPTR FM NORMAL  -976

[CDD (BASE 65) ]
TOTAL THIS MO.    70
DPTR FM NORMAL    32    [PRESSURE DATA]
TOTAL FM JAN 1   120    HIGHEST SLP M ON M
DPTR FM NORMAL    70    LOWEST  SLP 29.44 ON  4

[REMARKS]
