000
CXUS54 KFWD 160730
CF6FTW
PRELIMINARY LOCAL CLIMATOLOGICAL DATA (WS FORM: F-6)

                                          STATION:   FORT WORTH MEACHAM
                                          MONTH:     JANUARY
                                          YEAR:      2017
                                          LATITUDE:   32 49 N
                                          LONGITUDE:  97 21 W

  TEMPERATURE IN F:       :PCPN:    SNOW:  WIND      :SUNSHINE: SKY     :PK WND
================================================================================
1   2   3   4   5  6A  6B    7    8   9   10  11  12  13   14  15   16   17  18
                                     12Z  AVG MX 2MIN
DY MAX MIN AVG DEP HDD CDD  WTR  SNW DPTH SPD SPD DIR MIN PSBL S-S WX    SPD DR
================================================================================

 1  67  44  56  11   9   0 0.01  0.0    0  5.7 12 360   M    M   3 18     13 270
 2  72  53  63  18   2   0 0.50  0.0    0  8.7 30 260   M    M   3 13     36 270
 3  60  37  49   4  16   0 0.00  0.0    0 12.8 25 310   M    M   6        32 310
 4  40  30  35 -10  30   0 0.00  0.0    0  8.7 16 350   M    M   1        21 330
 5  39  24  32 -13  33   0 0.00  0.0    0 14.5 24 360   M    M   4 18     30 360
 6  26  18  22 -23  43   0    T    T    0 14.3 23 350   M    M   7 8      29 350
 7  41  12  27 -18  38   0 0.00  0.0    0  4.2  9 310   M    M   0        12 350
 8  50  22  36  -9  29   0 0.00  0.0    0 10.4 24 160   M    M   0        31 150
 9  70  35  53   8  12   0 0.00  0.0    0 16.8 29 180   M    M   0        39 170
10  79  55  67  22   0   2 0.00  0.0    0 10.9 30 170   M    M   0 8      36 170
11  81  55  68  23   0   3 0.00  0.0    0 18.0 29 180   M    M   0        35 170
12  75  47  61  16   4   0 0.00  0.0    0 11.9 22 180   M    M   5        27 170
13  48  39  44  -1  21   0 0.21  0.0    0 10.2 16 350   M    M  10 1      18 360
14  44  38  41  -5  24   0 0.01  0.0    0  8.1 14 350   M    M  10 1      16 350
15  65  43  54   8  11   0 2.47  0.0    0  7.6 38 310   M    M  10 123    49 310
================================================================================
SM  857  552       272   5  3.20    T    162.8          M       59
================================================================================
AV 57.1 36.8                              10.9 FASTST   M    M   4    MAX(MPH)
                                 MISC ---->  # 38 310               # 49  310
================================================================================
NOTES:
# LAST OF SEVERAL OCCURRENCES

COLUMN 17 PEAK WIND IN M.P.H.

PRELIMINARY LOCAL CLIMATOLOGICAL DATA (WS FORM: F-6) , PAGE 2

                                          STATION:  FORT WORTH MEACHAM
                                          MONTH:    JANUARY
                                          YEAR:     2017
                                          LATITUDE:   32 49 N
                                          LONGITUDE:  97 21 W

[TEMPERATURE DATA]      [PRECIPITATION DATA]       SYMBOLS USED IN COLUMN 16

AVERAGE MONTHLY: 47.0   TOTAL FOR MONTH:   3.20    1 = FOG OR MIST
DPTR FM NORMAL:   1.8   DPTR FM NORMAL:    2.48    2 = FOG REDUCING VISIBILITY
HIGHEST:    81 ON 11    GRTST 24HR  2.47 ON 15-15      TO 1/4 MILE OR LESS
LOWEST:     12 ON  7                               3 = THUNDER
                        SNOW, ICE PELLETS, HAIL    4 = ICE PELLETS
                        TOTAL MONTH:    T          5 = HAIL
                        GRTST 24HR    T  ON  6- 6  6 = FREEZING RAIN OR DRIZZLE
                        GRTST DEPTH:   0           7 = DUSTSTORM OR SANDSTORM:
                                                       VSBY 1/2 MILE OR LESS
                                                   8 = SMOKE OR HAZE
[NO. OF DAYS WITH]      [WEATHER - DAYS WITH]      9 = BLOWING SNOW
                                                   X = TORNADO
MAX 32 OR BELOW:   1    0.01 INCH OR MORE:   5
MAX 90 OR ABOVE:   0    0.10 INCH OR MORE:   3
MIN 32 OR BELOW:   5    0.50 INCH OR MORE:   2
MIN  0 OR BELOW:   0    1.00 INCH OR MORE:   1

[HDD (BASE 65) ]
TOTAL THIS MO.   272    CLEAR  (SCALE 0-3)   7
DPTR FM NORMAL   -27    PTCLDY (SCALE 4-7)   5
TOTAL FM JUL 1   849    CLOUDY (SCALE 8-10)  3
DPTR FM NORMAL  -397

[CDD (BASE 65) ]
TOTAL THIS MO.     5
DPTR FM NORMAL     5    [PRESSURE DATA]
TOTAL FM JAN 1     5    HIGHEST SLP M ON M
DPTR FM NORMAL     5    LOWEST  SLP 29.68 ON  2

[REMARKS]
