000
CXUS54 KFWD 290855
CF6FTW
PRELIMINARY LOCAL CLIMATOLOGICAL DATA (WS FORM: F-6)

                                          STATION:   FORT WORTH MEACHAM
                                          MONTH:     APRIL
                                          YEAR:      2016
                                          LATITUDE:   32 49 N
                                          LONGITUDE:  97 21 W

  TEMPERATURE IN F:       :PCPN:    SNOW:  WIND      :SUNSHINE: SKY     :PK WND
================================================================================
1   2   3   4   5  6A  6B    7    8   9   10  11  12  13   14  15   16   17  18
                                     12Z  AVG MX 2MIN
DY MAX MIN AVG DEP HDD CDD  WTR  SNW DPTH SPD SPD DIR MIN PSBL S-S WX    SPD DR
================================================================================

 1  65  49  57  -4   8   0 0.00  0.0    0 12.3 24  20   M    M   5        29  20
 2  70  44  57  -4   8   0 0.00  0.0    0  7.0 16 300   M    M   0        23 320
 3  77  46  62   0   3   0 0.00  0.0    0  8.2 16 180   M    M   0        22 180
 4  85  51  68   6   0   3 0.00  0.0    0  6.8 17 190   M    M   0 8      22 190
 5  85  58  72  10   0   7 0.00  0.0    0 12.5 25 160   M    M   0        32 170
 6  78  56  67   5   0   2 0.00  0.0    0 12.8 26 340   M    M   0        37 340
 7  87  54  71   8   0   6 0.00  0.0    0  8.4 18  20   M    M   0        24  10
 8  74  57  66   3   0   1 0.00  0.0    0  7.7 16  60   M    M   0        21  60
 9  69  58  64   1   1   0 0.18  0.0    0  9.1 24 140   M    M   5 3      31 140
10  78  61  70   7   0   5 0.00  0.0    0 17.1 31 170   M    M   6        39 170
11  90  63  77  13   0  12    T  0.0    0 12.4 39 360   M    M   7 138    47 360
12  71  57  64   0   1   0 0.02  0.0    0  9.3 17  40   M    M   8        21  60
13  63  56  60  -4   5   0    T  0.0    0  8.0 18  90   M    M   9 1      23  90
14  74  57  66   2   0   1 0.00  0.0    0  5.5 12 140   M    M   7 1      14 100
15  76  54  65   0   0   0 0.00  0.0    0  9.9 20 130   M    M   1 18     23 140
16  78  64  71   6   0   6    T  0.0    0 17.0 29 110   M    M   9        36 120
17  71  61  66   1   0   1 1.79  0.0    0 10.8 26 120   M    M  10 13     37 120
18  73  63  68   2   0   3 0.56  0.0    0  7.2 15 130   M    M   9 13     18 130
19  78  64  71   5   0   6 0.00  0.0    0  4.9 10 130   M    M   8        13 120
20  71  60  66   0   0   1 1.13  0.0    0  5.4 24  10   M    M   8 13     30 360
21  79  59  69   3   0   4 0.91  0.0    0  8.1 28 150   M    M   2 13     39 300
22  81  57  69   3   0   4 0.00  0.0    0  5.8 17 300   M    M   0        22 300
23  81  59  70   3   0   5 0.00  0.0    0  6.9 16 150   M    M   0        21 150
24  79  63  71   4   0   6 0.00  0.0    0 15.9 25 160   M    M   3        32 150
25  87  69  78  11   0  13 0.00  0.0    0 15.0 24 170   M    M   8        32 180
26  86  62  74   6   0   9 0.65  0.0    0 17.3 32 290   M    M   7 13     41 280
27  81  59  70   2   0   5 0.00  0.0    0  8.5 18 280   M    M   0 1      25 270
28  85  58  72   4   0   7 0.00  0.0    0 10.8 22 120   M    M   1        28 120
================================================================================
SM 2172 1619        26 107  5.24     0.0 280.6          M      113
================================================================================
AV 77.6 57.8                              10.0 FASTST   M    M   4    MAX(MPH)
                                 MISC ---->  # 39 360               # 47  360
================================================================================
NOTES:
# LAST OF SEVERAL OCCURRENCES

COLUMN 17 PEAK WIND IN M.P.H.

PRELIMINARY LOCAL CLIMATOLOGICAL DATA (WS FORM: F-6) , PAGE 2

                                          STATION:  FORT WORTH MEACHAM
                                          MONTH:    APRIL
                                          YEAR:     2016
                                          LATITUDE:   32 49 N
                                          LONGITUDE:  97 21 W

[TEMPERATURE DATA]      [PRECIPITATION DATA]       SYMBOLS USED IN COLUMN 16

AVERAGE MONTHLY: 67.7   TOTAL FOR MONTH:   5.24    1 = FOG OR MIST
DPTR FM NORMAL:   3.1   DPTR FM NORMAL:    2.52    2 = FOG REDUCING VISIBILITY
HIGHEST:    90 ON 11    GRTST 24HR  1.79 ON 17-17      TO 1/4 MILE OR LESS
LOWEST:     44 ON  2                               3 = THUNDER
                        SNOW, ICE PELLETS, HAIL    4 = ICE PELLETS
                        TOTAL MONTH:   0.0 INCH    5 = HAIL
                        GRTST 24HR     0.0         6 = FREEZING RAIN OR DRIZZLE
                        GRTST DEPTH:   0           7 = DUSTSTORM OR SANDSTORM:
                                                       VSBY 1/2 MILE OR LESS
                                                   8 = SMOKE OR HAZE
[NO. OF DAYS WITH]      [WEATHER - DAYS WITH]      9 = BLOWING SNOW
                                                   X = TORNADO
MAX 32 OR BELOW:   0    0.01 INCH OR MORE:   7
MAX 90 OR ABOVE:   1    0.10 INCH OR MORE:   6
MIN 32 OR BELOW:   0    0.50 INCH OR MORE:   5
MIN  0 OR BELOW:   0    1.00 INCH OR MORE:   2

[HDD (BASE 65) ]
TOTAL THIS MO.    26    CLEAR  (SCALE 0-3)  14
DPTR FM NORMAL   -68    PTCLDY (SCALE 4-7)  10
TOTAL FM JUL 1  1525    CLOUDY (SCALE 8-10)  4
DPTR FM NORMAL  -836

[CDD (BASE 65) ]
TOTAL THIS MO.   107
DPTR FM NORMAL    24    [PRESSURE DATA]
TOTAL FM JAN 1   151    HIGHEST SLP M ON M
DPTR FM NORMAL    35    LOWEST  SLP 29.50 ON 26

[REMARKS]
