000
CXUS54 KFWD 300730
CF6FTW
PRELIMINARY LOCAL CLIMATOLOGICAL DATA (WS FORM: F-6)

                                          STATION:   FORT WORTH MEACHAM
                                          MONTH:     OCTOBER
                                          YEAR:      2014
                                          LATITUDE:   32 49 N
                                          LONGITUDE:  97 21 W

  TEMPERATURE IN F:       :PCPN:    SNOW:  WIND      :SUNSHINE: SKY     :PK WND
================================================================================
1   2   3   4   5  6A  6B    7    8   9   10  11  12  13   14  15   16   17  18
                                     12Z  AVG MX 2MIN
DY MAX MIN AVG DEP HDD CDD  WTR  SNW DPTH SPD SPD DIR MIN PSBL S-S WX    SPD DR
================================================================================

 1  95  74  85  13   0  20 0.00  0.0    0 13.7 22 150   M    M   1        26 160
 2  95  67  81  10   0  16 0.13  0.0    0 13.4 28 220   M    M   2 3      39 210
 3  84  58  71   0   0   6 0.00  0.0    0  9.9 22 360   M    M   0        32  10
 4  81  50  66  -5   0   1 0.00  0.0    0  7.0 16 170   M    M   0        20 170
 5  87  59  73   3   0   8 0.00  0.0    0 10.5 18 150   M    M   0        25 180
 6  87  69  78   8   0  13 0.03  0.0    0 11.1 21 140   M    M   3 13     24 140
 7 100  68  84  14   0  19 0.00  0.0    0 12.3 20 180   M    M   0        27 180
 8  93  74  84  15   0  19 0.00  0.0    0 12.6 23 140   M    M   2        28 120
 9  94  76  85  16   0  20 0.00  0.0    0 14.3 22 150   M    M   3        28 150
10  93  63  78   9   0  13 0.21  0.0    0 12.1 30 320   M    M   4 13     47 330
11  63  56  60  -8   5   0 0.26  0.0    0  9.7 20 310   M    M   9 1      25 310
12  76  52  64  -4   1   0 0.23  0.0    0 10.7 26 170   M    M   5 138    35 160
13  74  58  66  -2   0   1 0.99  0.0    0 15.6 35 300   M    M   6 13     45 310
14  78  55  67   0   0   2 0.00  0.0    0 10.1 26 300   M    M   0 8      35 340
15  86  52  69   2   0   4 0.00  0.0    0  3.3 13 310   M    M   0 8      16 310
16  91  57  74   7   0   9 0.00  0.0    0  9.6 22 190   M    M   0        27 170
17  86  59  73   7   0   8 0.00  0.0    0  6.4 12  50   M    M   0        15  40
18  82  61  72   6   0   7 0.00  0.0    0  9.5 15  40   M    M   1        18  30
19  76  61  69   3   0   4 0.00  0.0    0  6.8 15 130   M    M   4        20 130
20  83  60  72   6   0   7 0.00  0.0    0  4.8 10 220   M    M   1 8      14 200
21  83  59  71   6   0   6 0.00  0.0    0  4.3 13 150   M    M   0 18     16 130
22  82  62  72   7   0   7 0.00  0.0    0  6.6 15 130   M    M   1 18     20 130
23  82  66  74   9   0   9    T  0.0    0  8.8 13 120   M    M   4        19 160
24  86  62  74  10   0   9 0.00  0.0    0  7.9 14 170   M    M   1        17 150
25  90  64  77  13   0  12 0.00  0.0    0  7.6 13 170   M    M   0        17 230
26  89  65  77  13   0  12 0.00  0.0    0 12.2 24 170   M    M   0        30 160
27  86  66  76  13   0  11 0.00  0.0    0 16.8 25 160   M    M   0        31 160
28  80  64  72   9   0   7 0.00  0.0    0 10.4 23 180   M    M   2        30 180
29  78  53  66   3   0   1 0.00  0.0    0  6.4 13  80   M    M   1 8      16  60
================================================================================
SM 2460 1790         6 251  1.85     0.0 284.4          M       50
================================================================================
AV 84.8 61.7                               9.8 FASTST   M    M   2    MAX(MPH)
                                 MISC ---->  # 35 300               # 47  330
================================================================================
NOTES:
# LAST OF SEVERAL OCCURRENCES

COLUMN 17 PEAK WIND IN M.P.H.

PRELIMINARY LOCAL CLIMATOLOGICAL DATA (WS FORM: F-6) , PAGE 2

                                          STATION:  FORT WORTH MEACHAM
                                          MONTH:    OCTOBER
                                          YEAR:     2014
                                          LATITUDE:   32 49 N
                                          LONGITUDE:  97 21 W

[TEMPERATURE DATA]      [PRECIPITATION DATA]       SYMBOLS USED IN COLUMN 16

AVERAGE MONTHLY: 73.3   TOTAL FOR MONTH:   1.85    1 = FOG OR MIST
DPTR FM NORMAL:   6.1   DPTR FM NORMAL:   -2.10    2 = FOG REDUCING VISIBILITY
HIGHEST:   100 ON  7    GRTST 24HR  1.22 ON 12-13      TO 1/4 MILE OR LESS
LOWEST:     50 ON  4                               3 = THUNDER
                        SNOW, ICE PELLETS, HAIL    4 = ICE PELLETS
                        TOTAL MONTH:   0.0 INCH    5 = HAIL
                        GRTST 24HR     0.0         6 = FREEZING RAIN OR DRIZZLE
                        GRTST DEPTH:   0           7 = DUSTSTORM OR SANDSTORM:
                                                       VSBY 1/2 MILE OR LESS
                                                   8 = SMOKE OR HAZE
[NO. OF DAYS WITH]      [WEATHER - DAYS WITH]      9 = BLOWING SNOW
                                                   X = TORNADO
MAX 32 OR BELOW:   0    0.01 INCH OR MORE:   6
MAX 90 OR ABOVE:   8    0.10 INCH OR MORE:   5
MIN 32 OR BELOW:   0    0.50 INCH OR MORE:   1
MIN  0 OR BELOW:   0    1.00 INCH OR MORE:   0

[HDD (BASE 65) ]
TOTAL THIS MO.     6    CLEAR  (SCALE 0-3)  23
DPTR FM NORMAL   -61    PTCLDY (SCALE 4-7)   5
TOTAL FM JUL 1     6    CLOUDY (SCALE 8-10)  1
DPTR FM NORMAL   -67

[CDD (BASE 65) ]
TOTAL THIS MO.   251
DPTR FM NORMAL   122    [PRESSURE DATA]
TOTAL FM JAN 1  3009    HIGHEST SLP M ON M
DPTR FM NORMAL   396    LOWEST  SLP 29.51 ON 13

[REMARKS]
