000
CXUS52 KMFL 211000
CF6FXE
PRELIMINARY LOCAL CLIMATOLOGICAL DATA (WS FORM: F-6)

                                          STATION:   FORT LAUDERDALE EXEC ARPT
                                          MONTH:     AUGUST
                                          YEAR:      2014
                                          LATITUDE:   26 12 N
                                          LONGITUDE:  80 11 W

  TEMPERATURE IN F:       :PCPN:    SNOW:  WIND      :SUNSHINE: SKY     :PK WND
================================================================================
1   2   3   4   5  6A  6B    7    8   9   10  11  12  13   14  15   16   17  18
                                     12Z  AVG MX 2MIN
DY MAX MIN AVG DEP HDD CDD  WTR  SNW DPTH SPD SPD DIR MIN PSBL S-S WX    SPD DR
================================================================================

 1  92  76  84   0   0  19    T  0.0    0  6.4 17  80   M    M   2        21  90
 2  90  77  84   0   0  19 0.12  0.0    0  4.7 12  60   M    M   4 18     15  50
 3  87  72  80  -4   0  15 1.10  0.0    0  5.8 24 140   M    M   5 13     31 140
 4  88  75  82  -2   0  17 0.79  0.0    0  6.8 20 150   M    M   4 138    26 160
 5  92  76  84   0   0  19    T  0.0    0  5.8 17 250   M    M   2        21 290
 6  91  76  84   0   0  19 0.00  0.0    0  4.2 13 110   M    M   2        16  80
 7  93  75  84   0   0  19 0.24  0.0    0  5.1 16 330   M    M   2 13     25 320
 8  92  78  85   1   0  20 0.01  0.0    0  5.7 14 140   M    M   4        18 120
 9  95  79  87   3   0  22 0.14  0.0    0  3.3 20 110   M    M   3 13     25 310
10  93  79  86   2   0  21 0.07  0.0    0  4.0 20 220   M    M   3 3X     27 220
11  93  76  85   1   0  20 0.00  0.0    0  3.6 15 180   M    M   2        20 150
12  91  77  84   0   0  19 0.14  0.0    0  5.0 17 220   M    M   2 13     23 220
13  93  78  86   2   0  21 0.00  0.0    0  5.3 17 110   M    M   2        22 100
14  93  77  85   1   0  20 1.25  0.0    0  4.1 18 270   M    M   3 13X    24 240
15  92  74  83  -1   0  18 1.46  0.0    0  3.4 20 290   M    M   3 13     27 270
16  93  75  84   0   0  19 0.09  0.0    0  3.3 22 170   M    M   3 3      28 190
17  91  77  84   0   0  19 0.00  0.0    0  3.6 15 100   M    M   3 3      18 250
18  92  77  85   1   0  20 0.00  0.0    0  5.4 14 110   M    M   2        19 110
19  93  79  86   3   0  21 0.00  0.0    0  5.5 14 110   M    M   3        17 140
20  93  78  86   3   0  21 0.00  0.0    0  4.7 15 100   M    M   2        18  90
================================================================================
SM 1837 1531         0 388  5.41     0.0  95.7          M       56
================================================================================
AV 91.8 76.6                               4.8 FASTST   M    M   3    MAX(MPH)
                                 MISC ---->  # 24 140               # 31  140
================================================================================
NOTES:
# LAST OF SEVERAL OCCURRENCES

COLUMN 17 PEAK WIND IN M.P.H.

PRELIMINARY LOCAL CLIMATOLOGICAL DATA (WS FORM: F-6) , PAGE 2

                                          STATION:  FORT LAUDERDALE EXEC ARPT
                                          MONTH:    AUGUST
                                          YEAR:     2014
                                          LATITUDE:   26 12 N
                                          LONGITUDE:  80 11 W

[TEMPERATURE DATA]      [PRECIPITATION DATA]       SYMBOLS USED IN COLUMN 16

AVERAGE MONTHLY: 84.2   TOTAL FOR MONTH:   5.41    1 = FOG OR MIST
DPTR FM NORMAL:   0.3   DPTR FM NORMAL:    1.16    2 = FOG REDUCING VISIBILITY
HIGHEST:    95 ON  9    GRTST 24HR  2.39 ON 14-15      TO 1/4 MILE OR LESS
LOWEST:     72 ON  3                               3 = THUNDER
                        SNOW, ICE PELLETS, HAIL    4 = ICE PELLETS
                        TOTAL MONTH:   0.0 INCH    5 = HAIL
                        GRTST 24HR     0.0         6 = FREEZING RAIN OR DRIZZLE
                        GRTST DEPTH:   0           7 = DUSTSTORM OR SANDSTORM:
                                                       VSBY 1/2 MILE OR LESS
                                                   8 = SMOKE OR HAZE
[NO. OF DAYS WITH]      [WEATHER - DAYS WITH]      9 = BLOWING SNOW
                                                   X = TORNADO
MAX 32 OR BELOW:   0    0.01 INCH OR MORE:  11
MAX 90 OR ABOVE:  18    0.10 INCH OR MORE:   8
MIN 32 OR BELOW:   0    0.50 INCH OR MORE:   4
MIN  0 OR BELOW:   0    1.00 INCH OR MORE:   3

[HDD (BASE 65) ]
TOTAL THIS MO.     0    CLEAR  (SCALE 0-3)  15
DPTR FM NORMAL     0    PTCLDY (SCALE 4-7)   5
TOTAL FM JUL 1     0    CLOUDY (SCALE 8-10)  0
DPTR FM NORMAL     0

[CDD (BASE 65) ]
TOTAL THIS MO.   388
DPTR FM NORMAL    11    [PRESSURE DATA]
TOTAL FM JAN 1  2931    HIGHEST SLP M ON M
DPTR FM NORMAL   294    LOWEST  SLP 29.88 ON  3

[REMARKS]
