000
CXUS54 KTSA 280840
CF6FYV
PRELIMINARY LOCAL CLIMATOLOGICAL DATA (WS FORM: F-6)

                                          STATION:   FAYETTEVILLE ARKANSAS
                                          MONTH:     MARCH
                                          YEAR:      2017
                                          LATITUDE:   36  0 N
                                          LONGITUDE:  94 10 W

  TEMPERATURE IN F:       :PCPN:    SNOW:  WIND      :SUNSHINE: SKY     :PK WND
================================================================================
1   2   3   4   5  6A  6B    7    8   9   10  11  12  13   14  15   16   17  18
                                     12Z  AVG MX 2MIN
DY MAX MIN AVG DEP HDD CDD  WTR  SNW DPTH SPD SPD DIR MIN PSBL S-S WX    SPD DR
================================================================================

 1  72  29  51   7  14   0    T  0.0    0 12.7 26 330   M    M   1 13     39 200
 2  59  23  41  -3  24   0 0.00  0.0    0  4.1 20 310   M    M   0        25 270
 3  62  23  43  -1  22   0 0.00  0.0    0  5.8 21 200   M    M   0        26 190
 4  67  39  53   8  12   0 0.00  0.0    0 11.8 24 190   M    M   3        31 180
 5  56  51  54   9  11   0 0.00  0.0    0 14.6 25 170   M    M  10        31 160
 6  76  49  63  18   2   0 0.03  0.0    0 19.0 43 320   M    M   8 13     52 320
 7  60  32  46   0  19   0 0.74  0.0    0  7.4 36 340   M    M   2 13     48 340
 8  69  27  48   2  17   0    T  0.0    0  6.3 23 170   M    M   0        29 180
 9  75  38  57  11   8   0 0.87  0.0    0  8.4 26 280   M    M   2 123    39 280
10  57  39  48   2  17   0    T  0.0    0  9.0 20  80   M    M   2 12     27  80
11  48  30  39  -8  26   0 0.78  0.2    0  6.0 14  90   M    M  10 13     18  80
12  52  26  39  -8  26   0 0.03  0.0    0  4.7 16 140   M    M   6 1      19 150
13  42  32  37 -10  28   0 0.04  0.0    0 10.7 22 290   M    M  10 1      28 310
14  37  30  34 -14  31   0 0.00  0.0    0  5.6 10 340   M    M  10 8      14  40
15  51  27  39  -9  26   0 0.00  0.0    0  4.6 14 180   M    M   5        16 180
16  60  42  51   3  14   0 0.00  0.0    0 10.0 18 180   M    M  10        25 200
17  72  50  61  13   4   0 0.00  0.0    0 11.1 21 210   M    M   9 1      28 210
18  75  40  58   9   7   0 0.00  0.0    0  2.3 12  90   M    M   3 12     16  90
19  81  47  64  15   1   0 0.00  0.0    0  8.4 21 200   M    M   2        28 180
20  85  64  75  26   0  10 0.00  0.0    0 11.1 23 210   M    M   0 8      28 210
21  82  53  68  18   0   3    T  0.0    0  8.5 21  60   M    M   2 3      29  60
22  59  46  53   3  12   0 0.05  0.0    0  9.8 18  70   M    M   9 3      24  60
23  75  44  60  10   5   0 0.00  0.0    0 13.3 29 170   M    M   3 8      42 170
24  70  54  62  12   3   0 1.79  0.0    0 11.5 33 180   M    M   5 13     40 180
25  58  47  53   2  12   0 0.46  0.0    0  6.3 18 210   M    M   8 13     25 210
26  70  40  55   4  10   0 0.62  0.0    0  5.5 25 330   M    M   5 123    32 340
27  61  52  57   6   8   0 0.48  0.0    0  6.4 17 340   M    M   9 13     22 330
================================================================================
SM 1731 1074       359  13  5.89     0.2 234.9          M      134
================================================================================
AV 64.1 39.8                               8.7 FASTST   M    M   5    MAX(MPH)
                                 MISC ---->  # 43 320               # 52  320
================================================================================
NOTES:
# LAST OF SEVERAL OCCURRENCES

COLUMN 17 PEAK WIND IN M.P.H.

PRELIMINARY LOCAL CLIMATOLOGICAL DATA (WS FORM: F-6) , PAGE 2

                                          STATION:  FAYETTEVILLE ARKANSAS
                                          MONTH:    MARCH
                                          YEAR:     2017
                                          LATITUDE:   36  0 N
                                          LONGITUDE:  94 10 W

[TEMPERATURE DATA]      [PRECIPITATION DATA]       SYMBOLS USED IN COLUMN 16

AVERAGE MONTHLY: 51.9   TOTAL FOR MONTH:   5.89    1 = FOG OR MIST
DPTR FM NORMAL:   4.4   DPTR FM NORMAL:    2.52    2 = FOG REDUCING VISIBILITY
HIGHEST:    85 ON 20    GRTST 24HR  1.79 ON 24-24      TO 1/4 MILE OR LESS
LOWEST:     23 ON  3, 2                            3 = THUNDER
                        SNOW, ICE PELLETS, HAIL    4 = ICE PELLETS
                        TOTAL MONTH:   0.2 INCH    5 = HAIL
                        GRTST 24HR   0.2 ON 11-11  6 = FREEZING RAIN OR DRIZZLE
                        GRTST DEPTH:   0           7 = DUSTSTORM OR SANDSTORM:
                                                       VSBY 1/2 MILE OR LESS
                                                   8 = SMOKE OR HAZE
[NO. OF DAYS WITH]      [WEATHER - DAYS WITH]      9 = BLOWING SNOW
                                                   X = TORNADO
MAX 32 OR BELOW:   0    0.01 INCH OR MORE:  11
MAX 90 OR ABOVE:   0    0.10 INCH OR MORE:   7
MIN 32 OR BELOW:  10    0.50 INCH OR MORE:   5
MIN  0 OR BELOW:   0    1.00 INCH OR MORE:   1

[HDD (BASE 65) ]
TOTAL THIS MO.   359    CLEAR  (SCALE 0-3)  13
DPTR FM NORMAL  -114    PTCLDY (SCALE 4-7)   5
TOTAL FM JUL 1  2930    CLOUDY (SCALE 8-10)  9
DPTR FM NORMAL  -846

[CDD (BASE 65) ]
TOTAL THIS MO.    13
DPTR FM NORMAL    13    [PRESSURE DATA]
TOTAL FM JAN 1    18    HIGHEST SLP M ON M
DPTR FM NORMAL    18    LOWEST  SLP 29.57 ON  1

[REMARKS]
