000
CXUS54 KOUN 300800
CF6GAG
PRELIMINARY LOCAL CLIMATOLOGICAL DATA (WS FORM: F-6)

                                          STATION:   GAGE
                                          MONTH:     JULY
                                          YEAR:      2015
                                          LATITUDE:   36 17 N
                                          LONGITUDE:  99 46 W

  TEMPERATURE IN F:       :PCPN:    SNOW:  WIND      :SUNSHINE: SKY     :PK WND
================================================================================
1   2   3   4   5  6A  6B    7    8   9   10  11  12  13   14  15   16   17  18
                                     12Z  AVG MX 2MIN
DY MAX MIN AVG DEP HDD CDD  WTR  SNW DPTH SPD SPD DIR MIN PSBL S-S WX    SPD DR
================================================================================

 1  99  68  84   5   0  19 0.00  0.0    0 13.8 25 240   M    M   0        33 240
 2  92  67  80   1   0  15 0.04  0.0    0  7.0 22  60   M    M   2 13     27  60
 3  90  63  77  -2   0  12 0.10  0.0    0  4.4 49  20   M    M   3 1238   58  10
 4  93  66  80   1   0  15 0.07  0.0    0  9.6 21 160   M    M   2 18     30 150
 5  95  70  83   3   0  18 0.00  0.0    0 17.1 28 190   M    M   0        34 200
 6  95  70  83   3   0  18    T  0.0    0 17.2 28  10   M    M   4 3      38 360
 7  70  59  65 -15   0   0 0.40  0.0    0 12.9 22  40   M    M   9 18     29  40
 8  75  59  67 -13   0   2    T  0.0    0  5.8 13 130   M    M   8 18     17 130
 9  86  65  76  -4   0  11 0.06  0.0    0  8.9 17 160   M    M   3 13     24 130
10  88  67  78  -2   0  13 0.01  0.0    0 13.8 26 180   M    M   1 8      32 180
11  94  72  83   3   0  18 0.00  0.0    0 18.1 28 190   M    M   0        35 180
12 101  73  87   7   0  22 0.00  0.0    0 14.4 24 180   M    M   0        32 200
13 105  72  89   9   0  24 0.00  0.0    0 13.0 23 190   M    M   0        29 200
14 100  69  85   5   0  20 0.00  0.0    0 10.4 18 180   M    M   0 3      24 140
15  99  69  84   4   0  19 0.00  0.0    0 13.5 24 190   M    M   0        31 190
16  97  73  85   5   0  20    T  0.0    0 10.8 20 150   M    M   1        26 180
17 100  68  84   4   0  19    T  0.0    0 15.1 28 170   M    M   0        35 180
18 102  72  87   7   0  22 0.00  0.0    0 16.3 28 190   M    M   0        35 180
19 100  72  86   5   0  21 0.00  0.0    0 11.5 24 170   M    M   0        32 150
20  96  70  83   2   0  18 0.10  0.0    0  5.1 31 170   M    M   3 13     40 170
21  83  69  76  -5   0  11 0.20  0.0    0 10.4 25 240   M    M   6 13     33 240
22  90  68  79  -2   0  14 0.15  0.0    0  7.1 20 340   M    M   3 13     25 340
23  99  72  86   5   0  21 0.00  0.0    0 10.8 22 180   M    M   0        28 210
24 100  73  87   6   0  22 0.00  0.0    0 11.8 21 170   M    M   0        26 180
25 100  69  85   4   0  20 0.00  0.0    0 13.4 22 190   M    M   0        28 190
26 100  72  86   5   0  21 0.07  0.0    0 11.1 24  50   M    M   2 13     32  40
27  99  72  86   5   0  21 0.00  0.0    0 14.8 24 170   M    M   1        34 170
28 102  76  89   8   0  24 0.00  0.0    0 15.5 24 190   M    M   0        32 190
29  94  71  83   2   0  18    T  0.0    0 12.5 23  40   M    M   2 3      30 270
================================================================================
SM 2744 2006         0 498  1.20     0.0 346.1          M       50
================================================================================
AV 94.6 69.2                              11.9 FASTST   M    M   2    MAX(MPH)
                                 MISC ---->  # 49  20               # 58   10
================================================================================
NOTES:
# LAST OF SEVERAL OCCURRENCES

COLUMN 17 PEAK WIND IN M.P.H.

PRELIMINARY LOCAL CLIMATOLOGICAL DATA (WS FORM: F-6) , PAGE 2

                                          STATION:  GAGE
                                          MONTH:    JULY
                                          YEAR:     2015
                                          LATITUDE:   36 17 N
                                          LONGITUDE:  99 46 W

[TEMPERATURE DATA]      [PRECIPITATION DATA]       SYMBOLS USED IN COLUMN 16

AVERAGE MONTHLY: 81.9   TOTAL FOR MONTH:   1.20    1 = FOG OR MIST
DPTR FM NORMAL:   1.7   DPTR FM NORMAL:   -0.57    2 = FOG REDUCING VISIBILITY
HIGHEST:   105 ON 13    GRTST 24HR  0.40 ON  7- 7      TO 1/4 MILE OR LESS
LOWEST:     59 ON  8, 7                            3 = THUNDER
                        SNOW, ICE PELLETS, HAIL    4 = ICE PELLETS
                        TOTAL MONTH:   0.0 INCH    5 = HAIL
                        GRTST 24HR     0.0         6 = FREEZING RAIN OR DRIZZLE
                        GRTST DEPTH:   0           7 = DUSTSTORM OR SANDSTORM:
                                                       VSBY 1/2 MILE OR LESS
                                                   8 = SMOKE OR HAZE
[NO. OF DAYS WITH]      [WEATHER - DAYS WITH]      9 = BLOWING SNOW
                                                   X = TORNADO
MAX 32 OR BELOW:   0    0.01 INCH OR MORE:  10
MAX 90 OR ABOVE:  24    0.10 INCH OR MORE:   5
MIN 32 OR BELOW:   0    0.50 INCH OR MORE:   0
MIN  0 OR BELOW:   0    1.00 INCH OR MORE:   0

[HDD (BASE 65) ]
TOTAL THIS MO.     0    CLEAR  (SCALE 0-3)  25
DPTR FM NORMAL     0    PTCLDY (SCALE 4-7)   3
TOTAL FM JUL 1     0    CLOUDY (SCALE 8-10)  1
DPTR FM NORMAL     0

[CDD (BASE 65) ]
TOTAL THIS MO.   498
DPTR FM NORMAL    54    [PRESSURE DATA]
TOTAL FM JAN 1   993    HIGHEST SLP M ON M
DPTR FM NORMAL    80    LOWEST  SLP 29.72 ON 13

[REMARKS]
