000
CXUS56 KFGZ 300900
CF6GCN
PRELIMINARY LOCAL CLIMATOLOGICAL DATA (WS FORM: F-6)

                                          STATION:   GRAND CANYON AZ AIRPORT
                                          MONTH:     APRIL
                                          YEAR:      2016
                                          LATITUDE:   35 57 N
                                          LONGITUDE: 112  9 W

  TEMPERATURE IN F:       :PCPN:    SNOW:  WIND      :SUNSHINE: SKY     :PK WND
================================================================================
1   2   3   4   5  6A  6B    7    8   9   10  11  12  13   14  15   16   17  18
                                     12Z  AVG MX 2MIN
DY MAX MIN AVG DEP HDD CDD  WTR  SNW DPTH SPD SPD DIR MIN PSBL S-S WX    SPD DR
================================================================================

 1  56  19  38  -2  27   0 0.00    M    M  6.4 18  60   M    M   1        24  60
 2  63  21  42   2  23   0 0.00    M    M  3.9 15  40   M    M   0        19  40
 3  67  21  44   4  21   0 0.00    M    M  2.3 16 220   M    M   0        20 240
 4  70  22  46   6  19   0 0.00    M    M  5.4 21 210   M    M   0 8      29 210
 5  69  24  47   7  18   0 0.00    M    M  5.6 18 350   M    M   0 8      31 300
 6  72  24  48   8  17   0 0.00    M    M  5.4 15  40   M    M   0 8      18  50
 7  70  29  50   9  15   0 0.00    M    M  8.7 23  70   M    M   0        31  80
 8  59  38  49   8  16   0 0.22    M    M  4.9 16 220   M    M   9 13     21 230
 9  60  34  47   6  18   0 0.00    M    M  8.2 22 230   M    M   6 1      28 220
10  53  29  41   0  24   0 0.20    M    M  4.4 24 220   M    M   5 13     32 210
11  55  39  47   6  18   0 0.04    M    M  3.2 12 230   M    M   7 1      14  30
12  62  31  47   6  18   0 0.03    M    M  4.3 18 210   M    M   2 3      24 220
13  66  30  48   6  17   0 0.00    M    M  4.5 22 220   M    M   1        28 210
14  65  30  48   6  17   0 0.00    M    M 11.2 30 210   M    M   0        38 230
15  52  27  40  -2  25   0 0.01    M    M  7.6 21 270   M    M   3 38     33 290
16  53  31  42   0  23   0 0.00    M    M  7.5 17  60   M    M   5        26 320
17  55  22  39  -3  26   0 0.00    M    M  8.1 20  60   M    M   3        31  30
18  60  21  41  -2  24   0 0.00    M    M  2.9 13  20   M    M   1        19 340
19  66  23  45   2  20   0 0.00    M    M  4.6 16 270   M    M   0        25 320
20  73  26  50   7  15   0 0.00    M    M  4.5 18 230   M    M   0        27 210
21  75  30  53  10  12   0 0.00    M    M  5.2 21 210   M    M   0        27 220
22  74  29  52   8  13   0 0.00    M    M 12.2 30 220   M    M   0        46 220
23  60  29  45   1  20   0 0.00    M    M 13.5 32 220   M    M   0        41 230
24  68  24  46   2  19   0 0.00    M    M  8.6 22 250   M    M   2        31 240
25  50  31  41  -3  24   0 0.03    M    M 14.8 36 220   M    M   7 8      49 210
26  56  27  42  -3  23   0    T    M    M  5.7 15 270   M    M   7 1      23 260
27  58  26  42  -3  23   0 0.01    M    M  6.3 21 230   M    M   7        28 220
28  48  31  40  -5  25   0 0.23    M    M  8.0 20 250   M    M   9 1238   29 270
29  57  34  46   0  19   0 0.03    M    M  5.1 22 240   M    M   7 1      30 230
================================================================================
SM 1792  802       579   0  0.80    M    193.0          M       82
================================================================================
AV 61.8 27.7                               6.7 FASTST   M    M   3    MAX(MPH)
                                 MISC ---->  # 36 220               # 49  210
================================================================================
NOTES:
# LAST OF SEVERAL OCCURRENCES

COLUMN 17 PEAK WIND IN M.P.H.

PRELIMINARY LOCAL CLIMATOLOGICAL DATA (WS FORM: F-6) , PAGE 2

                                          STATION:  GRAND CANYON AZ AIRPORT
                                          MONTH:    APRIL
                                          YEAR:     2016
                                          LATITUDE:   35 57 N
                                          LONGITUDE: 112  9 W

[TEMPERATURE DATA]      [PRECIPITATION DATA]       SYMBOLS USED IN COLUMN 16

AVERAGE MONTHLY: 44.7   TOTAL FOR MONTH:   0.80    1 = FOG OR MIST
DPTR FM NORMAL:   2.5   DPTR FM NORMAL:   -0.13    2 = FOG REDUCING VISIBILITY
HIGHEST:    75 ON 21    GRTST 24HR  0.26 ON 28-29      TO 1/4 MILE OR LESS
LOWEST:     19 ON  1                               3 = THUNDER
                        SNOW, ICE PELLETS, HAIL    4 = ICE PELLETS
                        TOTAL MONTH:    M          5 = HAIL
                        GRTST 24HR    M  ON   M    6 = FREEZING RAIN OR DRIZZLE
                        GRTST DEPTH:  M  ON   M    7 = DUSTSTORM OR SANDSTORM:
                                                       VSBY 1/2 MILE OR LESS
                                                   8 = SMOKE OR HAZE
[NO. OF DAYS WITH]      [WEATHER - DAYS WITH]      9 = BLOWING SNOW
                                                   X = TORNADO
MAX 32 OR BELOW:   0    0.01 INCH OR MORE:   9
MAX 90 OR ABOVE:   0    0.10 INCH OR MORE:   3
MIN 32 OR BELOW:  25    0.50 INCH OR MORE:   0
MIN  0 OR BELOW:   0    1.00 INCH OR MORE:   0

[HDD (BASE 65) ]
TOTAL THIS MO.   579    CLEAR  (SCALE 0-3)  18
DPTR FM NORMAL   -83    PTCLDY (SCALE 4-7)   9
TOTAL FM JUL 1  5876    CLOUDY (SCALE 8-10)  2
DPTR FM NORMAL  -674

[CDD (BASE 65) ]
TOTAL THIS MO.     0
DPTR FM NORMAL     0    [PRESSURE DATA]
TOTAL FM JAN 1     0    HIGHEST SLP M ON M
DPTR FM NORMAL     0    LOWEST  SLP 29.50 ON M

[REMARKS]
