000
CXUS56 KFGZ 270900
CF6GCN
PRELIMINARY LOCAL CLIMATOLOGICAL DATA (WS FORM: F-6)

                                          STATION:   GRAND CANYON AZ AIRPORT
                                          MONTH:     SEPTEMBER
                                          YEAR:      2016
                                          LATITUDE:   35 57 N
                                          LONGITUDE: 112  9 W

  TEMPERATURE IN F:       :PCPN:    SNOW:  WIND      :SUNSHINE: SKY     :PK WND
================================================================================
1   2   3   4   5  6A  6B    7    8   9   10  11  12  13   14  15   16   17  18
                                     12Z  AVG MX 2MIN
DY MAX MIN AVG DEP HDD CDD  WTR  SNW DPTH SPD SPD DIR MIN PSBL S-S WX    SPD DR
================================================================================

 1  81  50  66   4   0   1 0.19    M    M  3.6 14 260   M    M   3 13     20 250
 2  75  51  63   2   2   0 0.08    M    M  3.4 20 220   M    M   3 13     23 210
 3  78  50  64   3   1   0 0.01    M    M  8.2 24 210   M    M   5        36 190
 4  77  44  61   0   4   0 0.00    M    M 10.6 31 230   M    M   1        38 220
 5  78  36  57  -4   8   0 0.00    M    M  5.9 22 230   M    M   0        30 230
 6  78  37  58  -2   7   0 0.00    M    M  6.9 21 220   M    M   0        33 210
 7  77  45  61   1   4   0 0.00    M    M  3.2 13 230   M    M   2        19 250
 8  80  43  62   2   3   0 0.00    M    M  3.9 17 220   M    M   1 12     25 250
 9  84  41  63   3   2   0 0.00    M    M  2.8 13 350   M    M   0 8      23 360
10  86  41  64   5   1   0 0.00    M    M  5.4 20 230   M    M   1        27 240
11  83  43  63   4   2   0 0.00    M    M  7.2 25 220   M    M   1        32 210
12  78  40  59   0   6   0 0.00    M    M 11.1 31 210   M    M   1        45 220
13  76  47  62   4   3   0    T    M    M 14.5 37 220   M    M   3 3      53 220
14  75  37  56  -2   9   0 0.00    M    M 11.2 26 230   M    M   3        36 230
15  76  30  53  -5  12   0 0.00    M    M  2.8 20 220   M    M   0        23 220
16  77  29  53  -4  12   0 0.00    M    M  3.2 16 220   M    M   0        25 180
17  79  31  55  -2  10   0 0.00  0.0    0  2.5 13 300   M    M   0        16 310
18  82  33  58   1   7   0 0.00    M    M  3.3 17 220   M    M   0        22 220
19  86  34  60   4   5   0 0.00    M    M  2.8 15 230   M    M   0 8      20 270
20  68  53  61   5   4   0 0.85  0.0    0  4.2 15 170   M    M   8 1      19 210
21  72  54  63   7   2   0 0.05  0.0    0  6.0 23 210   M    M   7 1      30 220
22  66  51  59   4   6   0 0.83    M    M 13.0 28 210   M    M   8 18     38 210
23  58  32  45 -10  20   0 0.00    M    M  5.2 17 270   M    M   1        24 270
24  65  31  48  -7  17   0 0.00    M    M  3.0 15  60   M    M   0        20  40
25  66  43  55   1  10   0 0.00    M    M 14.4 31  50   M    M   0        36  50
26  71  45  58   4   7   0 0.00    M    M 10.3 20  40   M    M   0        23  50
================================================================================
SM 1972 1071       164   1  2.01     0.0 168.6          M       48
================================================================================
AV 75.8 41.2                               6.5 FASTST   M    M   2    MAX(MPH)
                                 MISC ---->  # 37 220               # 53  220
================================================================================
NOTES:
# LAST OF SEVERAL OCCURRENCES

COLUMN 17 PEAK WIND IN M.P.H.

PRELIMINARY LOCAL CLIMATOLOGICAL DATA (WS FORM: F-6) , PAGE 2

                                          STATION:  GRAND CANYON AZ AIRPORT
                                          MONTH:    SEPTEMBER
                                          YEAR:     2016
                                          LATITUDE:   35 57 N
                                          LONGITUDE: 112  9 W

[TEMPERATURE DATA]      [PRECIPITATION DATA]       SYMBOLS USED IN COLUMN 16

AVERAGE MONTHLY: 58.5   TOTAL FOR MONTH:   2.01    1 = FOG OR MIST
DPTR FM NORMAL:   0.5   DPTR FM NORMAL:    0.59    2 = FOG REDUCING VISIBILITY
HIGHEST:    86 ON 19,10 GRTST 24HR  0.89 ON 20-21      TO 1/4 MILE OR LESS
LOWEST:     29 ON 16                               3 = THUNDER
                        SNOW, ICE PELLETS, HAIL    4 = ICE PELLETS
                        TOTAL MONTH:   0.0 INCH    5 = HAIL
                        GRTST 24HR     0.0         6 = FREEZING RAIN OR DRIZZLE
                        GRTST DEPTH:   0           7 = DUSTSTORM OR SANDSTORM:
                                                       VSBY 1/2 MILE OR LESS
                                                   8 = SMOKE OR HAZE
[NO. OF DAYS WITH]      [WEATHER - DAYS WITH]      9 = BLOWING SNOW
                                                   X = TORNADO
MAX 32 OR BELOW:   0    0.01 INCH OR MORE:   6
MAX 90 OR ABOVE:   0    0.10 INCH OR MORE:   3
MIN 32 OR BELOW:   5    0.50 INCH OR MORE:   2
MIN  0 OR BELOW:   0    1.00 INCH OR MORE:   0

[HDD (BASE 65) ]
TOTAL THIS MO.   164    CLEAR  (SCALE 0-3)  20
DPTR FM NORMAL   -20    PTCLDY (SCALE 4-7)   4
TOTAL FM JUL 1   194    CLOUDY (SCALE 8-10)  2
DPTR FM NORMAL   -77

[CDD (BASE 65) ]
TOTAL THIS MO.     1
DPTR FM NORMAL     1    [PRESSURE DATA]
TOTAL FM JAN 1   294    HIGHEST SLP M ON M
DPTR FM NORMAL   206    LOWEST  SLP 29.70 ON 23

[REMARKS]
