000
CXUS54 KFWD 010730
CF6GDJ
PRELIMINARY LOCAL CLIMATOLOGICAL DATA (WS FORM: F-6)

                                          STATION:   GRANBURY
                                          MONTH:     AUGUST
                                          YEAR:      2014
                                          LATITUDE:   32 26 N
                                          LONGITUDE:  97 48 W

  TEMPERATURE IN F:       :PCPN:    SNOW:  WIND      :SUNSHINE: SKY     :PK WND
================================================================================
1   2   3   4   5  6A  6B    7    8   9   10  11  12  13   14  15   16   17  18
                                     12Z  AVG MX 2MIN
DY MAX MIN AVG DEP HDD CDD  WTR  SNW DPTH SPD SPD DIR MIN PSBL S-S WX    SPD DR
================================================================================

 1  87  68  78  -6   0  13 0.00  0.0    0  4.8  8  20   M    M   7        16  20
 2  91  63  77  -7   0  12 0.00  0.0    0  3.7  9  20   M    M   2        17  20
 3  94  66  80  -4   0  15 0.00  0.0    0  3.3  9  40   M    M   2        16  40
 4  96  68  82  -2   0  17 0.00  0.0    0  3.2  8  80   M    M   2 1       M  M
 5  99  69  84   0   0  19 0.00  0.0    0  4.2  9 110   M    M   1 8       M  M
 6 101  77  89   5   0  24 0.00  0.0    0  8.0 13 130   M    M   0        17 130
 7 103  78  91   7   0  26 0.00  0.0    0  8.1 13 140   M    M   0        18 130
 8 105  81  93   9   0  28 0.00  0.0    0  6.3 14 140   M    M   0        22 350
 9 103  78  91   7   0  26 0.00  0.0    0  6.1 13 210   M    M   0        18 210
10 103  77  90   6   0  25 0.00  0.0    0  5.2 14 330   M    M   1 3      18 330
11  99  73  86   2   0  21 0.00  0.0    0  5.0 13 330   M    M   1 3      18 330
12  98  73  86   2   0  21 0.00  0.0    0  5.1 14 330   M    M   0        18 330
13  96  67  82  -2   0  17 0.00  0.0    0  2.3  9 120   M    M   0         M  M
14  97  70  84   0   0  19 0.00  0.0    0  5.6 13 110   M    M   0        16 110
15 102  74  88   4   0  23 0.00  0.0    0  6.9 12 120   M    M   0        16 140
16 100  78  89   5   0  24 0.01  0.0    0  6.5 13  80   M    M   1 3      17 210
17  93  76  85   1   0  20 0.00  0.0    0  6.0 14 160   M    M   3 3       M  M
18  90  75  83  -1   0  18    M  0.0    0  2.3 13 250   M    M   1 3       M  M
19  95  72  84   0   0  19 0.00  0.0    0  6.4 15 150   M    M   3 3      23 150
20 100  81  91   7   0  26 0.00  0.0    0 11.7 17 150   M    M   2        25 180
21 102  80  91   7   0  26 0.00  0.0    0 11.5 17 180   M    M   2        25 180
22 104  80  92   8   0  27 0.00  0.0    0 10.5 16 170   M    M   0        21 190
23 102  76  89   5   0  24 0.00  0.0    0  8.4 15 140   M    M   0        18 140
24 102  78  90   6   0  25 0.00  0.0    0  8.2 15 150   M    M   0        20 150
25 102  75  89   6   0  24 0.00  0.0    0  5.2  9  70   M    M   0         M  M
26 100  74  87   4   0  22 0.00  0.0    0  5.0 14 100   M    M   1        20 100
27  97  74  86   3   0  21 0.00  0.0    0  6.1 13  80   M    M   1        16 130
28  98  75  87   4   0  22 0.00  0.0    0  7.3 14  90   M    M   0        18 140
29  94  71  83   0   0  18 0.06  0.0    0  5.1 15 300   M    M   3 3      22 300
30  97  75  86   4   0  21 0.00  0.0    0  3.4  8  80   M    M   2         M  M
31  98  76  87   5   0  22 0.00  0.0    0  8.7 15 140   M    M   1        22 140
================================================================================
SM 3048 2298         0 665  0.07     0.0 190.1          M       36
================================================================================
AV 98.3 74.1                               6.1 FASTST   M    M   1    MAX(MPH)
                                 MISC ---->    17   M                 25    M
================================================================================
NOTES:
# LAST OF SEVERAL OCCURRENCES

COLUMN 17 PEAK WIND IN M.P.H.

PRELIMINARY LOCAL CLIMATOLOGICAL DATA (WS FORM: F-6) , PAGE 2

                                          STATION:  GRANBURY
                                          MONTH:    AUGUST
                                          YEAR:     2014
                                          LATITUDE:   32 26 N
                                          LONGITUDE:  97 48 W

[TEMPERATURE DATA]      [PRECIPITATION DATA]       SYMBOLS USED IN COLUMN 16

AVERAGE MONTHLY: 86.2   TOTAL FOR MONTH:   0.07    1 = FOG OR MIST
DPTR FM NORMAL:   2.4   DPTR FM NORMAL:       M    2 = FOG REDUCING VISIBILITY
HIGHEST:   105 ON  8    GRTST 24HR  0.06 ON 29-29      TO 1/4 MILE OR LESS
LOWEST:     63 ON  2                               3 = THUNDER
                        SNOW, ICE PELLETS, HAIL    4 = ICE PELLETS
                        TOTAL MONTH:   0.0 INCH    5 = HAIL
                        GRTST 24HR     0.0         6 = FREEZING RAIN OR DRIZZLE
                        GRTST DEPTH:   0           7 = DUSTSTORM OR SANDSTORM:
                                                       VSBY 1/2 MILE OR LESS
                                                   8 = SMOKE OR HAZE
[NO. OF DAYS WITH]      [WEATHER - DAYS WITH]      9 = BLOWING SNOW
                                                   X = TORNADO
MAX 32 OR BELOW:   0    0.01 INCH OR MORE:   2
MAX 90 OR ABOVE:  30    0.10 INCH OR MORE:   0
MIN 32 OR BELOW:   0    0.50 INCH OR MORE:   0
MIN  0 OR BELOW:   0    1.00 INCH OR MORE:   0

[HDD (BASE 65) ]
TOTAL THIS MO.     0    CLEAR  (SCALE 0-3)  28
DPTR FM NORMAL     0    PTCLDY (SCALE 4-7)   3
TOTAL FM JUL 1     0    CLOUDY (SCALE 8-10)  0
DPTR FM NORMAL     0

[CDD (BASE 65) ]
TOTAL THIS MO.   665
DPTR FM NORMAL    83    [PRESSURE DATA]
TOTAL FM JAN 1  2250    HIGHEST SLP M ON M
DPTR FM NORMAL   319    LOWEST  SLP M ON M

[REMARKS]
#FINAL-08-14#
