000
CXUS54 KMAF 191100
CF6GDP
PRELIMINARY LOCAL CLIMATOLOGICAL DATA (WS FORM: F-6)

                                          STATION:   Guadalupe Pass
                                          MONTH:     DECEMBER
                                          YEAR:      2014
                                          LATITUDE:   31 49 N
                                          LONGITUDE: 104 48 W

  TEMPERATURE IN F:       :PCPN:    SNOW:  WIND      :SUNSHINE: SKY     :PK WND
================================================================================
1   2   3   4   5  6A  6B    7    8   9   10  11  12  13   14  15   16   17  18
                                     12Z  AVG MX 2MIN
DY MAX MIN AVG DEP HDD CDD  WTR  SNW DPTH SPD SPD DIR MIN PSBL S-S WX    SPD DR
================================================================================

 1  56  23  40  -4  25   0 0.00  0.0    0 27.1 40  70   M    M   0 8      42  70
 2  61  32  47   4  18   0 0.00  0.0    0 15.0 29 230   M    M   0        34 240
 3  70  46  58  15   7   0 0.00  0.0    0 15.8 30 240   M    M   1        36 250
 4  62  49  56  13   9   0 0.00  0.0    0 16.5 40 250   M    M   5        49 250
 5  63  42  53  11  12   0 0.00  0.0    0 17.8 36 250   M    M   1 1      42 250
 6  55  44  50   8  15   0 0.00  0.0    0 33.4 40  50   M    M   0 8      47  50
 7  62  40  51   9  14   0    T    M    0 15.5 36  50   M    M   4        39  50
 8  58  44  51   9  14   0 0.00  0.0    0 16.4 28  50   M    M   0        31  50
 9  58  42  50   8  15   0 0.09    M    0 14.7 25  50   M    M   1 128    26  50
10  61  44  53  12  12   0 0.00  0.0    0 10.8 20 260   M    M   5 128    23 250
11  65  47  56  15   9   0 0.00  0.0    0  8.2 16 260   M    M   1 128    20 230
12  67  47  57  16   8   0 0.00  0.0    0 13.0 24 250   M    M   0        30 240
13  65  48  57  16   8   0 0.00  0.0    0 15.0 33 250   M    M   1        41 260
14  53  33  43   2  22   0 0.00  0.0    0 37.5 56 250   M    M   2 8      67 250
15  56  33  45   4  20   0 0.00  0.0    0 22.9 36 250   M    M   0        39 250
16  46  35  41   1  24   0 0.00  0.0    0 32.0 46  50   M    M   0 8      49  50
17  56  37  47   7  18   0 0.00  0.0    0 22.9 49 250   M    M   2        58 250
18  54  35  45   5  20   0 0.01    M    0 17.9 40 260   M    M   3        48 260
================================================================================
SM 1068  721       270   0  0.10     0.0 352.4          M       26
================================================================================
AV 59.3 40.1                              19.6 FASTST   M    M   1    MAX(MPH)
                                 MISC ---->  # 56 250               # 67  250
================================================================================
NOTES:
# LAST OF SEVERAL OCCURRENCES

COLUMN 17 PEAK WIND IN M.P.H.

PRELIMINARY LOCAL CLIMATOLOGICAL DATA (WS FORM: F-6) , PAGE 2

                                          STATION:  Guadalupe Pass
                                          MONTH:    DECEMBER
                                          YEAR:     2014
                                          LATITUDE:   31 49 N
                                          LONGITUDE: 104 48 W

[TEMPERATURE DATA]      [PRECIPITATION DATA]       SYMBOLS USED IN COLUMN 16

AVERAGE MONTHLY: 49.7   TOTAL FOR MONTH:   0.10    1 = FOG OR MIST
DPTR FM NORMAL:   8.1   DPTR FM NORMAL:   -0.42    2 = FOG REDUCING VISIBILITY
HIGHEST:    70 ON  3    GRTST 24HR  0.09 ON  9- 9      TO 1/4 MILE OR LESS
LOWEST:     23 ON  1                               3 = THUNDER
                        SNOW, ICE PELLETS, HAIL    4 = ICE PELLETS
                        TOTAL MONTH:   0.0 INCH    5 = HAIL
                        GRTST 24HR     0.0         6 = FREEZING RAIN OR DRIZZLE
                        GRTST DEPTH:   0           7 = DUSTSTORM OR SANDSTORM:
                                                       VSBY 1/2 MILE OR LESS
                                                   8 = SMOKE OR HAZE
[NO. OF DAYS WITH]      [WEATHER - DAYS WITH]      9 = BLOWING SNOW
                                                   X = TORNADO
MAX 32 OR BELOW:   0    0.01 INCH OR MORE:   2
MAX 90 OR ABOVE:   0    0.10 INCH OR MORE:   0
MIN 32 OR BELOW:   2    0.50 INCH OR MORE:   0
MIN  0 OR BELOW:   0    1.00 INCH OR MORE:   0

[HDD (BASE 65) ]
TOTAL THIS MO.   270    CLEAR  (SCALE 0-3)  15
DPTR FM NORMAL  -150    PTCLDY (SCALE 4-7)   3
TOTAL FM JUL 1   939    CLOUDY (SCALE 8-10)  0
DPTR FM NORMAL  -136

[CDD (BASE 65) ]
TOTAL THIS MO.     0
DPTR FM NORMAL     0    [PRESSURE DATA]
TOTAL FM JAN 1  1620    HIGHEST SLP M ON M
DPTR FM NORMAL   180    LOWEST  SLP 29.74 ON 14

[REMARKS]
