000
CXUS55 KRIW 230901
CF6GEY
PRELIMINARY LOCAL CLIMATOLOGICAL DATA (WS FORM: F-6)

                                          STATION:   GREYBULL WY
                                          MONTH:     APRIL
                                          YEAR:      2014
                                          LATITUDE:   44 30 N
                                          LONGITUDE: 108  4 W

  TEMPERATURE IN F:       :PCPN:    SNOW:  WIND      :SUNSHINE: SKY     :PK WND
================================================================================
1   2   3   4   5  6A  6B    7    8   9   10  11  12  13   14  15   16   17  18
                                     12Z  AVG MX 2MIN
DY MAX MIN AVG DEP HDD CDD  WTR  SNW DPTH SPD SPD DIR MIN PSBL S-S WX    SPD DR
================================================================================

 1  52  22  37  -5  28   0 0.00  0.0    M  5.3 20 310   M    M   2        24 300
 2  39  29  34  -8  31   0 0.07    M    M  6.7 16 310   M    M  10 1      19 310
 3  49  28  39  -4  26   0    T    M    M  4.8 14 350   M    M   4 1      19 340
 4  56  26  41  -2  24   0 0.00  0.0    M  3.9  9 260   M    M   0        12 140
 5  56  33  45   2  20   0 0.08  0.0    M  5.1 22 310   M    M   4 3      27 220
 6  55  32  44   0  21   0 0.02    M    M  8.2 37 340   M    M   5        44 340
 7  57  33  45   1  20   0 0.00  0.0    M  6.9 20 340   M    M   5        25 350
 8  69  31  50   6  15   0 0.00  0.0    M  4.6  8 100   M    M   0        15 100
 9  76  41  59  15   6   0 0.10    M    M  9.6 40 340   M    M   5        51 340
10  63  38  51   6  14   0 0.01    M    M  4.7 10 180   M    M   3        16 150
11  71  37  54   9  11   0 0.00  0.0    M  5.4 20 310   M    M   0        25 300
12  60  29  45   0  20   0 0.13    M    M 18.2 31 330   M    M   5 12     37 320
13  33  18  26 -20  39   0 0.03    M    M 18.4 35 330   M    M   7 12     39 330
14  43  15  29 -17  36   0 0.00  0.0    M  6.2 15 150   M    M   1        19 160
15  54  29  42  -4  23   0 0.02    M    M  8.2 47 330   M    M   4        54 320
16  52  34  43  -3  22   0    T    M    M 12.4 38 330   M    M   4        44 320
17  63  29  46  -1  19   0 0.00  0.0    M  4.6 15 130   M    M   1        21 140
18  68  41  55   8  10   0 0.00  0.0    0  7.6 26 300   M    M   3        31 290
19  68  32  50   3  15   0 0.00  0.0    M  4.3 15 150   M    M   0        23 150
20  70  38  54   6  11   0 0.00  0.0    0 10.2 23 330   M    M   0        29 330
21  69  37  53   5  12   0 0.00  0.0    0  4.7 13 130   M    M   0 8      16 140
22  77  45  61  13   4   0 0.00  0.0    0  8.4 24 130   M    M   2 8      33 130
================================================================================
SM 1300  697       427   0  0.46     0.0 168.4          M       65
================================================================================
AV 59.1 31.7                               7.7 FASTST   M    M   3    MAX(MPH)
                                 MISC ---->  # 47 330               # 54  320
================================================================================
NOTES:
# LAST OF SEVERAL OCCURRENCES

COLUMN 17 PEAK WIND IN M.P.H.

PRELIMINARY LOCAL CLIMATOLOGICAL DATA (WS FORM: F-6) , PAGE 2

                                          STATION:  GREYBULL WY
                                          MONTH:    APRIL
                                          YEAR:     2014
                                          LATITUDE:   44 30 N
                                          LONGITUDE: 108  4 W

[TEMPERATURE DATA]      [PRECIPITATION DATA]       SYMBOLS USED IN COLUMN 16

AVERAGE MONTHLY: 45.4   TOTAL FOR MONTH:   0.46    1 = FOG OR MIST
DPTR FM NORMAL:   0.2   DPTR FM NORMAL:   -0.01    2 = FOG REDUCING VISIBILITY
HIGHEST:    77 ON 22    GRTST 24HR  0.16 ON 12-13      TO 1/4 MILE OR LESS
LOWEST:     15 ON 14                               3 = THUNDER
                        SNOW, ICE PELLETS, HAIL    4 = ICE PELLETS
                        TOTAL MONTH:   0.0 INCH    5 = HAIL
                        GRTST 24HR     0.0         6 = FREEZING RAIN OR DRIZZLE
                        GRTST DEPTH:   0           7 = DUSTSTORM OR SANDSTORM:
                                                       VSBY 1/2 MILE OR LESS
                                                   8 = SMOKE OR HAZE
[NO. OF DAYS WITH]      [WEATHER - DAYS WITH]      9 = BLOWING SNOW
                                                   X = TORNADO
MAX 32 OR BELOW:   0    0.01 INCH OR MORE:   8
MAX 90 OR ABOVE:   0    0.10 INCH OR MORE:   2
MIN 32 OR BELOW:  12    0.50 INCH OR MORE:   0
MIN  0 OR BELOW:   0    1.00 INCH OR MORE:   0

[HDD (BASE 65) ]
TOTAL THIS MO.   427    CLEAR  (SCALE 0-3)  11
DPTR FM NORMAL    -9    PTCLDY (SCALE 4-7)  10
TOTAL FM JUL 1  7219    CLOUDY (SCALE 8-10)  1
DPTR FM NORMAL   -59

[CDD (BASE 65) ]
TOTAL THIS MO.     0
DPTR FM NORMAL     0    [PRESSURE DATA]
TOTAL FM JAN 1     0    HIGHEST SLP M ON M
DPTR FM NORMAL     0    LOWEST  SLP 29.37 ON 22

[REMARKS]
