000
CXUS53 KIND 180730
CF6GEZ
PRELIMINARY LOCAL CLIMATOLOGICAL DATA (WS FORM: F-6)

                                          STATION:   SHELBYVILLE IN
                                          MONTH:     DECEMBER
                                          YEAR:      2014
                                          LATITUDE:   39 35 N
                                          LONGITUDE:  85 48 W

  TEMPERATURE IN F:       :PCPN:    SNOW:  WIND      :SUNSHINE: SKY     :PK WND
================================================================================
1   2   3   4   5  6A  6B    7    8   9   10  11  12  13   14  15   16   17  18
                                     12Z  AVG MX 2MIN
DY MAX MIN AVG DEP HDD CDD  WTR  SNW DPTH SPD SPD DIR MIN PSBL S-S WX    SPD DR
================================================================================

 1  46  29  38   1  27   0 0.02    M    M 12.7 22 350   M    M   8 18     26 340
 2  36  29  33  -3  32   0 0.00    M    M  8.1 16  70   M    M   9 18     20  70
 3  42  24  33  -3  32   0    T    M    M  8.8 20 250   M    M   6 18     22 250
 4  36  24  30  -5  35   0 0.07    M    M  5.8  9  80   M    M   7 18      M  M
 5  45  36  41   6  24   0 1.52    M    M  6.3 14  30   M    M  10 1      19  30
 6  44  34  39   4  26   0 0.26    M    M 12.6 23 350   M    M  10 18     29 360
 7  41  27  34   0  31   0 0.00    M    M  7.8 15  90   M    M   0        18  80
 8  44  33  39   5  26   0 0.03    M    M  8.1 16 180   M    M   4 18     19 180
 9  42  35  39   6  26   0 0.01    M    M 11.3 18 340   M    M  10 1      22 360
10  38  33  36   3  29   0 0.00    M    M  9.8 15 350   M    M  10        18 350
11  40  25  33   0  32   0 0.00    M    M  7.9 15 260   M    M   5 18     19 280
12  39  23  31  -1  34   0 0.00    M    M  7.5 17 270   M    M   6 18     22 260
13  47  36  42  10  23   0 0.00    M    M  6.5 12 260   M    M  10 18     14 110
14  49  42  46  14  19   0 0.00    M    M  6.8 12 190   M    M  10 18     14 190
15  46  42  44  12  21   0 0.04    M    M 10.6 20 130   M    M   9 18     22 130
16  48  33  41  10  24   0 0.09    M    M 15.3 28 270   M    M  10 18     34 270
17  34  26  30  -1  35   0    T    M    M 11.3 18 290   M    M   9 16     22 300
================================================================================
SM  717  531       476   0  2.04    M    157.2          M      133
================================================================================
AV 42.2 31.2                               9.2 FASTST   M    M   8    MAX(MPH)
                                 MISC ---->  # 28 270               # 34  270
================================================================================
NOTES:
# LAST OF SEVERAL OCCURRENCES

COLUMN 17 PEAK WIND IN M.P.H.

PRELIMINARY LOCAL CLIMATOLOGICAL DATA (WS FORM: F-6) , PAGE 2

                                          STATION:  SHELBYVILLE IN
                                          MONTH:    DECEMBER
                                          YEAR:     2014
                                          LATITUDE:   39 35 N
                                          LONGITUDE:  85 48 W

[TEMPERATURE DATA]      [PRECIPITATION DATA]       SYMBOLS USED IN COLUMN 16

AVERAGE MONTHLY: 36.7   TOTAL FOR MONTH:   2.04    1 = FOG OR MIST
DPTR FM NORMAL:   3.1   DPTR FM NORMAL:    0.32    2 = FOG REDUCING VISIBILITY
HIGHEST:    49 ON 14    GRTST 24HR  1.78 ON  5- 6      TO 1/4 MILE OR LESS
LOWEST:     23 ON 12                               3 = THUNDER
                        SNOW, ICE PELLETS, HAIL    4 = ICE PELLETS
                        TOTAL MONTH:    M          5 = HAIL
                        GRTST 24HR    M  ON   M    6 = FREEZING RAIN OR DRIZZLE
                        GRTST DEPTH:  M  ON   M    7 = DUSTSTORM OR SANDSTORM:
                                                       VSBY 1/2 MILE OR LESS
                                                   8 = SMOKE OR HAZE
[NO. OF DAYS WITH]      [WEATHER - DAYS WITH]      9 = BLOWING SNOW
                                                   X = TORNADO
MAX 32 OR BELOW:   0    0.01 INCH OR MORE:   8
MAX 90 OR ABOVE:   0    0.10 INCH OR MORE:   2
MIN 32 OR BELOW:   8    0.50 INCH OR MORE:   1
MIN  0 OR BELOW:   0    1.00 INCH OR MORE:   1

[HDD (BASE 65) ]
TOTAL THIS MO.   476    CLEAR  (SCALE 0-3)   1
DPTR FM NORMAL   -59    PTCLDY (SCALE 4-7)   6
TOTAL FM JUL 1  1660    CLOUDY (SCALE 8-10) 10
DPTR FM NORMAL    50

[CDD (BASE 65) ]
TOTAL THIS MO.     0
DPTR FM NORMAL     0    [PRESSURE DATA]
TOTAL FM JAN 1  1080    HIGHEST SLP M ON M
DPTR FM NORMAL   167    LOWEST  SLP 29.67 ON 16

[REMARKS]
