000
CXUS54 KSHV 251300
CF6GGG
PRELIMINARY LOCAL CLIMATOLOGICAL DATA (WS FORM: F-6)

                                          STATION:   LONGVIEW
                                          MONTH:     AUGUST
                                          YEAR:      2016
                                          LATITUDE:   32 22 N
                                          LONGITUDE:  94 43 W

  TEMPERATURE IN F:       :PCPN:    SNOW:  WIND      :SUNSHINE: SKY     :PK WND
================================================================================
1   2   3   4   5  6A  6B    7    8   9   10  11  12  13   14  15   16   17  18
                                     12Z  AVG MX 2MIN
DY MAX MIN AVG DEP HDD CDD  WTR  SNW DPTH SPD SPD DIR MIN PSBL S-S WX    SPD DR
================================================================================

 1  96  77  87   3   0  22 0.00  0.0    0  8.0 14 210   M    M   0        19 210
 2  98  75  87   3   0  22 0.00  0.0    0  5.6 13 200   M    M   1        16 160
 3  99  76  88   4   0  23 0.00  0.0    0  4.8 12 150   M    M   1        15 130
 4  99  77  88   4   0  23 0.00  0.0    0  5.9 12 170   M    M   2        15 220
 5  99  77  88   4   0  23 0.00  0.0    0  5.8 12 160   M    M   1        14 220
 6  99  78  89   5   0  24    T  0.0    0  5.9 16 100   M    M   2 3      21 100
 7 100  74  87   3   0  22 0.01  0.0    0  6.6 25  70   M    M   1 3      33  70
 8  96  73  85   1   0  20 0.00  0.0    0  5.9 10 120   M    M   2 3      21 150
 9  96  76  86   3   0  21    T  0.0    0  5.4  9 100   M    M   1 3       M  M
10 100  75  88   5   0  23 0.00  0.0    0  4.1 12  80   M    M   1        13 100
11  99  78  89   6   0  24 0.00  0.0    0  7.1 16 110   M    M   1        35 110
12 102  77  90   7   0  25 0.00  0.0    0  5.5 16 120   M    M   2        22 110
13  92  77  85   2   0  20 0.03  0.0    0  6.5 16 100   M    M   5 3      21 340
14  87  73  80  -3   0  15 0.18  0.0    0  6.9 14 310   M    M   9        17 300
15  76  72  74  -9   0   9 0.59  0.0    0  5.1 13 220   M    M   9 1      16 200
16  81  72  77  -6   0  12 0.81  0.0    0  3.9 10  30   M    M   8 1      13  50
17  78  72  75  -8   0  10 2.20  0.0    0  4.1 14  60   M    M  10 13     16  60
18  84  72  78  -5   0  13 0.39  0.0    0  5.1 14 260   M    M   8 138    17 250
19  88  73  81  -2   0  16 0.04  0.0    0  5.8 14 140   M    M   6 138    18 150
20  90  75  83   0   0  18 0.00  0.0    0  8.3 18 240   M    M   4        26 250
21  80  72  76  -6   0  11 0.16  0.0    0  3.5 10 180   M    M   8 1      13 180
22  89  72  81  -1   0  16 0.36  0.0    0  5.3 23 300   M    M   6 13     29 300
23  92  71  82   0   0  17 0.03  0.0    0  7.3 21 150   M    M   3 1      26 140
24  92  75  84   2   0  19 0.00  0.0    0  6.5 14 210   M    M   3        17 190
================================================================================
SM 2212 1789         0 448  4.80     0.0 138.9          M       94
================================================================================
AV 92.2 74.5                               5.8 FASTST   M    M   4    MAX(MPH)
                                 MISC ---->  # 25  70               # 35  110
================================================================================
NOTES:
# LAST OF SEVERAL OCCURRENCES

COLUMN 17 PEAK WIND IN M.P.H.

PRELIMINARY LOCAL CLIMATOLOGICAL DATA (WS FORM: F-6) , PAGE 2

                                          STATION:  LONGVIEW
                                          MONTH:    AUGUST
                                          YEAR:     2016
                                          LATITUDE:   32 22 N
                                          LONGITUDE:  94 43 W

[TEMPERATURE DATA]      [PRECIPITATION DATA]       SYMBOLS USED IN COLUMN 16

AVERAGE MONTHLY: 83.4   TOTAL FOR MONTH:   4.80    1 = FOG OR MIST
DPTR FM NORMAL:   0.2   DPTR FM NORMAL:    2.49    2 = FOG REDUCING VISIBILITY
HIGHEST:   102 ON 12    GRTST 24HR  2.37 ON 17-18      TO 1/4 MILE OR LESS
LOWEST:     71 ON 23                               3 = THUNDER
                        SNOW, ICE PELLETS, HAIL    4 = ICE PELLETS
                        TOTAL MONTH:   0.0 INCH    5 = HAIL
                        GRTST 24HR     0.0         6 = FREEZING RAIN OR DRIZZLE
                        GRTST DEPTH:   0           7 = DUSTSTORM OR SANDSTORM:
                                                       VSBY 1/2 MILE OR LESS
                                                   8 = SMOKE OR HAZE
[NO. OF DAYS WITH]      [WEATHER - DAYS WITH]      9 = BLOWING SNOW
                                                   X = TORNADO
MAX 32 OR BELOW:   0    0.01 INCH OR MORE:  11
MAX 90 OR ABOVE:  16    0.10 INCH OR MORE:   7
MIN 32 OR BELOW:   0    0.50 INCH OR MORE:   3
MIN  0 OR BELOW:   0    1.00 INCH OR MORE:   1

[HDD (BASE 65) ]
TOTAL THIS MO.     0    CLEAR  (SCALE 0-3)  13
DPTR FM NORMAL     0    PTCLDY (SCALE 4-7)   5
TOTAL FM JUL 1     0    CLOUDY (SCALE 8-10)  6
DPTR FM NORMAL     0

[CDD (BASE 65) ]
TOTAL THIS MO.   448
DPTR FM NORMAL    12    [PRESSURE DATA]
TOTAL FM JAN 1  1928    HIGHEST SLP M ON M
DPTR FM NORMAL   102    LOWEST  SLP 29.71 ON 12

[REMARKS]
