000
CXUS55 KGGW 310800
CF6GGW
PRELIMINARY LOCAL CLIMATOLOGICAL DATA (WS FORM: F-6)

                                          STATION:   GLASGOW MT
                                          MONTH:     JULY
                                          YEAR:      2015
                                          LATITUDE:   48 13 N
                                          LONGITUDE: 106 37 W

  TEMPERATURE IN F:       :PCPN:    SNOW:  WIND      :SUNSHINE: SKY     :PK WND
================================================================================
1   2   3   4   5  6A  6B    7    8   9   10  11  12  13   14  15   16   17  18
                                     12Z  AVG MX 2MIN
DY MAX MIN AVG DEP HDD CDD  WTR  SNW DPTH SPD SPD DIR MIN PSBL S-S WX    SPD DR
================================================================================

 1  84  58  71   3   0   6 0.00  0.0    0  6.4 33 350   M    M   3 18     43 350
 2  84  55  70   2   0   5 0.00  0.0    0  9.1 16 320   M    M   3 18     21 310
 3  89  59  74   5   0   9 0.00  0.0    0  7.8 15 160   M    M   0 18     18 150
 4  96  62  79  10   0  14 0.05  0.0    0 12.7 26  20   M    M   0 38     33  20
 5  72  57  65  -4   0   0 0.24  0.0    0 13.6 32  30   M    M   6 38     41  30
 6  75  54  65  -4   0   0 0.05  0.0    0  6.9 12  90   M    M   3 1      17 260
 7  83  54  69  -1   0   4    T  0.0    0  9.0 16 310   M    M   2 8      21 310
 8  83  53  68  -2   0   3 0.00  0.0    0  8.1 15 140   M    M   0 18     19 150
 9  92  56  74   4   0   9 0.00  0.0    0 10.2 16 200   M    M   0        22 190
10  94  63  79   9   0  14 0.03  0.0    0 12.4 29 220   M    M   1 3      35 220
11  87  63  75   5   0  10 0.01  0.0    0  9.1 22 220   M    M   3 3      27 230
12  81  63  72   1   0   7 0.06  0.0    0  8.5 23 310   M    M   3        28 310
13  92  62  77   6   0  12 0.00  0.0    0 10.5 23 280   M    M   1        26 310
14  88  59  74   3   0   9 0.06  0.0    0  7.6 18  20   M    M   3 138    22  20
15  90  57  74   3   0   9    T  0.0    0  6.2 16  60   M    M   3 3      21  60
16  89  54  72   1   0   7 0.00  0.0    0 12.2 35 320   M    M   1        42 320
17  79  47  63  -9   2   0    T  0.0    0 14.8 35 260   M    M   4        43 260
18  80  53  67  -5   0   2 0.00  0.0    0 12.6 24 320   M    M   4        31 280
19  89  59  74   2   0   9 0.00  0.0    0 12.0 25 320   M    M   1        35 320
20  85  53  69  -3   0   4 0.01  0.0    0  6.2 22  90   M    M   1        24  90
21  95  60  78   6   0  13 0.00  0.0    0  8.2 16 160   M    M   1        20  90
22  98  63  81   9   0  16 0.00  0.0    0  9.3 29 330   M    M   0 3      35 320
23  77  58  68  -4   0   3 0.06  0.0    0  7.1 16 350   M    M   4        19 350
24  91  54  73   0   0   8 0.00  0.0    0  9.1 21 290   M    M   0        26 290
25  94  58  76   3   0  11 0.00  0.0    0  8.6 18 270   M    M   0        25 250
26  92  64  78   5   0  13 0.01  0.0    0 11.5 26  10   M    M   2        34  10
27  82  57  70  -3   0   5 0.52  0.0    0 19.3 39 320   M    M   7 3      47 320
28  69  55  62 -11   3   0 0.65  0.0    0 21.7 37 280   M    M   6        47 300
29  83  52  68  -5   0   3    T  0.0    0  8.3 22 340   M    M   1 8      27 320
30  86  54  70  -3   0   5    T  0.0    0  6.9 17 300   M    M   1        25 310
================================================================================
SM 2579 1716         5 210  1.75     0.0 305.9          M       64
================================================================================
AV 86.0 57.2                              10.2 FASTST   M    M   2    MAX(MPH)
                                 MISC ---->  # 39 320               # 47  320
================================================================================
NOTES:
# LAST OF SEVERAL OCCURRENCES

COLUMN 17 PEAK WIND IN M.P.H.

PRELIMINARY LOCAL CLIMATOLOGICAL DATA (WS FORM: F-6) , PAGE 2

                                          STATION:  GLASGOW MT
                                          MONTH:    JULY
                                          YEAR:     2015
                                          LATITUDE:   48 13 N
                                          LONGITUDE: 106 37 W

[TEMPERATURE DATA]      [PRECIPITATION DATA]       SYMBOLS USED IN COLUMN 16

AVERAGE MONTHLY: 71.6   TOTAL FOR MONTH:   1.75    1 = FOG OR MIST
DPTR FM NORMAL:   0.5   DPTR FM NORMAL:    0.02    2 = FOG REDUCING VISIBILITY
HIGHEST:    98 ON 22    GRTST 24HR  1.00 ON 27-28      TO 1/4 MILE OR LESS
LOWEST:     47 ON 17                               3 = THUNDER
                        SNOW, ICE PELLETS, HAIL    4 = ICE PELLETS
                        TOTAL MONTH:   0.0 INCH    5 = HAIL
                        GRTST 24HR     0.0         6 = FREEZING RAIN OR DRIZZLE
                        GRTST DEPTH:   0           7 = DUSTSTORM OR SANDSTORM:
                                                       VSBY 1/2 MILE OR LESS
                                                   8 = SMOKE OR HAZE
[NO. OF DAYS WITH]      [WEATHER - DAYS WITH]      9 = BLOWING SNOW
                                                   X = TORNADO
MAX 32 OR BELOW:   0    0.01 INCH OR MORE:  12
MAX 90 OR ABOVE:  10    0.10 INCH OR MORE:   3
MIN 32 OR BELOW:   0    0.50 INCH OR MORE:   2
MIN  0 OR BELOW:   0    1.00 INCH OR MORE:   0

[HDD (BASE 65) ]
TOTAL THIS MO.     5    CLEAR  (SCALE 0-3)  21
DPTR FM NORMAL   -10    PTCLDY (SCALE 4-7)   9
TOTAL FM JUL 1     5    CLOUDY (SCALE 8-10)  0
DPTR FM NORMAL   -10

[CDD (BASE 65) ]
TOTAL THIS MO.   210
DPTR FM NORMAL    11    [PRESSURE DATA]
TOTAL FM JAN 1   337    HIGHEST SLP M ON M
DPTR FM NORMAL    46    LOWEST  SLP 29.52 ON 27

[REMARKS]
