000
CXUS54 KFWD 010730
CF6GKY
PRELIMINARY LOCAL CLIMATOLOGICAL DATA (WS FORM: F-6)

                                          STATION:   ARLINGTON
                                          MONTH:     JULY
                                          YEAR:      2015
                                          LATITUDE:   32 39 N
                                          LONGITUDE:  97  6 W

  TEMPERATURE IN F:       :PCPN:    SNOW:  WIND      :SUNSHINE: SKY     :PK WND
================================================================================
1   2   3   4   5  6A  6B    7    8   9   10  11  12  13   14  15   16   17  18
                                     12Z  AVG MX 2MIN
DY MAX MIN AVG DEP HDD CDD  WTR  SNW DPTH SPD SPD DIR MIN PSBL S-S WX    SPD DR
================================================================================

 1  94  74  84   1   0  19 0.00  0.0    0 10.3 21 160   M    M   0        30 190
 2  92  73  83   0   0  18 0.00  0.0    0 11.4 21 220   M    M   0        27 210
 3  93  79  86   3   0  21    T  0.0    0  9.6 16 210   M    M   2        23 200
 4  94  77  86   3   0  21 0.00  0.0    0  9.8 16 160   M    M   1        23 160
 5   M   M   M   M   M   M 0.00  0.0    0   M   M   M   M    M   M         M  M
 6  93   M   M   M   M   M 0.00  0.0    0 16.7 25 160   M    M   M        35 160
 7  91  79  85   1   0  20 0.00  0.0    0 13.6 22 180   M    M   3        31 180
 8  88  78  83  -1   0  18 0.05  0.0    0 12.3 20 170   M    M   4 3      28 160
 9  93  77  85   1   0  20 0.00  0.0    0 13.0 25 150   M    M   1        33 150
10  94  72  83  -1   0  18 0.00  0.0    0  9.3 22 140   M    M   1        27 140
11  95  74  85   1   0  20 0.00  0.0    0  9.8 17 140   M    M   0        22 150
12  97  75  86   2   0  21 0.00  0.0    0  8.0 15 140   M    M   0        20 140
13  99  77  88   4   0  23 0.00  0.0    0  8.5 20 140   M    M   0        24 130
14 100  78  89   5   0  24 0.00  0.0    0  8.8 17 150   M    M   0        22 150
15  97  75  86   2   0  21 0.00  0.0    0  9.0 18 150   M    M   0        24 140
16  98  75  87   3   0  22 0.00  0.0    0 10.7 17 160   M    M   0        23 140
17  98  77  88   4   0  23 0.00  0.0    0 10.5 20 160   M    M   0        27 150
18 100  79  90   6   0  25 0.00  0.0    0 10.5 18 150   M    M   0        26 160
19  99  76  88   4   0  23 0.00  0.0    0  8.2 17 140   M    M   0        22 140
20 101  77  89   5   0  24 0.00  0.0    0  8.1 16 140   M    M   0        20 140
21  99  77  88   4   0  23 0.00  0.0    0  8.4 17 140   M    M   0        21 140
22  99  79  89   4   0  24 0.00  0.0    0  9.7 17 140   M    M   0        23 190
23 100  79  90   5   0  25 0.00  0.0    0 10.0 18 170   M    M   0        28 150
24 100  78  89   4   0  24 0.00  0.0    0  8.4 20 140   M    M   0        24 250
25 101  79  90   5   0  25 0.00  0.0    0  7.3 17 150   M    M   0        26 130
26 101  75  88   3   0  23 0.00  0.0    0  6.3 15 140   M    M   0        22 130
27 101  75  88   3   0  23 0.00  0.0    0  8.3 18 150   M    M   0        24 190
28 100  80  90   5   0  25 0.00  0.0    0  9.8 18 130   M    M   0        26 140
29 102  78  90   5   0  25 0.00  0.0    0  6.1 14 150   M    M   0        17 150
30 104  74  89   4   0  24 0.00  0.0    0  3.6 14  70   M    M   1 8      17  70
31  99  82  91   6   0  26 0.00  0.0    0  7.8 16  90   M    M   0        23 100
================================================================================
SM 2922 2228         0 648  0.05     0.0 283.8          M       13
================================================================================
AV 97.4 76.8                               9.5 FASTST   M    M   0    MAX(MPH)
                                 MISC ---->  # 25 160               # 35  160
================================================================================
NOTES:
# LAST OF SEVERAL OCCURRENCES

COLUMN 17 PEAK WIND IN M.P.H.

PRELIMINARY LOCAL CLIMATOLOGICAL DATA (WS FORM: F-6) , PAGE 2

                                          STATION:  ARLINGTON
                                          MONTH:    JULY
                                          YEAR:     2015
                                          LATITUDE:   32 39 N
                                          LONGITUDE:  97  6 W

[TEMPERATURE DATA]      [PRECIPITATION DATA]       SYMBOLS USED IN COLUMN 16

AVERAGE MONTHLY: 87.1   TOTAL FOR MONTH:   0.05    1 = FOG OR MIST
DPTR FM NORMAL:   3.0   DPTR FM NORMAL:   -2.30    2 = FOG REDUCING VISIBILITY
HIGHEST:   104 ON 30    GRTST 24HR  0.05 ON  8- 8      TO 1/4 MILE OR LESS
LOWEST:     72 ON 10                               3 = THUNDER
                        SNOW, ICE PELLETS, HAIL    4 = ICE PELLETS
                        TOTAL MONTH:   0.0 INCH    5 = HAIL
                        GRTST 24HR     0.0         6 = FREEZING RAIN OR DRIZZLE
                        GRTST DEPTH:   0           7 = DUSTSTORM OR SANDSTORM:
                                                       VSBY 1/2 MILE OR LESS
                                                   8 = SMOKE OR HAZE
[NO. OF DAYS WITH]      [WEATHER - DAYS WITH]      9 = BLOWING SNOW
                                                   X = TORNADO
MAX 32 OR BELOW:   0    0.01 INCH OR MORE:   1
MAX 90 OR ABOVE:  29    0.10 INCH OR MORE:   0
MIN 32 OR BELOW:   0    0.50 INCH OR MORE:   0
MIN  0 OR BELOW:   0    1.00 INCH OR MORE:   0

[HDD (BASE 65) ]
TOTAL THIS MO.     0    CLEAR  (SCALE 0-3)  28
DPTR FM NORMAL     0    PTCLDY (SCALE 4-7)   1
TOTAL FM JUL 1     0    CLOUDY (SCALE 8-10)  0
DPTR FM NORMAL     0

[CDD (BASE 65) ]
TOTAL THIS MO.   648
DPTR FM NORMAL    56    [PRESSURE DATA]
TOTAL FM JAN 1  1598    HIGHEST SLP M ON M
DPTR FM NORMAL   124    LOWEST  SLP 29.75 ON 21

[REMARKS]
#FINAL-07-15#
