000
CXUS53 KGLD 250800
CF6GLD
PRELIMINARY LOCAL CLIMATOLOGICAL DATA (WS FORM: F-6)

                                          STATION:   GOODLAND KS
                                          MONTH:     OCTOBER
                                          YEAR:      2014
                                          LATITUDE:   39 22 N
                                          LONGITUDE: 101 42 W

  TEMPERATURE IN F:       :PCPN:    SNOW:  WIND      :SUNSHINE: SKY     :PK WND
================================================================================
1   2   3   4   5  6A  6B    7    8   9   10  11  12  13   14  15   16   17  18
                                     12Z  AVG MX 2MIN
DY MAX MIN AVG DEP HDD CDD  WTR  SNW DPTH SPD SPD DIR MIN PSBL S-S WX    SPD DR
================================================================================

 1  76  46  61   3   4   0 0.01  0.0    0  9.3 32 310   M    M   1        41 320
 2  66  43  55  -2  10   0    T  0.0    0 14.9 32  10   M    M   3        42  10
 3  59  35  47 -10  18   0 0.00  0.0    0 15.0 37  10   M    M   3        48 360
 4  73  33  53  -3  12   0 0.00  0.0    0  8.2 24 300   M    M   1        31 340
 5  75  40  58   2   7   0    T  0.0    0  9.0 39 350   M    M   2 8      50 350
 6  78  47  63   7   2   0 0.00  0.0    0 10.3 24 310   M    M   2        31 310
 7  80  48  64   9   1   0 0.00  0.0    0  7.9 15 330   M    M   0 8      20 350
 8  73  44  59   4   6   0 0.00  0.0    0  8.7 20 160   M    M   2        23 150
 9  58  46  52  -2  13   0 0.19  0.0    0  9.1 22  40   M    M   7 1      27  80
10  51  37  44 -10  21   0 0.24  0.0    0  8.1 20  40   M    M   7 1      24  50
11  63  37  50  -4  15   0 0.00  0.0    0 14.2 23 180   M    M   2 1      29 190
12  67  42  55   2  10   0 0.00  0.0    0 15.7 35 340   M    M   4        44 350
13  61  36  49  -4  16   0 0.00  0.0    0 20.2 37 360   M    M   1        47 340
14  70  34  52   0  13   0 0.00  0.0    0  7.8 15 310   M    M   0        19 310
15  81  39  60   8   5   0 0.00  0.0    0 13.5 24 170   M    M   0        32 160
16  78  41  60   8   5   0 0.00  0.0    0  9.9 24 340   M    M   0 8      30 340
17  67  35  51  -1  14   0 0.00  0.0    0  4.9 12  10   M    M   0        17  10
18  66  34  50  -1  15   0 0.00  0.0    0 13.5 24 170   M    M   0        30 170
19  77  41  59   8   6   0 0.00  0.0    0  7.4 16  40   M    M   0        20 180
20  76  39  58   8   7   0 0.00  0.0    0  9.3 18 150   M    M   0        24 180
21  80  42  61  11   4   0    T  0.0    0 14.4 26 190   M    M   2 12     36 190
22  74  45  60  10   5   0    T  0.0    0  8.3 18 360   M    M   1        24 360
23  76  41  59  10   6   0 0.00  0.0    0  9.3 18 220   M    M   0        23 210
24  89  42  66  17   0   1 0.00  0.0    0  5.9 16 230   M    M   0        20 230
================================================================================
SM 1714  967       215   1  0.44     0.0 254.8          M       38
================================================================================
AV 71.4 40.3                              10.6 FASTST   M    M   2    MAX(MPH)
                                 MISC ---->  # 39 350               # 50  350
================================================================================
NOTES:
# LAST OF SEVERAL OCCURRENCES

COLUMN 17 PEAK WIND IN M.P.H.

PRELIMINARY LOCAL CLIMATOLOGICAL DATA (WS FORM: F-6) , PAGE 2

                                          STATION:  GOODLAND KS
                                          MONTH:    OCTOBER
                                          YEAR:     2014
                                          LATITUDE:   39 22 N
                                          LONGITUDE: 101 42 W

[TEMPERATURE DATA]      [PRECIPITATION DATA]       SYMBOLS USED IN COLUMN 16

AVERAGE MONTHLY: 55.9   TOTAL FOR MONTH:   0.44    1 = FOG OR MIST
DPTR FM NORMAL:   2.7   DPTR FM NORMAL:   -0.68    2 = FOG REDUCING VISIBILITY
HIGHEST:    89 ON 24    GRTST 24HR  0.42 ON  9-10      TO 1/4 MILE OR LESS
LOWEST:     33 ON  4                               3 = THUNDER
                        SNOW, ICE PELLETS, HAIL    4 = ICE PELLETS
                        TOTAL MONTH:   0.0 INCH    5 = HAIL
                        GRTST 24HR     0.0         6 = FREEZING RAIN OR DRIZZLE
                        GRTST DEPTH:   0           7 = DUSTSTORM OR SANDSTORM:
                                                       VSBY 1/2 MILE OR LESS
                                                   8 = SMOKE OR HAZE
[NO. OF DAYS WITH]      [WEATHER - DAYS WITH]      9 = BLOWING SNOW
                                                   X = TORNADO
MAX 32 OR BELOW:   0    0.01 INCH OR MORE:   3
MAX 90 OR ABOVE:   0    0.10 INCH OR MORE:   2
MIN 32 OR BELOW:   0    0.50 INCH OR MORE:   0
MIN  0 OR BELOW:   0    1.00 INCH OR MORE:   0

[HDD (BASE 65) ]
TOTAL THIS MO.   215    CLEAR  (SCALE 0-3)  21
DPTR FM NORMAL   -76    PTCLDY (SCALE 4-7)   3
TOTAL FM JUL 1   328    CLOUDY (SCALE 8-10)  0
DPTR FM NORMAL   -87

[CDD (BASE 65) ]
TOTAL THIS MO.     1
DPTR FM NORMAL    -4    [PRESSURE DATA]
TOTAL FM JAN 1   920    HIGHEST SLP M ON M
DPTR FM NORMAL   -18    LOWEST  SLP 29.57 ON 12

[REMARKS]
