000
CXUS54 KFWD 250730
CF6GLE
PRELIMINARY LOCAL CLIMATOLOGICAL DATA (WS FORM: F-6)

                                          STATION:   GAINESVILLE
                                          MONTH:     NOVEMBER
                                          YEAR:      2014
                                          LATITUDE:   33 39 N
                                          LONGITUDE:  97 12 W

  TEMPERATURE IN F:       :PCPN:    SNOW:  WIND      :SUNSHINE: SKY     :PK WND
================================================================================
1   2   3   4   5  6A  6B    7    8   9   10  11  12  13   14  15   16   17  18
                                     12Z  AVG MX 2MIN
DY MAX MIN AVG DEP HDD CDD  WTR  SNW DPTH SPD SPD DIR MIN PSBL S-S WX    SPD DR
================================================================================

 1  59  32  46 -13  19   0 0.00  0.0    0  7.2 15 120   M    M   0        18 120
 2  64  44  54  -5  11   0 0.00  0.0    0 13.4 23 150   M    M   2        30 150
 3  73  51  62   4   3   0 0.00  0.0    0 13.4 21 160   M    M   8        28 160
 4  68  49  59   1   6   0 1.69  0.0    0  9.3 14  20   M    M  10        22 150
 5  58  48  53  -5  12   0 0.01  0.0    0  4.3  9 310   M    M   5         M  M
 6  70  45  58   1   7   0 0.00  0.0    0  7.3 12 350   M    M   0 8      16  10
 7  66  38  52  -5  13   0 0.00  0.0    0  6.6 14 160   M    M   0 8      18 160
 8  68  44  56   0   9   0 0.00  0.0    0  9.5 21 360   M    M   0        28 350
 9  72  37  55  -1  10   0 0.00  0.0    0  7.4 16 190   M    M   0        24 170
10  79  50  65   9   0   0 0.00  0.0    0 15.3 30 180   M    M   0        37 190
11  64  33  49  -6  16   0 0.00  0.0    0 16.8 28 330   M    M   3        36 330
12  36  27  32 -23  33   0 0.00  0.0    0 14.9 20 350   M    M   6        27 340
13  36  26  31 -23  34   0 0.00  0.0    0 11.0 20 350   M    M   5        25 350
14  38  22  30 -24  35   0 0.00  0.0    0  2.8  6 210   M    M   7         M  M
15  46  31  39 -15  26   0 0.00  0.0    0 11.7 21 150   M    M   8 1      28 150
16  40  25  33 -20  32   0    M    M    0 12.8 20 330   M    M  10 1      25 330
17  41  21  31 -22  34   0 0.00  0.0    M  7.8 17 320   M    M   0        23 330
18  55  21  38 -14  27   0 0.00  0.0    0  5.7 12 220   M    M   0        18 220
19  61  30  46  -6  19   0 0.00  0.0    0  6.2 10 220   M    M   0         M  M
20  70  34  52   0  13   0 0.00  0.0    0  5.9 17 160   M    M   0 8      23 160
21  68  57  63  12   2   0 0.00  0.0    0 11.3 15 160   M    M  10 1      21 150
22  62  56  59   8   6   0 0.49  0.0    0 11.7 18 150   M    M  10 1      27 150
23  73  45  59   9   6   0 0.00  0.0    0 14.0 29 270   M    M   3 12     38 280
24  60  37  49  -1  16   0 0.00  0.0    0  7.7 14 290   M    M   0        25 290
================================================================================
SM 1427  903       389   0  2.19     0.0 234.0          M       87
================================================================================
AV 59.5 37.6                               9.7 FASTST   M    M   4    MAX(MPH)
                                 MISC ---->    30   M               # 38  280
================================================================================
NOTES:
# LAST OF SEVERAL OCCURRENCES

COLUMN 17 PEAK WIND IN M.P.H.

PRELIMINARY LOCAL CLIMATOLOGICAL DATA (WS FORM: F-6) , PAGE 2

                                          STATION:  GAINESVILLE
                                          MONTH:    NOVEMBER
                                          YEAR:     2014
                                          LATITUDE:   33 39 N
                                          LONGITUDE:  97 12 W

[TEMPERATURE DATA]      [PRECIPITATION DATA]       SYMBOLS USED IN COLUMN 16

AVERAGE MONTHLY: 48.5   TOTAL FOR MONTH:   2.19    1 = FOG OR MIST
DPTR FM NORMAL:  -6.0   DPTR FM NORMAL:   -0.22    2 = FOG REDUCING VISIBILITY
HIGHEST:    79 ON 10    GRTST 24HR  1.69 ON  4- 4      TO 1/4 MILE OR LESS
LOWEST:     21 ON 18,17                            3 = THUNDER
                        SNOW, ICE PELLETS, HAIL    4 = ICE PELLETS
                        TOTAL MONTH:   0.0 INCH    5 = HAIL
                        GRTST 24HR     0.0         6 = FREEZING RAIN OR DRIZZLE
                        GRTST DEPTH:   0           7 = DUSTSTORM OR SANDSTORM:
                                                       VSBY 1/2 MILE OR LESS
                                                   8 = SMOKE OR HAZE
[NO. OF DAYS WITH]      [WEATHER - DAYS WITH]      9 = BLOWING SNOW
                                                   X = TORNADO
MAX 32 OR BELOW:   0    0.01 INCH OR MORE:   3
MAX 90 OR ABOVE:   0    0.10 INCH OR MORE:   2
MIN 32 OR BELOW:   9    0.50 INCH OR MORE:   1
MIN  0 OR BELOW:   0    1.00 INCH OR MORE:   1

[HDD (BASE 65) ]
TOTAL THIS MO.   389    CLEAR  (SCALE 0-3)  12
DPTR FM NORMAL   127    PTCLDY (SCALE 4-7)   7
TOTAL FM JUL 1   445    CLOUDY (SCALE 8-10)  5
DPTR FM NORMAL    69

[CDD (BASE 65) ]
TOTAL THIS MO.     0
DPTR FM NORMAL   -11    [PRESSURE DATA]
TOTAL FM JAN 1  2040    HIGHEST SLP M ON M
DPTR FM NORMAL  -171    LOWEST  SLP M ON M

[REMARKS]
