000
CXUS54 KFWD 280730
CF6GLE
PRELIMINARY LOCAL CLIMATOLOGICAL DATA (WS FORM: F-6)

                                          STATION:   GAINESVILLE
                                          MONTH:     MAY
                                          YEAR:      2015
                                          LATITUDE:   33 39 N
                                          LONGITUDE:  97 12 W

  TEMPERATURE IN F:       :PCPN:    SNOW:  WIND      :SUNSHINE: SKY     :PK WND
================================================================================
1   2   3   4   5  6A  6B    7    8   9   10  11  12  13   14  15   16   17  18
                                     12Z  AVG MX 2MIN
DY MAX MIN AVG DEP HDD CDD  WTR  SNW DPTH SPD SPD DIR MIN PSBL S-S WX    SPD DR
================================================================================

 1  78  51  65  -1   0   0 0.00  0.0    0  2.2  6 120   M    M   1         M  M
 2  80  56  68   2   0   3 0.00  0.0    0  5.1 13 170   M    M   1        18 190
 3  78  56  67   0   0   2 0.00  0.0    0  8.5 16 150   M    M   0        22 150
 4  80  60  70   3   0   5 0.00  0.0    0  9.5 18 140   M    M   2        21 170
 5  79  59  69   2   0   4 0.46  0.0    0 11.1 24 150   M    M   6        28 150
 6  80  64  72   4   0   7 0.31  0.0    0 14.0 21 150   M    M   6        31 150
 7  80  60  70   2   0   5 3.28  0.0    0 10.8 18 340   M    M   9        30 340
 8  82  64  73   5   0   8 0.74  0.0    0  7.9 14 100   M    M   8 1      18 140
 9  79  66  73   5   0   8 0.39  0.0    0 11.9 24 160   M    M   7 1      32 160
10  73  63  68  -1   0   3 2.64  0.0    0  8.1 33 240   M    M   8 3      25 130
11  70  54  62  -7   3   0 0.01  0.0    0  9.1 14 340   M    M   0        18 350
12  72  54  63  -6   2   0 0.00  0.0    0  6.4 15  50   M    M   4        21  50
13  65  59  62  -7   3   0 0.56  0.0    0  8.6 13  80   M    M   9 1      18 110
14  82  64  73   3   0   8 0.00  0.0    0 10.6 18 170   M    M   6 1      24 180
15  78  63  71   1   0   6 0.69  0.0    0 10.5 20 150   M    M   6        25 150
16  82  64  73   3   0   8 0.51  0.0    0 12.6 18 170   M    M   9 1      29 170
17  79  63  71   1   0   6 0.09  0.0    0  8.3 18 210   M    M   1        25 210
18  87  64  76   5   0  11 0.00  0.0    0  4.8 15  70   M    M   3 12      M  M
19  80  69  75   4   0  10 0.30  0.0    0 10.8 18 110   M    M   8 1      24 110
20  73  57  65  -6   0   0 2.49  0.0    0  9.4 31 160   M    M   9        36 160
21  67  52  60 -12   5   0 0.64  0.0    0  7.8 12 360   M    M   9        18  10
22  62  56  59 -13   6   0 0.26  0.0    0  7.4 13 100   M    M  10         M  M
23  80  62  71  -1   0   6 0.10  0.0    0 12.4 23 160   M    M  10 1      37 140
24  77  65  71  -1   0   6 0.84  0.0    0  6.5 13 180   M    M   6        20 180
25  79  58  69  -4   0   4 0.45  0.0    0  8.6 20 130   M    M   8 1      27 180
26  79  57  68  -5   0   3 0.01  0.0    0  7.2 12 120   M    M   7 1      16 170
27  84  61  73   0   0   8 0.00  0.0    0  6.1 14 130   M    M   1        20 130
================================================================================
SM 2085 1621        19 121 14.77     0.0 236.2          M      154
================================================================================
AV 77.2 60.0                               8.7 FASTST   M    M   6    MAX(MPH)
                                 MISC ---->    33   M                 37    M
================================================================================
NOTES:
# LAST OF SEVERAL OCCURRENCES

COLUMN 17 PEAK WIND IN M.P.H.

PRELIMINARY LOCAL CLIMATOLOGICAL DATA (WS FORM: F-6) , PAGE 2

                                          STATION:  GAINESVILLE
                                          MONTH:    MAY
                                          YEAR:     2015
                                          LATITUDE:   33 39 N
                                          LONGITUDE:  97 12 W

[TEMPERATURE DATA]      [PRECIPITATION DATA]       SYMBOLS USED IN COLUMN 16

AVERAGE MONTHLY: 68.6   TOTAL FOR MONTH:  14.77    1 = FOG OR MIST
DPTR FM NORMAL:  -1.0   DPTR FM NORMAL:   10.12    2 = FOG REDUCING VISIBILITY
HIGHEST:    87 ON 18    GRTST 24HR  3.28 ON  7- 7      TO 1/4 MILE OR LESS
LOWEST:     51 ON  1                               3 = THUNDER
                        SNOW, ICE PELLETS, HAIL    4 = ICE PELLETS
                        TOTAL MONTH:   0.0 INCH    5 = HAIL
                        GRTST 24HR     0.0         6 = FREEZING RAIN OR DRIZZLE
                        GRTST DEPTH:   0           7 = DUSTSTORM OR SANDSTORM:
                                                       VSBY 1/2 MILE OR LESS
                                                   8 = SMOKE OR HAZE
[NO. OF DAYS WITH]      [WEATHER - DAYS WITH]      9 = BLOWING SNOW
                                                   X = TORNADO
MAX 32 OR BELOW:   0    0.01 INCH OR MORE:  19
MAX 90 OR ABOVE:   0    0.10 INCH OR MORE:  16
MIN 32 OR BELOW:   0    0.50 INCH OR MORE:   9
MIN  0 OR BELOW:   0    1.00 INCH OR MORE:   3

[HDD (BASE 65) ]
TOTAL THIS MO.    19    CLEAR  (SCALE 0-3)   8
DPTR FM NORMAL    -6    PTCLDY (SCALE 4-7)  12
TOTAL FM JUL 1  2883    CLOUDY (SCALE 8-10)  7
DPTR FM NORMAL   -17

[CDD (BASE 65) ]
TOTAL THIS MO.   121
DPTR FM NORMAL   -32    [PRESSURE DATA]
TOTAL FM JAN 1   190    HIGHEST SLP M ON M
DPTR FM NORMAL   -33    LOWEST  SLP M ON M

[REMARKS]
