000
CXUS54 KHGX 230744
CF6GLS
PRELIMINARY LOCAL CLIMATOLOGICAL DATA (WS FORM: F-6)

                                          STATION:   GALVESTON
                                          MONTH:     OCTOBER
                                          YEAR:      2017
                                          LATITUDE:   29 16 N
                                          LONGITUDE:  94 52 W

  TEMPERATURE IN F:       :PCPN:    SNOW:  WIND      :SUNSHINE: SKY     :PK WND
================================================================================
1   2   3   4   5  6A  6B    7    8   9   10  11  12  13   14  15   16   17  18
                                     12Z  AVG MX 2MIN
DY MAX MIN AVG DEP HDD CDD  WTR  SNW DPTH SPD SPD DIR MIN PSBL S-S WX    SPD DR
================================================================================

 1  89  75  82   4   0  17 0.00  0.0    0  8.7 14 100   M    M   1        18 110
 2  89  78  84   6   0  19 0.27  0.0    0 10.7 20 120   M    M   6 1      27  50
 3  89  83  86   8   0  21 0.03  0.0    0 17.0 23 100   M    M   6 138    31 100
 4  88  81  85   7   0  20 0.00  0.0    0 14.3 23  80   M    M   5        31  90
 5  87  78  83   6   0  18    T  0.0    0 10.2 20  60   M    M   4        23  80
 6  87  76  82   5   0  17 0.00  0.0    0  8.1 15  90   M    M   3        22  50
 7  91  79  85   8   0  20    T  0.0    0  6.9 15  10   M    M   6        18  10
 8  90  80  85   9   0  20 0.00  0.0    0  8.3 16 190   M    M   2        20 140
 9  91  82  87  11   0  22 0.00  0.0    0  9.1 14 180   M    M   3        17 180
10  85  73  79   3   0  14 0.34  0.0    0 14.4 25 350   M    M   4 13     30 360
11  83  70  77   1   0  12 0.00  0.0    0 14.6 24  10   M    M   0        30  10
12  88  74  81   5   0  16 0.00  0.0    0  7.1 13  30   M    M   0        15  30
13  89  78  84   9   0  19 0.00  0.0    0  6.4 12 100   M    M   1 18     15 130
14  90  80  85  10   0  20 0.00  0.0    0  8.4 14 120   M    M   2        19 130
15  91  75  83   8   0  18    T  0.0    0 12.6 32  10   M    M   1        42  10
16  79  66  73  -1   0   8 0.00  0.0    0 21.3 33  10   M    M   2        41 360
17  77  61  69  -5   0   4 0.00  0.0    0 10.9 20  30   M    M   0        25  30
18  83  66  75   1   0  10 0.00  0.0    0  8.1 16 110   M    M   2 18     22 360
19  84  76  80   6   0  15    T  0.0    0 12.5 21  80   M    M   4        25  60
20  84  75  80   7   0  15 0.53  0.0    0 15.0 33 130   M    M   7 13     42 120
21  87  78  83  10   0  18 0.00  0.0    0 11.3 16 140   M    M   1        21 150
22  81  66  74   1   0   9 0.41  0.0    0 11.4 43 360   M    M   4 13     52 350
================================================================================
SM 1902 1650         0 352  1.58     0.0 247.3          M       64
================================================================================
AV 86.5 75.0                              11.2 FASTST   M    M   3    MAX(MPH)
                                 MISC ---->  # 43 360               # 52  350
================================================================================
NOTES:
# LAST OF SEVERAL OCCURRENCES

COLUMN 17 PEAK WIND IN M.P.H.

PRELIMINARY LOCAL CLIMATOLOGICAL DATA (WS FORM: F-6) , PAGE 2

                                          STATION:  GALVESTON
                                          MONTH:    OCTOBER
                                          YEAR:     2017
                                          LATITUDE:   29 16 N
                                          LONGITUDE:  94 52 W

[TEMPERATURE DATA]      [PRECIPITATION DATA]       SYMBOLS USED IN COLUMN 16

AVERAGE MONTHLY: 80.7   TOTAL FOR MONTH:   1.58    1 = FOG OR MIST
DPTR FM NORMAL:   5.1   DPTR FM NORMAL:   -2.64    2 = FOG REDUCING VISIBILITY
HIGHEST:    91 ON 15, 9 GRTST 24HR  0.53 ON 20-20      TO 1/4 MILE OR LESS
LOWEST:     61 ON 17                               3 = THUNDER
                        SNOW, ICE PELLETS, HAIL    4 = ICE PELLETS
                        TOTAL MONTH:   0.0 INCH    5 = HAIL
                        GRTST 24HR     0.0         6 = FREEZING RAIN OR DRIZZLE
                        GRTST DEPTH:   0           7 = DUSTSTORM OR SANDSTORM:
                                                       VSBY 1/2 MILE OR LESS
                                                   8 = SMOKE OR HAZE
[NO. OF DAYS WITH]      [WEATHER - DAYS WITH]      9 = BLOWING SNOW
                                                   X = TORNADO
MAX 32 OR BELOW:   0    0.01 INCH OR MORE:   5
MAX 90 OR ABOVE:   5    0.10 INCH OR MORE:   4
MIN 32 OR BELOW:   0    0.50 INCH OR MORE:   1
MIN  0 OR BELOW:   0    1.00 INCH OR MORE:   0

[HDD (BASE 65) ]
TOTAL THIS MO.     0    CLEAR  (SCALE 0-3)  13
DPTR FM NORMAL     0    PTCLDY (SCALE 4-7)   9
TOTAL FM JUL 1     0    CLOUDY (SCALE 8-10)  0
DPTR FM NORMAL     0

[CDD (BASE 65) ]
TOTAL THIS MO.   352
DPTR FM NORMAL   116    [PRESSURE DATA]
TOTAL FM JAN 1  3764    HIGHEST SLP M ON M
DPTR FM NORMAL   635    LOWEST  SLP 29.64 ON  8

[REMARKS]
