000
CXUS54 KHGX 231415
CF6GLS
PRELIMINARY LOCAL CLIMATOLOGICAL DATA (WS FORM: F-6)

                                          STATION:   GALVESTON
                                          MONTH:     APRIL
                                          YEAR:      2014
                                          LATITUDE:   29 16 N
                                          LONGITUDE:  94 52 W

  TEMPERATURE IN F:       :PCPN:    SNOW:  WIND      :SUNSHINE: SKY     :PK WND
================================================================================
1   2   3   4   5  6A  6B    7    8   9   10  11  12  13   14  15   16   17  18
                                     12Z  AVG MX 2MIN
DY MAX MIN AVG DEP HDD CDD  WTR  SNW DPTH SPD SPD DIR MIN PSBL S-S WX    SPD DR
================================================================================

 1  76  66  71   4   0   6    T  0.0    0 13.5 21 150   M    M   8 18     25 160
 2  75  68  72   5   0   7    T  0.0    0 14.0 21 130   M    M   9 18     26 140
 3  75  69  72   5   0   7 0.00  0.0    0 14.3 24 140   M    M  10 18     28 150
 4  75  65  70   2   0   5 0.04  0.0    0 16.1 29 360   M    M   4 13     36 360
 5  69  62  66  -2   0   1    T  0.0    0 16.2 24  30   M    M   8 1      29  40
 6  74  57  66  -2   0   1    T  0.0    0 14.4 22 320   M    M  10 1      26  60
 7  73  54  64  -4   1   0 0.00  0.0    0 11.4 22 330   M    M   4        27 340
 8  75  55  65  -3   0   0    T  0.0    0 15.6 31 330   M    M   1        38 320
 9  72  54  63  -6   2   0 0.00  0.0    0  9.1 17 170   M    M   0        21 170
10  75  64  70   1   0   5 0.00  0.0    0 15.5 21 160   M    M   0        25 170
11  77  66  72   3   0   7 0.00  0.0    0 13.2 18 170   M    M   6        22 160
12  76  67  72   3   0   7 0.00  0.0    0 15.1 23 140   M    M   4 1      27 130
13  77  70  74   4   0   9    T  0.0    0 15.8 24 170   M    M  10 18     30 170
14  78  50  64  -6   1   0 0.03  0.0    0 20.4 44 350   M    M   9 138    52 340
15  62  48  55 -15  10   0 0.00  0.0    0 19.9 44 350   M    M   0        55 350
16  66  53  60 -10   5   0 0.00  0.0    0 12.1 18 120   M    M   3        24 130
17  66  62  64  -6   1   0 0.03  0.0    0 13.3 24  80   M    M  10 13     30  80
18  76  58  67  -4   0   2 0.00  0.0    0  9.0 17 350   M    M   3        20 350
19  74  61  68  -3   0   3 0.00  0.0    0  8.2 15 120   M    M   0        20 100
20  73  62  68  -3   0   3 0.00  0.0    0  7.5 14 130   M    M   0 18     18 120
21  76  64  70  -1   0   5 0.00  0.0    0 10.7 16 180   M    M   2        21 160
22  80  68  74   2   0   9 0.00  0.0    0  7.7 12 190   M    M   4 1      15 220
================================================================================
SM 1620 1343        20  77  0.10     0.0 293.0          M      105
================================================================================
AV 73.6 61.0                              13.3 FASTST   M    M   5    MAX(MPH)
                                 MISC ---->  # 44 350               # 55  350
================================================================================
NOTES:
# LAST OF SEVERAL OCCURRENCES

COLUMN 17 PEAK WIND IN M.P.H.

PRELIMINARY LOCAL CLIMATOLOGICAL DATA (WS FORM: F-6) , PAGE 2

                                          STATION:  GALVESTON
                                          MONTH:    APRIL
                                          YEAR:     2014
                                          LATITUDE:   29 16 N
                                          LONGITUDE:  94 52 W

[TEMPERATURE DATA]      [PRECIPITATION DATA]       SYMBOLS USED IN COLUMN 16

AVERAGE MONTHLY: 67.3   TOTAL FOR MONTH:   0.10    1 = FOG OR MIST
DPTR FM NORMAL:  -1.9   DPTR FM NORMAL:   -2.30    2 = FOG REDUCING VISIBILITY
HIGHEST:    80 ON 22    GRTST 24HR  0.04 ON  4- 4      TO 1/4 MILE OR LESS
LOWEST:     48 ON 15                               3 = THUNDER
                        SNOW, ICE PELLETS, HAIL    4 = ICE PELLETS
                        TOTAL MONTH:   0.0 INCH    5 = HAIL
                        GRTST 24HR     0.0         6 = FREEZING RAIN OR DRIZZLE
                        GRTST DEPTH:   0           7 = DUSTSTORM OR SANDSTORM:
                                                       VSBY 1/2 MILE OR LESS
                                                   8 = SMOKE OR HAZE
[NO. OF DAYS WITH]      [WEATHER - DAYS WITH]      9 = BLOWING SNOW
                                                   X = TORNADO
MAX 32 OR BELOW:   0    0.01 INCH OR MORE:   3
MAX 90 OR ABOVE:   0    0.10 INCH OR MORE:   0
MIN 32 OR BELOW:   0    0.50 INCH OR MORE:   0
MIN  0 OR BELOW:   0    1.00 INCH OR MORE:   0

[HDD (BASE 65) ]
TOTAL THIS MO.    20    CLEAR  (SCALE 0-3)   9
DPTR FM NORMAL     4    PTCLDY (SCALE 4-7)   6
TOTAL FM JUL 1  1425    CLOUDY (SCALE 8-10)  7
DPTR FM NORMAL   418

[CDD (BASE 65) ]
TOTAL THIS MO.    77
DPTR FM NORMAL   -33    [PRESSURE DATA]
TOTAL FM JAN 1   105    HIGHEST SLP M ON M
DPTR FM NORMAL   -75    LOWEST  SLP 29.64 ON  6

[REMARKS]
