000
CXUS54 KMAF 261100
CF6GNC
PRELIMINARY LOCAL CLIMATOLOGICAL DATA (WS FORM: F-6)

                                          STATION:   Gaines County Airport
                                          MONTH:     APRIL
                                          YEAR:      2017
                                          LATITUDE:   32 40 N
                                          LONGITUDE: 102 39 W

  TEMPERATURE IN F:       :PCPN:    SNOW:  WIND      :SUNSHINE: SKY     :PK WND
================================================================================
1   2   3   4   5  6A  6B    7    8   9   10  11  12  13   14  15   16   17  18
                                     12Z  AVG MX 2MIN
DY MAX MIN AVG DEP HDD CDD  WTR  SNW DPTH SPD SPD DIR MIN PSBL S-S WX    SPD DR
================================================================================

 1  67  46  57   M   8   0 0.00  0.0    0 13.4 22  20   M    M   8        28  20
 2  58  42  50   M  15   0 0.14    M    0  8.5 18  30   M    M   6 1      24  30
 3  80  46  63   M   2   0 0.00  0.0    0 12.3 20 300   M    M   0        28 300
 4  72  42  57   M   8   0 0.00  0.0    0 18.5 39 320   M    M   1        48 320
 5  65  33  49   M  16   0 0.00  0.0    0  7.3 17 350   M    M   0        24 350
 6  75  38  57   M   8   0 0.00  0.0    0  6.5 15 200   M    M   0        21 190
 7  82  43  63   M   2   0 0.00  0.0    0  7.6 17 180   M    M   0        23 180
 8  91  48  70   M   0   5 0.00  0.0    0 11.6 24 230   M    M   0        35 240
 9  87  55  71   M   0   6 0.00  0.0    0 12.8 32 260   M    M   0        40 260
10  75  54  65   M   0   0 0.00  0.0    0 10.7 20  60   M    M   0        29  60
11  77  47  62   M   3   0 0.00  0.0    0  9.4 14 110   M    M   3        23 110
12  74  54  64   M   1   0 1.60  0.0    0 11.1 21  90   M    M   7        30  20
13  76  52  64   M   1   0 0.00  0.0    0  6.0 15 200   M    M   5        18 210
14  78  56  67   M   0   2 0.00  0.0    0 11.6 17 180   M    M   4        24 160
15  84  55  70   M   0   5 0.00  0.0    0  6.0 13 150   M    M   2 1      18 150
16  86  56  71   M   0   6 0.00  0.0    0  5.0 27 190   M    M   3 12     35 190
17  80  52  66   M   0   1 0.00  0.0    0  4.4 13 140   M    M   0        17 170
18  84  52  68   M   0   3 0.00  0.0    0  6.2 13 150   M    M   1 2      16 190
19  89  53  71   M   0   6 0.00  0.0    0  5.6 14 230   M    M   0 2      20 240
20  82  56  69   M   0   4 0.00  0.0    0  8.9 15 340   M    M   0        20  20
21  87  55  71   M   0   6 0.00  0.0    0  7.4 23  60   M    M   0        35  60
22  66  48  57   M   8   0 0.00  0.0    0 11.7 22  40   M    M   5        31  70
23  70  40  55   M  10   0 0.00  0.0    0  3.8 13 160   M    M   0        18 150
24  92  45  69   M   0   4 0.00  0.0    0  9.9 22 240   M    M   0        33 250
25  87  59  73   M   0   8 0.00  0.0    0 16.7 29 240   M    M   0        45 280
================================================================================
SM 1964 1227        82  56  1.74     0.0 232.9          M       45
================================================================================
AV 78.6 49.1                               9.3 FASTST   M    M   2    MAX(MPH)
                                 MISC ---->  # 39 320               # 48  320
================================================================================
NOTES:
# LAST OF SEVERAL OCCURRENCES

COLUMN 17 PEAK WIND IN M.P.H.

PRELIMINARY LOCAL CLIMATOLOGICAL DATA (WS FORM: F-6) , PAGE 2

                                          STATION:  Gaines County Airport
                                          MONTH:    APRIL
                                          YEAR:     2017
                                          LATITUDE:   32 40 N
                                          LONGITUDE: 102 39 W

[TEMPERATURE DATA]      [PRECIPITATION DATA]       SYMBOLS USED IN COLUMN 16

AVERAGE MONTHLY: 63.8   TOTAL FOR MONTH:   1.74    1 = FOG OR MIST
DPTR FM NORMAL:     M   DPTR FM NORMAL:       M    2 = FOG REDUCING VISIBILITY
HIGHEST:    92 ON 24    GRTST 24HR  1.60 ON 12-12      TO 1/4 MILE OR LESS
LOWEST:     33 ON  5                               3 = THUNDER
                        SNOW, ICE PELLETS, HAIL    4 = ICE PELLETS
                        TOTAL MONTH:   0.0 INCH    5 = HAIL
                        GRTST 24HR     0.0         6 = FREEZING RAIN OR DRIZZLE
                        GRTST DEPTH:   0           7 = DUSTSTORM OR SANDSTORM:
                                                       VSBY 1/2 MILE OR LESS
                                                   8 = SMOKE OR HAZE
[NO. OF DAYS WITH]      [WEATHER - DAYS WITH]      9 = BLOWING SNOW
                                                   X = TORNADO
MAX 32 OR BELOW:   0    0.01 INCH OR MORE:   2
MAX 90 OR ABOVE:   2    0.10 INCH OR MORE:   2
MIN 32 OR BELOW:   0    0.50 INCH OR MORE:   1
MIN  0 OR BELOW:   0    1.00 INCH OR MORE:   1

[HDD (BASE 65) ]
TOTAL THIS MO.    82    CLEAR  (SCALE 0-3)  18
DPTR FM NORMAL     M    PTCLDY (SCALE 4-7)   6
TOTAL FM JUL 1  2216    CLOUDY (SCALE 8-10)  1
DPTR FM NORMAL     M

[CDD (BASE 65) ]
TOTAL THIS MO.    56
DPTR FM NORMAL     M    [PRESSURE DATA]
TOTAL FM JAN 1    92    HIGHEST SLP M ON M
DPTR FM NORMAL     M    LOWEST  SLP M ON M

[REMARKS]
