000
CXUS52 KJAX 280800
CF6GNV
PRELIMINARY LOCAL CLIMATOLOGICAL DATA (WS FORM: F-6)

                                          STATION:   GAINESVILLE FL
                                          MONTH:     SEPTEMBER
                                          YEAR:      2016
                                          LATITUDE:   29 40 N
                                          LONGITUDE:  82 16 W

  TEMPERATURE IN F:       :PCPN:    SNOW:  WIND      :SUNSHINE: SKY     :PK WND
================================================================================
1   2   3   4   5  6A  6B    7    8   9   10  11  12  13   14  15   16   17  18
                                     12Z  AVG MX 2MIN
DY MAX MIN AVG DEP HDD CDD  WTR  SNW DPTH SPD SPD DIR MIN PSBL S-S WX    SPD DR
================================================================================

 1  79  74  77  -3   0  12 1.94  0.0    0  8.3 25 130   M    M   4 13     34 210
 2  90  77  84   4   0  19 2.47  0.0    0 15.8 32 180   M    M   6 13     50 170
 3  87  73  80   0   0  15 0.11  0.0    0  3.7 16 190   M    M   7 1      19 190
 4  86  73  80   0   0  15 0.32  0.0    0  3.6 20  60   M    M   8 123    24  60
 5  88  65  77  -3   0  12 0.00  0.0    0  6.5 16  80   M    M   4        21  50
 6  89  61  75  -5   0  10 0.00  0.0    0  3.1 12 100   M    M   0        17  60
 7  91  64  78  -2   0  13 0.00  0.0    0  2.5 12  60   M    M   0        16  70
 8  91  61  76  -4   0  11 0.00  0.0    0  3.4 14  60   M    M   0 1      19  90
 9  92  62  77  -2   0  12 0.00  0.0    0  2.5 10  50   M    M   1        14  60
10  94  71  83   4   0  18 0.00  0.0    0  3.4 13  80   M    M   2 12     17  90
11  94  71  83   4   0  18 0.00  0.0    0  3.6 12 110   M    M   1 1      13 110
12  92  72  82   3   0  17 0.24  0.0    0  4.8 28 130   M    M   2 13     33 110
13  86  72  79   0   0  14 0.62  0.0    0  7.6 23  90   M    M   2 1      30  80
14  85  73  79   0   0  14 0.20  0.0    0  2.4 17 120   M    M   7 13     20 140
15  91  72  82   3   0  17 0.00  0.0    0  3.7 10  30   M    M   4        13  40
16  92  72  82   4   0  17    T  0.0    0  5.3 18  50   M    M   5        23  50
17  93  73  83   5   0  18    T  0.0    0  4.4 12  60   M    M   3 1      15  70
18  92  73  83   5   0  18    T  0.0    0  3.7 13 270   M    M   4 123    17 280
19  92  73  83   5   0  18 1.94  0.0    0  4.3 29 250   M    M   3 13     34 260
20  90  70  80   2   0  15 0.05  0.0    0  2.6 25  70   M    M   3 13     36  60
21  90  70  80   3   0  15 0.00  0.0    0  3.1 10  10   M    M   1 1      15  20
22  91  71  81   4   0  16 0.00  0.0    0  4.4 14 290   M    M   2        16 290
23  92  69  81   4   0  16 0.00  0.0    0  3.7 12 330   M    M   1        15 330
24  93  70  82   5   0  17 0.00  0.0    0  2.8 12  80   M    M   2        16  80
25  92  71  82   5   0  17 0.00  0.0    0  3.4 12  50   M    M   1 1      14  50
26  91  70  81   5   0  16    T  0.0    0  3.8 14  60   M    M   1 3      18  40
27  91  70  81   5   0  16 0.00  0.0    0  3.2 10 240   M    M   2        13 250
================================================================================
SM 2434 1893         0 416  7.89     0.0 119.6          M       76
================================================================================
AV 90.1 70.1                               4.4 FASTST   M    M   3    MAX(MPH)
                                 MISC ---->  # 32 180               # 50  170
================================================================================
NOTES:
# LAST OF SEVERAL OCCURRENCES

COLUMN 17 PEAK WIND IN M.P.H.

PRELIMINARY LOCAL CLIMATOLOGICAL DATA (WS FORM: F-6) , PAGE 2

                                          STATION:  GAINESVILLE FL
                                          MONTH:    SEPTEMBER
                                          YEAR:     2016
                                          LATITUDE:   29 40 N
                                          LONGITUDE:  82 16 W

[TEMPERATURE DATA]      [PRECIPITATION DATA]       SYMBOLS USED IN COLUMN 16

AVERAGE MONTHLY: 80.1   TOTAL FOR MONTH:   7.89    1 = FOG OR MIST
DPTR FM NORMAL:   1.6   DPTR FM NORMAL:    3.85    2 = FOG REDUCING VISIBILITY
HIGHEST:    94 ON 11,10 GRTST 24HR  4.41 ON  1- 2      TO 1/4 MILE OR LESS
LOWEST:     61 ON  8, 6                            3 = THUNDER
                        SNOW, ICE PELLETS, HAIL    4 = ICE PELLETS
                        TOTAL MONTH:   0.0 INCH    5 = HAIL
                        GRTST 24HR     0.0         6 = FREEZING RAIN OR DRIZZLE
                        GRTST DEPTH:   0           7 = DUSTSTORM OR SANDSTORM:
                                                       VSBY 1/2 MILE OR LESS
                                                   8 = SMOKE OR HAZE
[NO. OF DAYS WITH]      [WEATHER - DAYS WITH]      9 = BLOWING SNOW
                                                   X = TORNADO
MAX 32 OR BELOW:   0    0.01 INCH OR MORE:   9
MAX 90 OR ABOVE:  20    0.10 INCH OR MORE:   8
MIN 32 OR BELOW:   0    0.50 INCH OR MORE:   4
MIN  0 OR BELOW:   0    1.00 INCH OR MORE:   3

[HDD (BASE 65) ]
TOTAL THIS MO.     0    CLEAR  (SCALE 0-3)  17
DPTR FM NORMAL     0    PTCLDY (SCALE 4-7)  10
TOTAL FM JUL 1     0    CLOUDY (SCALE 8-10)  0
DPTR FM NORMAL     0

[CDD (BASE 65) ]
TOTAL THIS MO.   416
DPTR FM NORMAL    52    [PRESSURE DATA]
TOTAL FM JAN 1  2659    HIGHEST SLP M ON M
DPTR FM NORMAL   351    LOWEST  SLP 29.63 ON  2

[REMARKS]
