000
CXUS53 KGID 240730
CF6GRI
PRELIMINARY LOCAL CLIMATOLOGICAL DATA (WS FORM: F-6)

                                          STATION:   GRAND ISLAND NE
                                          MONTH:     JULY
                                          YEAR:      2016
                                          LATITUDE:   40 58 N
                                          LONGITUDE:  98 19 W

  TEMPERATURE IN F:       :PCPN:    SNOW:  WIND      :SUNSHINE: SKY     :PK WND
================================================================================
1   2   3   4   5  6A  6B    7    8   9   10  11  12  13   14  15   16   17  18
                                     12Z  AVG MX 2MIN
DY MAX MIN AVG DEP HDD CDD  WTR  SNW DPTH SPD SPD DIR MIN PSBL S-S WX    SPD DR
================================================================================

 1  76  55  66  -9   0   1    T  0.0    0  8.4 14 110   M    M   2        22 200
 2  65  59  62 -14   3   0 0.70  0.0    0 12.4 21 100   M    M  10 13     26 110
 3  65  59  62 -14   3   0 0.02  0.0    0  7.3 15  90   M    M   9 12     17 100
 4  80  62  71  -5   0   6    T  0.0    0  7.6 15 170   M    M   8 1      22 230
 5  97  68  83   7   0  18 0.45  0.0    0  7.3 37 220   M    M   1 13     47 190
 6  89  65  77   1   0  12    T  0.0    0  7.8 47 320   M    M   0 3      55 320
 7  90  66  78   2   0  13 0.05  0.0    0 12.1 32 350   M    M   2 3      39 160
 8  83  60  72  -4   0   7 0.00  0.0    0  5.3 12 120   M    M   1 1      17 130
 9  91  67  79   3   0  14 0.00  0.0    0 10.4 18 170   M    M   2        25 130
10  95  72  84   8   0  19 0.00  0.0    0 15.6 26 180   M    M   0        35 170
11  95  70  83   7   0  18 0.00  0.0    0 14.1 25 190   M    M   1        32 200
12  87  62  75  -1   0  10 0.00  0.0    0  7.9 17 350   M    M   0        21 350
13  90  66  78   2   0  13 0.00  0.0    0  7.5 17  40   M    M   1 1      22  20
14  88  61  75  -1   0  10 0.01  0.0    0  5.8 17 330   M    M   1        21 330
15  72  59  66 -10   0   1 0.97  0.0    0  8.7 29 190   M    M   3 13     33 190
16  85  59  72  -4   0   7    T  0.0    0  9.9 21 160   M    M   4 8      26 150
17  87  66  77   1   0  12 0.00  0.0    0  6.4 18 180   M    M   0 1      23 190
18  87  70  79   3   0  14 0.00  0.0    0 10.2 17 150   M    M   4 1      23 160
19  95  70  83   7   0  18    T  0.0    0 11.0 22 300   M    M   1        26 300
20  97  72  85   9   0  20 0.00  0.0    0 12.4 21 190   M    M   0        28 150
21  99  78  89  13   0  24 0.00  0.0    0 12.0 21 210   M    M   0        30 210
22  98  72  85   9   0  20 0.00  0.0    0  6.3 20 190   M    M   0        23 190
23  98  72  85   9   0  20    T  0.0    0  7.4 26 280   M    M   0 3      33 280
================================================================================
SM 2009 1510         6 277  2.20     0.0 213.8          M       50
================================================================================
AV 87.3 65.7                               9.3 FASTST   M    M   2    MAX(MPH)
                                 MISC ---->  # 47 320               # 55  320
================================================================================
NOTES:
# LAST OF SEVERAL OCCURRENCES

COLUMN 17 PEAK WIND IN M.P.H.

PRELIMINARY LOCAL CLIMATOLOGICAL DATA (WS FORM: F-6) , PAGE 2

                                          STATION:  GRAND ISLAND NE
                                          MONTH:    JULY
                                          YEAR:     2016
                                          LATITUDE:   40 58 N
                                          LONGITUDE:  98 19 W

[TEMPERATURE DATA]      [PRECIPITATION DATA]       SYMBOLS USED IN COLUMN 16

AVERAGE MONTHLY: 76.5   TOTAL FOR MONTH:   2.20    1 = FOG OR MIST
DPTR FM NORMAL:   0.5   DPTR FM NORMAL:   -0.37    2 = FOG REDUCING VISIBILITY
HIGHEST:    99 ON 21    GRTST 24HR  0.97 ON 15-15      TO 1/4 MILE OR LESS
LOWEST:     55 ON  1                               3 = THUNDER
                        SNOW, ICE PELLETS, HAIL    4 = ICE PELLETS
                        TOTAL MONTH:   0.0 INCH    5 = HAIL
                        GRTST 24HR     0.0         6 = FREEZING RAIN OR DRIZZLE
                        GRTST DEPTH:   0           7 = DUSTSTORM OR SANDSTORM:
                                                       VSBY 1/2 MILE OR LESS
                                                   8 = SMOKE OR HAZE
[NO. OF DAYS WITH]      [WEATHER - DAYS WITH]      9 = BLOWING SNOW
                                                   X = TORNADO
MAX 32 OR BELOW:   0    0.01 INCH OR MORE:   6
MAX 90 OR ABOVE:  11    0.10 INCH OR MORE:   3
MIN 32 OR BELOW:   0    0.50 INCH OR MORE:   2
MIN  0 OR BELOW:   0    1.00 INCH OR MORE:   0

[HDD (BASE 65) ]
TOTAL THIS MO.     6    CLEAR  (SCALE 0-3)  18
DPTR FM NORMAL     6    PTCLDY (SCALE 4-7)   3
TOTAL FM JUL 1     6    CLOUDY (SCALE 8-10)  2
DPTR FM NORMAL     6

[CDD (BASE 65) ]
TOTAL THIS MO.   277
DPTR FM NORMAL    15    [PRESSURE DATA]
TOTAL FM JAN 1   660    HIGHEST SLP M ON M
DPTR FM NORMAL   120    LOWEST  SLP 29.57 ON 11

[REMARKS]
