000
CXUS53 KIWX 290800
CF6GSH
PRELIMINARY LOCAL CLIMATOLOGICAL DATA (WS FORM: F-6)

                                          STATION:   GOSHEN
                                          MONTH:     JANUARY
                                          YEAR:      2015
                                          LATITUDE:   41 31 N
                                          LONGITUDE:  85 47 W

  TEMPERATURE IN F:       :PCPN:    SNOW:  WIND      :SUNSHINE: SKY     :PK WND
================================================================================
1   2   3   4   5  6A  6B    7    8   9   10  11  12  13   14  15   16   17  18
                                     12Z  AVG MX 2MIN
DY MAX MIN AVG DEP HDD CDD  WTR  SNW DPTH SPD SPD DIR MIN PSBL S-S WX    SPD DR
================================================================================

 1  29  15  22  -2  43   0 0.00  0.0    M 17.7 26 240   M    M   3        35 220
 2  34  18  26   2  39   0 0.00  0.0    M  5.9 14 250   M    M   1        17 260
 3  36  28  32   8  33   0 0.68    M    M  5.8  9 120   M    M   9 16      M  M
 4  36  16  26   2  39   0 0.05    M    M 13.6 29 280   M    M  10 128    38 300
 5  16   0   8 -16  57   0 0.05    M    M 14.3 26 280   M    M   3 18     34 280
 6  15   7  11 -13  54   0 0.06    M    M 11.1 23 250   M    M   8 189    29 250
 7  12  -4   4 -20  61   0 0.01    M    M 15.2 26 320   M    M   8 1289   32 310
 8  18  -9   5 -19  60   0    T    M    M 18.3 30 230   M    M   5 18     42 220
 9  18   1  10 -14  55   0    T    M    M 19.0 31 280   M    M   5 1289   40 290
10  21  -5   8 -16  57   0 0.00  0.0    0 12.7 24 220   M    M   4        29 220
11  30  20  25   1  40   0 0.04    M    M  9.9 17 200   M    M  10 1      21 200
12  29   6  18  -6  47   0 0.13    M    M  8.4 22 330   M    M   7 1      25 330
13  15  -8   4 -20  61   0    T    M    M  4.9 14  30   M    M   0 8      16  30
14  11  -8   2 -22  63   0    T    M    M  3.3  8 210   M    M   7 128     9 250
15  28   3  16  -8  49   0 0.00  0.0    M 10.8 18 260   M    M   4 18     23 250
16  34  22  28   4  37   0 0.00  0.0    M  6.9 15 130   M    M   6 18     20 140
17  44  21  33   9  32   0    T  0.0    M 17.0 30 200   M    M   1 18     38 200
18  37  31  34  10  31   0    T    M    M 11.7 20 250   M    M   9 18     25 250
19  38  26  32   8  33   0 0.00  0.0    M  3.7  9 250   M    M   6 128    11 250
20  37  32  35  11  30   0 0.01    M    M  5.9 12 100   M    M  10 1      14 100
21  35  31  33   9  32   0    T    M    M  7.1 15 300   M    M  10 12     18 300
22  33  30  32   8  33   0 0.00  0.0    M  6.9 13 270   M    M  10        15 260
23  32  28  30   6  35   0 0.00  0.0    M 10.4 15 270   M    M  10        19 260
24  40  24  32   8  33   0 0.00  0.0    M  7.9 18 280   M    M   7 18     22 270
25  36  21  29   5  36   0 0.01    M    M 11.2 22  70   M    M  10 1      28  60
26  24   9  17  -7  48   0 0.00  0.0    M  4.0 14  30   M    M   4        16  50
27  28  13  21  -3  44   0 0.00  0.0    M  4.7 10 340   M    M   5        13 360
28  30  10  20  -4  45   0 0.00  0.0    M  9.4 21 150   M    M   0 18     29 150
================================================================================
SM  796  378      1227   0  1.04     0.0 277.7          M      172
================================================================================
AV 28.4 13.5                               9.9 FASTST   M    M   6    MAX(MPH)
                                 MISC ---->  # 31 280               # 42  220
================================================================================
NOTES:
# LAST OF SEVERAL OCCURRENCES

COLUMN 17 PEAK WIND IN M.P.H.

PRELIMINARY LOCAL CLIMATOLOGICAL DATA (WS FORM: F-6) , PAGE 2

                                          STATION:  GOSHEN
                                          MONTH:    JANUARY
                                          YEAR:     2015
                                          LATITUDE:   41 31 N
                                          LONGITUDE:  85 47 W

[TEMPERATURE DATA]      [PRECIPITATION DATA]       SYMBOLS USED IN COLUMN 16

AVERAGE MONTHLY: 21.0   TOTAL FOR MONTH:   1.04    1 = FOG OR MIST
DPTR FM NORMAL:  -3.0   DPTR FM NORMAL:   -0.68    2 = FOG REDUCING VISIBILITY
HIGHEST:    44 ON 17    GRTST 24HR  0.68 ON  3- 3      TO 1/4 MILE OR LESS
LOWEST:     -9 ON  8                               3 = THUNDER
                        SNOW, ICE PELLETS, HAIL    4 = ICE PELLETS
                        TOTAL MONTH:   0.0 INCH    5 = HAIL
                        GRTST 24HR     0.0         6 = FREEZING RAIN OR DRIZZLE
                        GRTST DEPTH:   0           7 = DUSTSTORM OR SANDSTORM:
                                                       VSBY 1/2 MILE OR LESS
                                                   8 = SMOKE OR HAZE
[NO. OF DAYS WITH]      [WEATHER - DAYS WITH]      9 = BLOWING SNOW
                                                   X = TORNADO
MAX 32 OR BELOW:  16    0.01 INCH OR MORE:   9
MAX 90 OR ABOVE:   0    0.10 INCH OR MORE:   2
MIN 32 OR BELOW:  28    0.50 INCH OR MORE:   1
MIN  0 OR BELOW:   6    1.00 INCH OR MORE:   0

[HDD (BASE 65) ]
TOTAL THIS MO.  1227    CLEAR  (SCALE 0-3)   6
DPTR FM NORMAL    79    PTCLDY (SCALE 4-7)  13
TOTAL FM JUL 1  3666    CLOUDY (SCALE 8-10)  9
DPTR FM NORMAL    47

[CDD (BASE 65) ]
TOTAL THIS MO.     0
DPTR FM NORMAL     0    [PRESSURE DATA]
TOTAL FM JAN 1     0    HIGHEST SLP M ON M
DPTR FM NORMAL     0    LOWEST  SLP 29.62 ON 17

[REMARKS]
