000
CXUS53 KIWX 310800
CF6GSH
PRELIMINARY LOCAL CLIMATOLOGICAL DATA (WS FORM: F-6)

                                          STATION:   GOSHEN
                                          MONTH:     MAY
                                          YEAR:      2016
                                          LATITUDE:   41 31 N
                                          LONGITUDE:  85 47 W

  TEMPERATURE IN F:       :PCPN:    SNOW:  WIND      :SUNSHINE: SKY     :PK WND
================================================================================
1   2   3   4   5  6A  6B    7    8   9   10  11  12  13   14  15   16   17  18
                                     12Z  AVG MX 2MIN
DY MAX MIN AVG DEP HDD CDD  WTR  SNW DPTH SPD SPD DIR MIN PSBL S-S WX    SPD DR
================================================================================

 1  56  47  52  -2  13   0 0.23  0.0    0  7.1 16  50   M    M  10 13     22  70
 2  52  45  49  -5  16   0 0.07  0.0    0  6.8 13  30   M    M   9 1      17  30
 3  64  47  56   1   9   0 0.00  0.0    0  5.4 15 280   M    M   8 1      19 260
 4  55  38  47  -8  18   0 0.32  0.0    0 15.0 29 310   M    M   9 1      36 290
 5  66  43  55  -1  10   0 0.01  0.0    0 11.3 15 330   M    M   5        21 340
 6  70  38  54  -2  11   0 0.00  0.0    0  5.3 13 270   M    M   0        16 240
 7  72  44  58   2   7   0    T  0.0    0 11.3 24 300   M    M   0        30 300
 8  68  36  52  -4  13   0 0.00  0.0    0  5.5 18 210   M    M   1 1      25 300
 9  55  43  49  -8  16   0 0.27  0.0    0  9.7 18 120   M    M   8 18     25 120
10  64  50  57   0   8   0 0.78  0.0    0 13.0 20 100   M    M   9 18     27 110
11  73  53  63   6   2   0 0.00  0.0    0  5.8 12  80   M    M   7 128    14  80
12  74  57  66   8   0   1 0.01  0.0    0  8.8 21 300   M    M   6 1      25 300
13  66  47  57  -1   8   0 0.17  0.0    0  9.5 17 270   M    M   3 1      26 270
14  56  40  48 -10  17   0 0.26  0.0    0 14.6 33 320   M    M  10 1      41 310
15  49  33  41 -18  24   0 0.00  0.0    0 12.2 25 310   M    M   4        32 310
16  67  37  52  -7  13   0 0.00  0.0    0 13.5 23 250   M    M   1        31 210
17  62  49  56  -3   9   0 0.05  0.0    0  5.7 16 350   M    M  10 1      21 260
18  66  40  53  -7  12   0 0.00  0.0    0  6.1 16  10   M    M   2 128    21 350
19  71  38  55  -5  10   0 0.00  0.0    0  2.0  9  50   M    M   0        10  50
20  68  45  57  -3   8   0 0.00  0.0    0  6.0 13  80   M    M   1         M  M
21  74  49  62   1   3   0 0.00  0.0    0  8.1 18 340   M    M   2        24  20
22  75  47  61   0   4   0 0.00  0.0    0  7.3 17  20   M    M   0        22 350
23  79  40  60  -1   5   0 0.00  0.0    0  4.8 14 190   M    M   0        19 170
24  84  45  65   3   0   0 0.00  0.0    0  7.8 20 200   M    M   0        24 220
25  86  58  72  10   0   7 0.00  0.0    0  8.9 20 170   M    M   2        27 160
26  82  66  74  12   0   9    T  0.0    0  9.3 25 230   M    M   4        33 220
27  87  63  75  12   0  10    T  0.0    0  9.4 20 180   M    M   0        29 170
28  87  70  79  16   0  14 0.16  0.0    0 14.3 26 180   M    M   3 8      35 190
29  85  60  73  10   0   8 0.00  0.0    0 11.4 24 270   M    M   2        30 260
30  84  57  71   7   0   6 0.00  0.0    0  5.9 21 310   M    M   0        27 310
================================================================================
SM 2097 1425       236  55  2.33     0.0 261.8          M      116
================================================================================
AV 69.9 47.5                               8.7 FASTST   M    M   4    MAX(MPH)
                                 MISC ---->  # 33 320               # 41  310
================================================================================
NOTES:
# LAST OF SEVERAL OCCURRENCES

COLUMN 17 PEAK WIND IN M.P.H.

PRELIMINARY LOCAL CLIMATOLOGICAL DATA (WS FORM: F-6) , PAGE 2

                                          STATION:  GOSHEN
                                          MONTH:    MAY
                                          YEAR:     2016
                                          LATITUDE:   41 31 N
                                          LONGITUDE:  85 47 W

[TEMPERATURE DATA]      [PRECIPITATION DATA]       SYMBOLS USED IN COLUMN 16

AVERAGE MONTHLY: 58.7   TOTAL FOR MONTH:   2.33    1 = FOG OR MIST
DPTR FM NORMAL:  -0.2   DPTR FM NORMAL:   -1.93    2 = FOG REDUCING VISIBILITY
HIGHEST:    87 ON 28,27 GRTST 24HR  0.87 ON  9-10      TO 1/4 MILE OR LESS
LOWEST:     33 ON 15                               3 = THUNDER
                        SNOW, ICE PELLETS, HAIL    4 = ICE PELLETS
                        TOTAL MONTH:   0.0 INCH    5 = HAIL
                        GRTST 24HR     0.0         6 = FREEZING RAIN OR DRIZZLE
                        GRTST DEPTH:   0           7 = DUSTSTORM OR SANDSTORM:
                                                       VSBY 1/2 MILE OR LESS
                                                   8 = SMOKE OR HAZE
[NO. OF DAYS WITH]      [WEATHER - DAYS WITH]      9 = BLOWING SNOW
                                                   X = TORNADO
MAX 32 OR BELOW:   0    0.01 INCH OR MORE:  11
MAX 90 OR ABOVE:   0    0.10 INCH OR MORE:   7
MIN 32 OR BELOW:   0    0.50 INCH OR MORE:   1
MIN  0 OR BELOW:   0    1.00 INCH OR MORE:   0

[HDD (BASE 65) ]
TOTAL THIS MO.   236    CLEAR  (SCALE 0-3)  17
DPTR FM NORMAL    12    PTCLDY (SCALE 4-7)   6
TOTAL FM JUL 1  5392    CLOUDY (SCALE 8-10)  7
DPTR FM NORMAL  -990

[CDD (BASE 65) ]
TOTAL THIS MO.    55
DPTR FM NORMAL    16    [PRESSURE DATA]
TOTAL FM JAN 1    56    HIGHEST SLP M ON M
DPTR FM NORMAL    11    LOWEST  SLP 29.59 ON  4

[REMARKS]
