000
CXUS52 KRAH 231345
CF6GSO
PRELIMINARY LOCAL CLIMATOLOGICAL DATA (WS FORM: F-6)

                                          STATION:   PIEDMONT TRIAD INTL AIRPORT NC
                                          MONTH:     FEBRUARY
                                          YEAR:      2018
                                          LATITUDE:   36  4 N
                                          LONGITUDE:  79 57 W

  TEMPERATURE IN F:       :PCPN:    SNOW:  WIND      :SUNSHINE: SKY     :PK WND
================================================================================
1   2   3   4   5  6A  6B    7    8   9   10  11  12  13   14  15   16   17  18
                                     12Z  AVG MX 2MIN
DY MAX MIN AVG DEP HDD CDD  WTR  SNW DPTH SPD SPD DIR MIN PSBL S-S WX    SPD DR
================================================================================

 1  57  34  46   6  19   0 0.04  0.0    0 13.7 24 210   M    M   7 1      31 230
 2  48  21  35  -5  30   0 0.06  0.0    0 12.4 24 310   M    M   2 1      33 310
 3  41  18  30 -10  35   0 0.00  0.0    0  5.8 12 170   M    M   6        15 200
 4  37  31  34  -6  31   0 0.90    T    0  5.5 22 270   M    M  10 146    26 280
 5  45  30  38  -3  27   0 0.00  0.0    0  5.2 17 330   M    M   5 12     22 320
 6  56  29  43   2  22   0    T  0.0    0  4.6 15 240   M    M   7        20 240
 7  59  41  50   9  15   0 1.09  0.0    0  8.3 23 160   M    M  10 1      28 170
 8  50  32  41   0  24   0 0.00  0.0    0  4.6 12  10   M    M   4        17  10
 9  55  27  41   0  24   0 0.00  0.0    0  5.3 15 190   M    M   4        18 190
10  63  45  54  13  11   0 0.22  0.0    0  3.1 16 290   M    M  10 12     21 200
11  69  55  62  20   3   0 0.05  0.0    0 14.5 28 220   M    M   8 1      35 230
12  64  42  53  11  12   0 0.01  0.0    0 10.4 23  70   M    M  10 1      27  80
13  43  35  39  -3  26   0    T  0.0    0  8.9 20  60   M    M  10        23  70
14  58  31  45   3  20   0 0.00  0.0    0  7.0 17 240   M    M   7        21 260
15  72  53  63  21   2   0 0.01  0.0    0 13.5 22 230   M    M   9        29 230
16  80  51  66  23   0   1 0.03  0.0    0 11.9 24 240   M    M   7 1      31 250
17  51  38  45   2  20   0 0.08  0.0    0  7.3 15  80   M    M   9 1      18  80
18  59  35  47   4  18   0 0.00  0.0    0  5.9 14 140   M    M   6 12     19  30
19  52  45  49   6  16   0 0.04  0.0    0  3.5 14 150   M    M  10 12     17 150
20  71  51  61  17   4   0    T  0.0    0  4.9 18 210   M    M   9 12     24 220
21  78  57  68  24   0   3 0.00  0.0    0 10.1 18 220   M    M   7 1      24 230
22  76  62  69  25   0   4    T  0.0    0  9.5 20 190   M    M   5 1      23 190
================================================================================
SM 1284  863       359   8  2.53    T    175.9          M      162
================================================================================
AV 58.4 39.2                               8.0 FASTST   M    M   7    MAX(MPH)
                                 MISC ---->  # 28 220               # 35  230
================================================================================
NOTES:
# LAST OF SEVERAL OCCURRENCES

COLUMN 17 PEAK WIND IN M.P.H.

PRELIMINARY LOCAL CLIMATOLOGICAL DATA (WS FORM: F-6) , PAGE 2

                                          STATION:  PIEDMONT TRIAD INTL AIRPORT NC
                                          MONTH:    FEBRUARY
                                          YEAR:     2018
                                          LATITUDE:   36  4 N
                                          LONGITUDE:  79 57 W

[TEMPERATURE DATA]      [PRECIPITATION DATA]       SYMBOLS USED IN COLUMN 16

AVERAGE MONTHLY: 48.8   TOTAL FOR MONTH:   2.53    1 = FOG OR MIST
DPTR FM NORMAL:   7.0   DPTR FM NORMAL:    0.26    2 = FOG REDUCING VISIBILITY
HIGHEST:    80 ON 16    GRTST 24HR  1.09 ON  7- 7      TO 1/4 MILE OR LESS
LOWEST:     18 ON  3                               3 = THUNDER
                        SNOW, ICE PELLETS, HAIL    4 = ICE PELLETS
                        TOTAL MONTH:    T          5 = HAIL
                        GRTST 24HR    T  ON  4- 4  6 = FREEZING RAIN OR DRIZZLE
                        GRTST DEPTH:   0           7 = DUSTSTORM OR SANDSTORM:
                                                       VSBY 1/2 MILE OR LESS
                                                   8 = SMOKE OR HAZE
[NO. OF DAYS WITH]      [WEATHER - DAYS WITH]      9 = BLOWING SNOW
                                                   X = TORNADO
MAX 32 OR BELOW:   0    0.01 INCH OR MORE:  11
MAX 90 OR ABOVE:   0    0.10 INCH OR MORE:   3
MIN 32 OR BELOW:   8    0.50 INCH OR MORE:   2
MIN  0 OR BELOW:   0    1.00 INCH OR MORE:   1

[HDD (BASE 65) ]
TOTAL THIS MO.   359    CLEAR  (SCALE 0-3)   1
DPTR FM NORMAL  -152    PTCLDY (SCALE 4-7)  11
TOTAL FM JUL 1  2635    CLOUDY (SCALE 8-10) 10
DPTR FM NORMAL   -99

[CDD (BASE 65) ]
TOTAL THIS MO.     8
DPTR FM NORMAL     8    [PRESSURE DATA]
TOTAL FM JAN 1     8    HIGHEST SLP M ON M
DPTR FM NORMAL     8    LOWEST  SLP 29.75 ON 16

[REMARKS]
