000
CXUS52 KGSP 220817
CF6GSP
PRELIMINARY LOCAL CLIMATOLOGICAL DATA (WS FORM: F-6)

                                          STATION:   GREENVILLE-SPARTANBURG SC
                                          MONTH:     APRIL
                                          YEAR:      2017
                                          LATITUDE:   34 54 N
                                          LONGITUDE:  82 13 W

  TEMPERATURE IN F:       :PCPN:    SNOW:  WIND      :SUNSHINE: SKY     :PK WND
================================================================================
1   2   3   4   5  6A  6B    7    8   9   10  11  12  13   14  15   16   17  18
                                     12Z  AVG MX 2MIN
DY MAX MIN AVG DEP HDD CDD  WTR  SNW DPTH SPD SPD DIR MIN PSBL S-S WX    SPD DR
================================================================================

 1  78  47  63   6   2   0 0.00  0.0    0  6.6 17 290   M    M   0        22 290
 2  75  48  62   5   3   0 0.00  0.0    0  6.9 16 200   M    M   0        23  80
 3  66  57  62   5   3   0 0.58  0.0    0 10.1 29 230   M    M   8 138    39 240
 4  81  59  70  12   0   5 0.00  0.0    0 13.0 29 210   M    M   2         M  M
 5  64  57  61   3   4   0 1.34  0.0    0  7.9 26 220   M    M   6 13     36 220
 6  62  46  54  -4  11   0 0.01  0.0    0 16.8 29 240   M    M   4 13     43 230
 7  63  45  54  -4  11   0 0.00  0.0    0  9.2 16 300   M    M   4        30 280
 8  70  46  58  -1   7   0 0.00  0.0    0  7.0 16 190   M    M   0        22 340
 9  75  40  58  -1   7   0 0.00  0.0    0  6.9 22 190   M    M   0        28 200
10  77  50  64   5   1   0 0.00  0.0    0  8.9 21 190   M    M   0        28 210
11  80  54  67   8   0   2 0.00  0.0    0  8.6 17 200   M    M   0        22 210
12  80  57  69   9   0   4 0.00  0.0    0  5.3 13 200   M    M   1        19 130
13  82  58  70  10   0   5 0.00  0.0    0  5.3 15  30   M    M   2        20  40
14  82  56  69   9   0   4 0.11  0.0    0  3.2 20 240   M    M   3 13     26 230
15  81  59  70  10   0   5 0.00  0.0    0  8.8 17 210   M    M   1        23 230
16  80  59  70   9   0   5 0.00  0.0    0 10.6 20 220   M    M   5        26 220
17  83  59  71  10   0   6 0.38  0.0    0  7.4 17 230   M    M   5 13     23 290
18  67  62  65   4   0   0    T  0.0    0  8.1 15  30   M    M   9 1      21  20
19  66  56  61   0   4   0 0.85  0.0    0  5.3 12  50   M    M   8 1      15  70
20  81  54  68   6   0   3    T  0.0    0  6.1 18 200   M    M   3 128    24 200
21  86  61  74  12   0   9 0.30  0.0    0  8.6 22 200   M    M   2 1      28 200
================================================================================
SM 1579 1130        53  48  3.57     0.0 170.6          M       63
================================================================================
AV 75.2 53.8                               8.1 FASTST   M    M   3    MAX(MPH)
                                 MISC ---->  # 29 230               # 43  230
================================================================================
NOTES:
# LAST OF SEVERAL OCCURRENCES

COLUMN 17 PEAK WIND IN M.P.H.

PRELIMINARY LOCAL CLIMATOLOGICAL DATA (WS FORM: F-6) , PAGE 2

                                          STATION:  GREENVILLE-SPARTANBURG SC
                                          MONTH:    APRIL
                                          YEAR:     2017
                                          LATITUDE:   34 54 N
                                          LONGITUDE:  82 13 W

[TEMPERATURE DATA]      [PRECIPITATION DATA]       SYMBOLS USED IN COLUMN 16

AVERAGE MONTHLY: 64.5   TOTAL FOR MONTH:   3.57    1 = FOG OR MIST
DPTR FM NORMAL:   5.1   DPTR FM NORMAL:    1.22    2 = FOG REDUCING VISIBILITY
HIGHEST:    86 ON 21    GRTST 24HR  1.35 ON  5- 6      TO 1/4 MILE OR LESS
LOWEST:     40 ON  9                               3 = THUNDER
                        SNOW, ICE PELLETS, HAIL    4 = ICE PELLETS
                        TOTAL MONTH:   0.0 INCH    5 = HAIL
                        GRTST 24HR     0.0         6 = FREEZING RAIN OR DRIZZLE
                        GRTST DEPTH:   0           7 = DUSTSTORM OR SANDSTORM:
                                                       VSBY 1/2 MILE OR LESS
                                                   8 = SMOKE OR HAZE
[NO. OF DAYS WITH]      [WEATHER - DAYS WITH]      9 = BLOWING SNOW
                                                   X = TORNADO
MAX 32 OR BELOW:   0    0.01 INCH OR MORE:   7
MAX 90 OR ABOVE:   0    0.10 INCH OR MORE:   6
MIN 32 OR BELOW:   0    0.50 INCH OR MORE:   3
MIN  0 OR BELOW:   0    1.00 INCH OR MORE:   1

[HDD (BASE 65) ]
TOTAL THIS MO.    53    CLEAR  (SCALE 0-3)  11
DPTR FM NORMAL   -86    PTCLDY (SCALE 4-7)   8
TOTAL FM JUL 1  2133    CLOUDY (SCALE 8-10)  2
DPTR FM NORMAL  -839

[CDD (BASE 65) ]
TOTAL THIS MO.    48
DPTR FM NORMAL    25    [PRESSURE DATA]
TOTAL FM JAN 1    70    HIGHEST SLP M ON M
DPTR FM NORMAL    39    LOWEST  SLP 29.54 ON  6

[REMARKS]
