000
CXUS52 KGSP 260817
CF6GSP
PRELIMINARY LOCAL CLIMATOLOGICAL DATA (WS FORM: F-6)

                                          STATION:   GREENVILLE-SPARTANBURG SC
                                          MONTH:     MAY
                                          YEAR:      2016
                                          LATITUDE:   34 54 N
                                          LONGITUDE:  82 13 W

  TEMPERATURE IN F:       :PCPN:    SNOW:  WIND      :SUNSHINE: SKY     :PK WND
================================================================================
1   2   3   4   5  6A  6B    7    8   9   10  11  12  13   14  15   16   17  18
                                     12Z  AVG MX 2MIN
DY MAX MIN AVG DEP HDD CDD  WTR  SNW DPTH SPD SPD DIR MIN PSBL S-S WX    SPD DR
================================================================================

 1  82  62  72   8   0   7 1.57  0.0    0  7.2 17 290   M    M   8 13     24 210
 2  84  64  74   9   0   9 0.07  0.0    0  8.5 20 220   M    M   4 13     27 230
 3  81  61  71   6   0   6 0.15  0.0    0 10.0 22 220   M    M   5 1      29 220
 4  72  54  63  -2   2   0 0.00  0.0    0  4.7 15 200   M    M   3        20 190
 5  63  51  57  -9   8   0    T  0.0    0  9.2 18 310   M    M   5        28 300
 6  71  51  61  -5   4   0 0.00  0.0    0  7.7 18 360   M    M   2        26 330
 7  83  48  66   0   0   1 0.00  0.0    0  8.5 17 250   M    M   0        23 270
 8  87  62  75   9   0  10 0.00  0.0    0 10.1 22 210   M    M   0        26 210
 9  83  63  73   6   0   8    T  0.0    0  6.5 20 220   M    M   2        25 210
10  83  63  73   6   0   8 0.00  0.0    0  7.2 18 200   M    M   2        23 190
11  85  63  74   7   0   9 0.07  0.0    0  4.7 17 300   M    M   2 138    24 290
12  88  63  76   8   0  11 0.03  0.0    0  5.0 28 270   M    M   3 1      39 280
13  82  60  71   3   0   6    T  0.0    0  6.0 14  10   M    M   3 1      19 320
14  83  52  68   0   0   3 0.00  0.0    0  7.5 24 230   M    M   1        31 230
15  72  44  58 -10   7   0 0.00  0.0    0  4.6 13 220   M    M   0        16 260
16  73  50  62  -7   3   0 0.00  0.0    0  4.9 12 160   M    M   2        18  80
17  74  59  67  -2   0   2 0.11  0.0    0  3.1  9 150   M    M   8 1      14 150
18  82  60  71   2   0   6 1.05  0.0    0  6.5 20  20   M    M   8 13     24  20
19  65  57  61  -9   4   0 1.01  0.0    0  9.4 14  50   M    M  10 1      19  50
20  60  57  59 -11   6   0 0.71  0.0    0  8.8 16  40   M    M  10 1      19  40
21  79  56  68  -2   0   3    T  0.0    0  5.5 17 230   M    M   7        22 210
22  76  55  66  -4   0   1 0.00  0.0    0  5.3 15  20   M    M   2        22  10
23  77  54  66  -5   0   1    T  0.0    0  5.6 16  10   M    M   3        22  20
24  82  54  68  -3   0   3 0.00  0.0    0  3.5 12 200   M    M   1        15 210
25  85  57  71   0   0   6 0.00  0.0    0  4.9 16 220   M    M   0        23 220
================================================================================
SM 1952 1420        34 100  4.77     0.0 164.9          M       91
================================================================================
AV 78.1 56.8                               6.6 FASTST   M    M   4    MAX(MPH)
                                 MISC ---->  # 28 270               # 39  280
================================================================================
NOTES:
# LAST OF SEVERAL OCCURRENCES

COLUMN 17 PEAK WIND IN M.P.H.

PRELIMINARY LOCAL CLIMATOLOGICAL DATA (WS FORM: F-6) , PAGE 2

                                          STATION:  GREENVILLE-SPARTANBURG SC
                                          MONTH:    MAY
                                          YEAR:     2016
                                          LATITUDE:   34 54 N
                                          LONGITUDE:  82 13 W

[TEMPERATURE DATA]      [PRECIPITATION DATA]       SYMBOLS USED IN COLUMN 16

AVERAGE MONTHLY: 67.4   TOTAL FOR MONTH:   4.77    1 = FOG OR MIST
DPTR FM NORMAL:  -0.4   DPTR FM NORMAL:    1.75    2 = FOG REDUCING VISIBILITY
HIGHEST:    88 ON 12    GRTST 24HR  2.45 ON 30- 1      TO 1/4 MILE OR LESS
LOWEST:     44 ON 15                               3 = THUNDER
                        SNOW, ICE PELLETS, HAIL    4 = ICE PELLETS
                        TOTAL MONTH:   0.0 INCH    5 = HAIL
                        GRTST 24HR     0.0         6 = FREEZING RAIN OR DRIZZLE
                        GRTST DEPTH:   0           7 = DUSTSTORM OR SANDSTORM:
                                                       VSBY 1/2 MILE OR LESS
                                                   8 = SMOKE OR HAZE
[NO. OF DAYS WITH]      [WEATHER - DAYS WITH]      9 = BLOWING SNOW
                                                   X = TORNADO
MAX 32 OR BELOW:   0    0.01 INCH OR MORE:   9
MAX 90 OR ABOVE:   0    0.10 INCH OR MORE:   6
MIN 32 OR BELOW:   0    0.50 INCH OR MORE:   4
MIN  0 OR BELOW:   0    1.00 INCH OR MORE:   3

[HDD (BASE 65) ]
TOTAL THIS MO.    34    CLEAR  (SCALE 0-3)  15
DPTR FM NORMAL    -4    PTCLDY (SCALE 4-7)   8
TOTAL FM JUL 1  2498    CLOUDY (SCALE 8-10)  2
DPTR FM NORMAL  -546

[CDD (BASE 65) ]
TOTAL THIS MO.   100
DPTR FM NORMAL    -8    [PRESSURE DATA]
TOTAL FM JAN 1   185    HIGHEST SLP M ON M
DPTR FM NORMAL    29    LOWEST  SLP 29.58 ON  5

[REMARKS]
