000
CXUS55 KBOU 240757
CF6GXY
PRELIMINARY LOCAL CLIMATOLOGICAL DATA (WS FORM: F-6)

                                          STATION:   GREELEY  CO
                                          MONTH:     JULY
                                          YEAR:      2015
                                          LATITUDE:   40 25 N
                                          LONGITUDE: 104 38 W

  TEMPERATURE IN F:       :PCPN:    SNOW:  WIND      :SUNSHINE: SKY     :PK WND
================================================================================
1   2   3   4   5  6A  6B    7    8   9   10  11  12  13   14  15   16   17  18
                                     12Z  AVG MX 2MIN
DY MAX MIN AVG DEP HDD CDD  WTR  SNW DPTH SPD SPD DIR MIN PSBL S-S WX    SPD DR
================================================================================

 1  93  61  77   M   0  12    M    M    M  5.2  9 320   M    M   1 3      18  20
 2  88  59  74   M   0   9    M    M    M  6.4 18  80   M    M   1 3      37  80
 3  86  57  72   M   0   7    M    M    M  5.1 10  90   M    M   1         M  M
 4  95  61  78   M   0  13    M    M    M  4.2 12  20   M    M   0 3       M  M
 5  93  61  77   M   0  12    M    M    M  9.1 30 360   M    M   2        37 360
 6  70  61  66   M   0   1    M    M    M  9.0 20  10   M    M   8        23  10
 7  75  61  68   M   0   3    M    M    M 10.8 17 150   M    M   3        24 150
 8  64  55  60   M   5   0    M    M    M  7.6 14  20   M    M   6        20  10
 9  82  55  69   M   0   4    M    M    M  5.2 14 330   M    M   3 3      17 140
10  86  61  74   M   0   9    M    M    M  5.0 15 150   M    M   1        24 150
11  91  57  74   M   0   9    M    M    M  6.0 24 290   M    M   1        29 290
12  95  54  75   M   0  10    M    M    M  6.4 13 230   M    M   0        21 230
13  95  61  78   M   0  13    M    M    M  5.5 22 300   M    M   1        28 300
14  93  55  74   M   0   9    M    M    M  4.3  9  40   M    M   2 3       M  M
15  88  57  73   M   0   8    M    M    M  5.1 17  50   M    M   0 3      21  50
16  91  52  72   M   0   7    M    M    M  4.3 13 220   M    M   0 3       M  M
17  97  54  76   M   0  11    M    M    M  8.1 25 260   M    M   0        35  20
18  88  54  71   M   0   6    M    M    M  4.2 10 160   M    M   0 3       M  M
19  84  54  69   M   0   4    M    M    M  4.3  8 330   M    M   0         M  M
20  88  52  70   M   0   5    M    M    M  6.2 13 220   M    M   1        21 190
21  86  61  74   M   0   9    M    M    M  7.5 16 100   M    M   4 3      20  90
22  91  54  73   M   0   8    M    M    M  4.5 14 350   M    M   2         M  M
23  95  55  75   M   0  10    M    M    M  5.0  9 160   M    M   0         M  M
================================================================================
SM 2014 1312         5 179    M     M    139.0          M       37
================================================================================
AV 87.6 57.0                               6.0 FASTST   M    M   2    MAX(MPH)
                                 MISC ---->    30   M                 37    M
================================================================================
NOTES:
# LAST OF SEVERAL OCCURRENCES

COLUMN 17 PEAK WIND IN M.P.H.

PRELIMINARY LOCAL CLIMATOLOGICAL DATA (WS FORM: F-6) , PAGE 2

                                          STATION:  GREELEY  CO
                                          MONTH:    JULY
                                          YEAR:     2015
                                          LATITUDE:   40 25 N
                                          LONGITUDE: 104 38 W

[TEMPERATURE DATA]      [PRECIPITATION DATA]       SYMBOLS USED IN COLUMN 16

AVERAGE MONTHLY: 72.3   TOTAL FOR MONTH:      M    1 = FOG OR MIST
DPTR FM NORMAL:     M   DPTR FM NORMAL:       M    2 = FOG REDUCING VISIBILITY
HIGHEST:    97 ON 17    GRTST 24HR    M  ON   M        TO 1/4 MILE OR LESS
LOWEST:     52 ON 20,16                            3 = THUNDER
                        SNOW, ICE PELLETS, HAIL    4 = ICE PELLETS
                        TOTAL MONTH:    M          5 = HAIL
                        GRTST 24HR    M  ON   M    6 = FREEZING RAIN OR DRIZZLE
                        GRTST DEPTH:  M  ON   M    7 = DUSTSTORM OR SANDSTORM:
                                                       VSBY 1/2 MILE OR LESS
                                                   8 = SMOKE OR HAZE
[NO. OF DAYS WITH]      [WEATHER - DAYS WITH]      9 = BLOWING SNOW
                                                   X = TORNADO
MAX 32 OR BELOW:   0    0.01 INCH OR MORE:   0
MAX 90 OR ABOVE:  11    0.10 INCH OR MORE:   0
MIN 32 OR BELOW:   0    0.50 INCH OR MORE:   0
MIN  0 OR BELOW:   0    1.00 INCH OR MORE:   0

[HDD (BASE 65) ]
TOTAL THIS MO.     5    CLEAR  (SCALE 0-3)  18
DPTR FM NORMAL     M    PTCLDY (SCALE 4-7)   5
TOTAL FM JUL 1     5    CLOUDY (SCALE 8-10)  0
DPTR FM NORMAL     M

[CDD (BASE 65) ]
TOTAL THIS MO.   179
DPTR FM NORMAL     M    [PRESSURE DATA]
TOTAL FM JAN 1   341    HIGHEST SLP M ON M
DPTR FM NORMAL     M    LOWEST  SLP M ON M

[REMARKS]
