000
CXUS54 KEWX 240910
CF6GYB
PRELIMINARY LOCAL CLIMATOLOGICAL DATA (WS FORM: F-6)

                                          STATION:   Giddings-Lee County Airport
                                          MONTH:     MAY
                                          YEAR:      2016
                                          LATITUDE:   30 10 N
                                          LONGITUDE:  96 59 W

  TEMPERATURE IN F:       :PCPN:    SNOW:  WIND      :SUNSHINE: SKY     :PK WND
================================================================================
1   2   3   4   5  6A  6B    7    8   9   10  11  12  13   14  15   16   17  18
                                     12Z  AVG MX 2MIN
DY MAX MIN AVG DEP HDD CDD  WTR  SNW DPTH SPD SPD DIR MIN PSBL S-S WX    SPD DR
================================================================================

 1  79  66  73   M   0   8 0.00  0.0    0  7.0 13  10   M    M   6        18  50
 2  69  57  63   M   2   0 0.07    M    M  9.2 14 350   M    M  10        23  10
 3  74  54  64   M   1   0 0.00    M    0  5.4 10  30   M    M   3        20  30
 4  83  51  67   M   0   2 0.00    M    0  3.2 10 340   M    M   0        17 310
 5  84  56  70   M   0   5 0.00  0.0    0  3.1  7  20   M    M   0         M  M
 6  84  53  69   M   0   4 0.00  0.0    0  1.8  8 140   M    M   0         M  M
 7  83  56  70   M   0   5 0.00  0.0    0  6.1 12 170   M    M   0 1      20 180
 8  74  63  69   M   0   4 0.02  0.0    0  7.6 16 140   M    M   2        25 140
 9  85  69  77   M   0  12 0.00  0.0    0  9.7 20 230   M    M   3        30 230
10  89  65  77   M   0  12 0.07  0.0    0  8.0 13 190   M    M   7 18     22 160
11  86  64  75   M   0  10 0.13  0.0    0  7.4 13 160   M    M   4        23 160
12  86  68  77   M   0  12    T  0.0    0  4.0 12  10   M    M   5 1      17  10
13  88  68  78   M   0  13 0.00    M    0  1.4  5  80   M    M   4         M  M
14  82  66  74   M   0   9 0.79  0.0    0  3.3 10  20   M    M   7 1       M  M
15  75  63  69   M   0   4 0.03    M    M  3.8  8  70   M    M   9 1       M  M
16  79  66  73   M   0   8 0.18    M    M  5.5 10 110   M    M   8 1      16 110
17  83  65  74   M   0   9 0.06  0.0    0  4.6  9  20   M    M   6 1       M  M
18  75  63  69   M   0   4 0.25  0.0    0  6.8 12  30   M    M  10        21 360
19  73  61  67   M   0   2 1.90    M    0  7.2 24  80   M    M   9 1      30  80
20  80  61  71   M   0   6 0.00    M    0  2.8  7  90   M    M   5 1       M  M
21  83  67  75   M   0  10 0.01    M    0  4.2 14  90   M    M   7         M  M
22  88  69  79   M   0  14 0.00    M    0  4.5 12 140   M    M   7 12     20 140
23  83  70  77   M   0  12 0.00    M    0  6.0 12 130   M    M   8        17 140
================================================================================
SM 1865 1441         3 165  3.51     0.0 122.6          M      120
================================================================================
AV 81.1 62.7                               5.3 FASTST   M    M   5    MAX(MPH)
                                 MISC ---->    24   M                 30    M
================================================================================
NOTES:
# LAST OF SEVERAL OCCURRENCES

COLUMN 17 PEAK WIND IN M.P.H.

PRELIMINARY LOCAL CLIMATOLOGICAL DATA (WS FORM: F-6) , PAGE 2

                                          STATION:  Giddings-Lee County Airport
                                          MONTH:    MAY
                                          YEAR:     2016
                                          LATITUDE:   30 10 N
                                          LONGITUDE:  96 59 W

[TEMPERATURE DATA]      [PRECIPITATION DATA]       SYMBOLS USED IN COLUMN 16

AVERAGE MONTHLY: 71.9   TOTAL FOR MONTH:   3.51    1 = FOG OR MIST
DPTR FM NORMAL:     M   DPTR FM NORMAL:       M    2 = FOG REDUCING VISIBILITY
HIGHEST:    89 ON 10    GRTST 24HR  1.90 ON 19-19      TO 1/4 MILE OR LESS
LOWEST:     51 ON  4                               3 = THUNDER
                        SNOW, ICE PELLETS, HAIL    4 = ICE PELLETS
                        TOTAL MONTH:   0.0 INCH    5 = HAIL
                        GRTST 24HR     0.0         6 = FREEZING RAIN OR DRIZZLE
                        GRTST DEPTH:   0           7 = DUSTSTORM OR SANDSTORM:
                                                       VSBY 1/2 MILE OR LESS
                                                   8 = SMOKE OR HAZE
[NO. OF DAYS WITH]      [WEATHER - DAYS WITH]      9 = BLOWING SNOW
                                                   X = TORNADO
MAX 32 OR BELOW:   0    0.01 INCH OR MORE:  11
MAX 90 OR ABOVE:   0    0.10 INCH OR MORE:   5
MIN 32 OR BELOW:   0    0.50 INCH OR MORE:   2
MIN  0 OR BELOW:   0    1.00 INCH OR MORE:   1

[HDD (BASE 65) ]
TOTAL THIS MO.     3    CLEAR  (SCALE 0-3)   7
DPTR FM NORMAL     M    PTCLDY (SCALE 4-7)  11
TOTAL FM JUL 1  1282    CLOUDY (SCALE 8-10)  5
DPTR FM NORMAL     M

[CDD (BASE 65) ]
TOTAL THIS MO.   165
DPTR FM NORMAL     M    [PRESSURE DATA]
TOTAL FM JAN 1   389    HIGHEST SLP M ON M
DPTR FM NORMAL     M    LOWEST  SLP M ON M

[REMARKS]
