000
CXUS54 KFWD 220730
CF6GYI
PRELIMINARY LOCAL CLIMATOLOGICAL DATA (WS FORM: F-6)

                                          STATION:   SHERMAN DENISON
                                          MONTH:     SEPTEMBER
                                          YEAR:      2014
                                          LATITUDE:   33 42 N
                                          LONGITUDE:  96 40 W

  TEMPERATURE IN F:       :PCPN:    SNOW:  WIND      :SUNSHINE: SKY     :PK WND
================================================================================
1   2   3   4   5  6A  6B    7    8   9   10  11  12  13   14  15   16   17  18
                                     12Z  AVG MX 2MIN
DY MAX MIN AVG DEP HDD CDD  WTR  SNW DPTH SPD SPD DIR MIN PSBL S-S WX    SPD DR
================================================================================

 1  96  76  86   6   0  21 0.00  0.0    0 15.2 18 150   M    M   1        25 160
 2  95  77  86   6   0  21 0.00  0.0    0 12.2 17 100   M    M   1        22 170
 3  96  76  86   7   0  21 0.00  0.0    0 12.3 17 170   M    M   1        24 210
 4  96  75  86   7   0  21 0.00  0.0    0 11.9 18 200   M    M   0        23 200
 5  96  75  86   7   0  21 0.00  0.0    0  7.0 12 170   M    M   1        16 230
 6  92  70  81   3   0  16 0.00  0.0    0  8.9 18 360   M    M   2        24 360
 7  81  68  75  -3   0  10 0.32  0.0    0  4.0  9 350   M    M   7 1       M  M
 8  93  68  81   3   0  16 0.00  0.0    0  3.5 13 140   M    M   4 1       M  M
 9  98  76  87  10   0  22 0.00  0.0    0 13.6 20 150   M    M   1        24 200
10 100  78  89  12   0  24 0.00  0.0    0 14.2 21 200   M    M   1        29 200
11  78  69  74  -3   0   9 0.00  0.0    0  8.4 13  10   M    M   8        18  10
12  69  57  63 -13   2   0 3.25  0.0    0 11.3 17  20   M    M  10 13     28 360
13  69  56  63 -13   2   0 0.00  0.0    0  7.3 15  10   M    M   9        21  10
14  77  61  69  -7   0   4 0.00  0.0    0  1.9  6 140   M    M   6 1       M  M
15  84  68  76   1   0  11 0.00  0.0    0  3.5  8 130   M    M   2         M  M
16  89  72  81   6   0  16 0.00  0.0    0  3.9  9 130   M    M   2         M  M
17  92  72  82   8   0  17 0.00  0.0    0  4.0  8 200   M    M   1 1       M  M
18  84  69  77   3   0  12 0.00  0.0    0  4.7 20  70   M    M   2        27  70
19  87  66  77   3   0  12 0.00  0.0    0  5.7 13 100   M    M   2 1      20  90
20  90  71  81   8   0  16 0.00  0.0    0  5.8 13 150   M    M   2 1      20 150
21  91  67  79   6   0  14 0.00  0.0    0  3.8 16  60   M    M   2         M  M
================================================================================
SM 1853 1467         4 304  3.57     0.0 163.1          M       65
================================================================================
AV 88.2 69.9                               7.8 FASTST   M    M   3    MAX(MPH)
                                 MISC ---->    21   M                 29    M
================================================================================
NOTES:
# LAST OF SEVERAL OCCURRENCES

COLUMN 17 PEAK WIND IN M.P.H.

PRELIMINARY LOCAL CLIMATOLOGICAL DATA (WS FORM: F-6) , PAGE 2

                                          STATION:  SHERMAN DENISON
                                          MONTH:    SEPTEMBER
                                          YEAR:     2014
                                          LATITUDE:   33 42 N
                                          LONGITUDE:  96 40 W

[TEMPERATURE DATA]      [PRECIPITATION DATA]       SYMBOLS USED IN COLUMN 16

AVERAGE MONTHLY: 79.0   TOTAL FOR MONTH:   3.57    1 = FOG OR MIST
DPTR FM NORMAL:   2.5   DPTR FM NORMAL:    1.03    2 = FOG REDUCING VISIBILITY
HIGHEST:   100 ON 10    GRTST 24HR  3.25 ON 12-12      TO 1/4 MILE OR LESS
LOWEST:     56 ON 13                               3 = THUNDER
                        SNOW, ICE PELLETS, HAIL    4 = ICE PELLETS
                        TOTAL MONTH:   0.0 INCH    5 = HAIL
                        GRTST 24HR     0.0         6 = FREEZING RAIN OR DRIZZLE
                        GRTST DEPTH:   0           7 = DUSTSTORM OR SANDSTORM:
                                                       VSBY 1/2 MILE OR LESS
                                                   8 = SMOKE OR HAZE
[NO. OF DAYS WITH]      [WEATHER - DAYS WITH]      9 = BLOWING SNOW
                                                   X = TORNADO
MAX 32 OR BELOW:   0    0.01 INCH OR MORE:   2
MAX 90 OR ABOVE:  12    0.10 INCH OR MORE:   2
MIN 32 OR BELOW:   0    0.50 INCH OR MORE:   1
MIN  0 OR BELOW:   0    1.00 INCH OR MORE:   1

[HDD (BASE 65) ]
TOTAL THIS MO.     4    CLEAR  (SCALE 0-3)  15
DPTR FM NORMAL     1    PTCLDY (SCALE 4-7)   4
TOTAL FM JUL 1     4    CLOUDY (SCALE 8-10)  2
DPTR FM NORMAL     1

[CDD (BASE 65) ]
TOTAL THIS MO.   304
DPTR FM NORMAL    58    [PRESSURE DATA]
TOTAL FM JAN 1  2196    HIGHEST SLP M ON M
DPTR FM NORMAL   200    LOWEST  SLP M ON M

[REMARKS]
