000
CXUS54 KOUN 180700
CF6HBR
PRELIMINARY LOCAL CLIMATOLOGICAL DATA (WS FORM: F-6)

                                          STATION:   HOBART
                                          MONTH:     JANUARY
                                          YEAR:      2017
                                          LATITUDE:   35  0 N
                                          LONGITUDE:  99  3 W

  TEMPERATURE IN F:       :PCPN:    SNOW:  WIND      :SUNSHINE: SKY     :PK WND
================================================================================
1   2   3   4   5  6A  6B    7    8   9   10  11  12  13   14  15   16   17  18
                                     12Z  AVG MX 2MIN
DY MAX MIN AVG DEP HDD CDD  WTR  SNW DPTH SPD SPD DIR MIN PSBL S-S WX    SPD DR
================================================================================

 1  58  28  43   6  22   0 0.00  0.0    M 10.3 22 160   M    M   0        26 160
 2  64  42  53  16  12   0 0.01  0.0    0 10.5 25 160   M    M   1 12     31 160
 3  45  28  37   0  28   0 0.00  0.0    0 17.6 31 360   M    M   7        38 360
 4  38  22  30  -7  35   0 0.00  0.0    0 10.3 17  60   M    M   0        21  50
 5  27  17  22 -15  43   0    T    M    0 18.5 26  30   M    M   7 1      32  10
 6  21   1  11 -26  54   0    M    M    M  9.3 17  30   M    M   7 18     21  30
 7  32  -2  15 -22  50   0 0.00  0.0    M  7.8 14 170   M    M   0        15 160
 8  45  18  32  -5  33   0 0.00  0.0    0 14.5 28 200   M    M   0        35 190
 9  63  29  46   9  19   0 0.00  0.0    M 17.8 26 190   M    M   0        32 180
10  68  42  55  17  10   0 0.00  0.0    0 12.0 23 210   M    M   0        27 200
11  79  43  61  23   4   0 0.00  0.0    0 16.6 25 240   M    M   0        30 230
12  56  24  40   2  25   0 0.00  0.0    0 15.0 22  20   M    M   0        27 340
13  33  27  30  -8  35   0 0.00  0.0    0 14.0 21  30   M    M  10 18     24  30
14  33  27  30  -8  35   0 0.26  0.0    0 12.0 16  80   M    M  10 16     20  50
15  38  32  35  -3  30   0 0.94  0.0    0 12.8 26  60   M    M  10 136    29  70
16  52  35  44   6  21   0 0.03  0.0    0 10.7 23 300   M    M   4 1      26 300
17  56  31  44   6  21   0 0.00  0.0    0  6.9 14 350   M    M   3        16 350
================================================================================
SM  808  444       477   0  1.24     0.0 216.6          M       59
================================================================================
AV 47.5 26.1                              12.7 FASTST   M    M   3    MAX(MPH)
                                 MISC ---->  # 31 360               # 38  360
================================================================================
NOTES:
# LAST OF SEVERAL OCCURRENCES

COLUMN 17 PEAK WIND IN M.P.H.

PRELIMINARY LOCAL CLIMATOLOGICAL DATA (WS FORM: F-6) , PAGE 2

                                          STATION:  HOBART
                                          MONTH:    JANUARY
                                          YEAR:     2017
                                          LATITUDE:   35  0 N
                                          LONGITUDE:  99  3 W

[TEMPERATURE DATA]      [PRECIPITATION DATA]       SYMBOLS USED IN COLUMN 16

AVERAGE MONTHLY: 36.8   TOTAL FOR MONTH:   1.24    1 = FOG OR MIST
DPTR FM NORMAL:  -0.6   DPTR FM NORMAL:    0.81    2 = FOG REDUCING VISIBILITY
HIGHEST:    79 ON 11    GRTST 24HR  0.97 ON 15-16      TO 1/4 MILE OR LESS
LOWEST:     -2 ON  7                               3 = THUNDER
                        SNOW, ICE PELLETS, HAIL    4 = ICE PELLETS
                        TOTAL MONTH:   0.0 INCH    5 = HAIL
                        GRTST 24HR     0.0         6 = FREEZING RAIN OR DRIZZLE
                        GRTST DEPTH:   0           7 = DUSTSTORM OR SANDSTORM:
                                                       VSBY 1/2 MILE OR LESS
                                                   8 = SMOKE OR HAZE
[NO. OF DAYS WITH]      [WEATHER - DAYS WITH]      9 = BLOWING SNOW
                                                   X = TORNADO
MAX 32 OR BELOW:   3    0.01 INCH OR MORE:   4
MAX 90 OR ABOVE:   0    0.10 INCH OR MORE:   2
MIN 32 OR BELOW:  13    0.50 INCH OR MORE:   1
MIN  0 OR BELOW:   1    1.00 INCH OR MORE:   0

[HDD (BASE 65) ]
TOTAL THIS MO.   477    CLEAR  (SCALE 0-3)  10
DPTR FM NORMAL     8    PTCLDY (SCALE 4-7)   4
TOTAL FM JUL 1  1581    CLOUDY (SCALE 8-10)  3
DPTR FM NORMAL  -357

[CDD (BASE 65) ]
TOTAL THIS MO.     0
DPTR FM NORMAL     0    [PRESSURE DATA]
TOTAL FM JAN 1     0    HIGHEST SLP M ON M
DPTR FM NORMAL     0    LOWEST  SLP 29.63 ON 10

[REMARKS]
