000
CXUS53 KGID 280730
CF6HDE
PRELIMINARY LOCAL CLIMATOLOGICAL DATA (WS FORM: F-6)

                                          STATION:   HOLDREGE
                                          MONTH:     APRIL
                                          YEAR:      2017
                                          LATITUDE:   40 27 N
                                          LONGITUDE:  99 20 W

  TEMPERATURE IN F:       :PCPN:    SNOW:  WIND      :SUNSHINE: SKY     :PK WND
================================================================================
1   2   3   4   5  6A  6B    7    8   9   10  11  12  13   14  15   16   17  18
                                     12Z  AVG MX 2MIN
DY MAX MIN AVG DEP HDD CDD  WTR  SNW DPTH SPD SPD DIR MIN PSBL S-S WX    SPD DR
================================================================================

 1  46  40  43  -1  22   0 0.01    M    M  6.1 10  50   M    M   9 13      M  M
 2  59  38  49   5  16   0 0.00    M    M  6.5 12 220   M    M   6 12     17 210
 3  57  35  46   1  19   0 0.00    M    M  9.0 21 330   M    M   9 12     28 330
 4  53  34  44  -1  21   0    T    M    M 11.0 18  40   M    M   6        25  30
 5  58  35  47   1  18   0 0.00    M    M 14.6 24 340   M    M   2        30 350
 6  60  33  47   1  18   0 0.00    M    M  5.7  9 140   M    M   3         M  M
 7  69  35  52   6  13   0 0.00    M    M 16.1 30 180   M    M   0        36 180
 8  78  43  61  14   4   0 0.00    M    M  5.4 14 170   M    M   0         M  M
 9  72  42  57  10   8   0 0.19    M    M  9.6 29 320   M    M   2 3      35 320
10  49  32  41  -6  24   0 0.00    M    M 13.8 24 320   M    M   3        39 320
11  69  28  49   1  16   0 0.00    M    M  9.8 21 190   M    M   0        28 190
12  79  50  65  17   0   0    T    M    M 11.0 23 150   M    M   2        31 150
13  74  44  59  11   6   0 0.00    M    M  8.0 23 200   M    M   4 18     35 200
14  81  54  68  19   0   3 0.44    M    M 16.4 27 170   M    M   6 13     35 170
15  76  53  65  16   0   0 0.00    M    M 11.3 22 180   M    M   3        28 180
16  68  48  58   8   7   0 0.00    M    M 10.0 15 150   M    M   2        20 150
17  71  44  58   8   7   0 0.00    M    M  9.4 23 170   M    M   6        33 170
18  77  58  68  18   0   3 0.00    M    M 11.5 20 170   M    M   5        27 200
19  71  53  62  11   3   0    T    M    M 14.2 23 120   M    M   6        30  90
20  70  42  56   5   9   0 0.00    M    M  9.4 17 350   M    M   1        30 350
21  56  43  50  -1  15   0    T    M    M 13.0 20  90   M    M   6        27 100
22  63  36  50  -2  15   0 0.00    M    M  4.4 12  10   M    M   1        16  10
23  69  34  52   0  13   0 0.00    M    M 15.0 30 190   M    M   0        38 190
24  73  50  62  10   3   0 0.00    M    M 14.4 27 170   M    M   0        35 170
25  55  36  46  -7  19   0 0.09    M    M 16.9 24  20   M    M  10 3      31  20
26  49  29  39 -14  26   0 0.00    M    M 14.2 21 340   M    M   7        31 350
27  57  25  41 -13  24   0    T    M    M  9.2 22 150   M    M   7        25 150
================================================================================
SM 1759 1094       326   6  0.73    M    295.9          M      106
================================================================================
AV 65.2 40.5                              11.0 FASTST   M    M   4    MAX(MPH)
                                 MISC ---->    30   M                 39    M
================================================================================
NOTES:
# LAST OF SEVERAL OCCURRENCES

COLUMN 17 PEAK WIND IN M.P.H.

PRELIMINARY LOCAL CLIMATOLOGICAL DATA (WS FORM: F-6) , PAGE 2

                                          STATION:  HOLDREGE
                                          MONTH:    APRIL
                                          YEAR:     2017
                                          LATITUDE:   40 27 N
                                          LONGITUDE:  99 20 W

[TEMPERATURE DATA]      [PRECIPITATION DATA]       SYMBOLS USED IN COLUMN 16

AVERAGE MONTHLY: 52.8   TOTAL FOR MONTH:   0.73    1 = FOG OR MIST
DPTR FM NORMAL:   4.0   DPTR FM NORMAL:   -1.25    2 = FOG REDUCING VISIBILITY
HIGHEST:    81 ON 14    GRTST 24HR  0.44 ON 14-14      TO 1/4 MILE OR LESS
LOWEST:     25 ON 27                               3 = THUNDER
                        SNOW, ICE PELLETS, HAIL    4 = ICE PELLETS
                        TOTAL MONTH:    M          5 = HAIL
                        GRTST 24HR    M  ON   M    6 = FREEZING RAIN OR DRIZZLE
                        GRTST DEPTH:  M  ON   M    7 = DUSTSTORM OR SANDSTORM:
                                                       VSBY 1/2 MILE OR LESS
                                                   8 = SMOKE OR HAZE
[NO. OF DAYS WITH]      [WEATHER - DAYS WITH]      9 = BLOWING SNOW
                                                   X = TORNADO
MAX 32 OR BELOW:   0    0.01 INCH OR MORE:   4
MAX 90 OR ABOVE:   0    0.10 INCH OR MORE:   2
MIN 32 OR BELOW:   4    0.50 INCH OR MORE:   0
MIN  0 OR BELOW:   0    1.00 INCH OR MORE:   0

[HDD (BASE 65) ]
TOTAL THIS MO.   326    CLEAR  (SCALE 0-3)  14
DPTR FM NORMAL  -116    PTCLDY (SCALE 4-7)  10
TOTAL FM JUL 1  5024    CLOUDY (SCALE 8-10)  3
DPTR FM NORMAL  -978

[CDD (BASE 65) ]
TOTAL THIS MO.     6
DPTR FM NORMAL     6    [PRESSURE DATA]
TOTAL FM JAN 1     6    HIGHEST SLP M ON M
DPTR FM NORMAL     6    LOWEST  SLP M ON M

[REMARKS]
