000
CXUS53 KGID 260939
CF6HDE
PRELIMINARY LOCAL CLIMATOLOGICAL DATA (WS FORM: F-6)

                                          STATION:   HOLDREGE
                                          MONTH:     FEBRUARY
                                          YEAR:      2017
                                          LATITUDE:   40 27 N
                                          LONGITUDE:  99 20 W

  TEMPERATURE IN F:       :PCPN:    SNOW:  WIND      :SUNSHINE: SKY     :PK WND
================================================================================
1   2   3   4   5  6A  6B    7    8   9   10  11  12  13   14  15   16   17  18
                                     12Z  AVG MX 2MIN
DY MAX MIN AVG DEP HDD CDD  WTR  SNW DPTH SPD SPD DIR MIN PSBL S-S WX    SPD DR
================================================================================

 1  32  19  26   0  39   0 0.00    M    M 12.4 18  20   M    M   8        22  20
 2  25  14  20  -7  45   0    M    M    M  3.9 13 360   M    M   6        18 360
 3  28  17  23  -4  42   0    M    M    M  8.4 21 180   M    M   7        22 170
 4  60  22  41  14  24   0 0.00    M    M 12.1 18 170   M    M   0        23 170
 5  46  20  33   6  32   0 0.00    M    M  5.4 10 180   M    M   0         M  M
 6  44  26  35   8  30   0 0.00    M    M  6.0 12 160   M    M   1 1       M  M
 7  40  20  30   3  35   0 0.00    M    M 12.3 20  40   M    M   4 1      24 360
 8  27  13  20  -8  45   0    T    M    M  9.7 20  20   M    M   3        25  10
 9  41  14  28   0  37   0 0.00    M    M 13.2 22 170   M    M   3        29 170
10  74  33  54  26  11   0 0.00    M    M  5.8 16 200   M    M   0         M  M
11  60  34  47  19  18   0 0.00    M    M  9.0 21 350   M    M   1        31 360
12  48  28  38  10  27   0 0.00    M    M  7.8 17 360   M    M   0        25 360
13  47  28  38   9  27   0 0.00    M    M  7.1 17 220   M    M   2        23 220
14  52  27  40  11  25   0 0.00    M    M 10.7 20 360   M    M   0        25  10
15  62  24  43  14  22   0 0.00    M    M  8.5 15 250   M    M   0        21 240
16  74  32  53  24  12   0 0.00    M    M  9.5 14 230   M    M   0        18 250
17  72  31  52  22  13   0 0.00    M    M  8.6 17  30   M    M   0        21  20
18  65  27  46  16  19   0 0.00    M    M  6.5 13 100   M    M   0        16 150
19  70  39  55  25  10   0 0.00    M    M 15.3 24 170   M    M   2 1      32 190
20  62  32  47  17  18   0 0.00    M    M 11.3 22 320   M    M   3 1      33 340
21  78  36  57  26   8   0 0.00    M    M  9.4 17 230   M    M   0        25 220
22  69  34  52  21  13   0 0.00    M    M  9.0 16 320   M    M   0        23 320
23  42  28  35   3  30   0    M    M    M 18.1 27  60   M    M   9 13     33  50
24  28  14  21 -11  44   0    M    M    M 14.3 21 350   M    M   7 1      31 350
25  41   9  25  -7  40   0 0.00    M    M  8.6 17 270   M    M   2        23 200
================================================================================
SM 1287  621       666   0    T     M    242.9          M       58
================================================================================
AV 51.5 24.8                               9.7 FASTST   M    M   2    MAX(MPH)
                                 MISC ---->  # 27  60                 33    M
================================================================================
NOTES:
# LAST OF SEVERAL OCCURRENCES

COLUMN 17 PEAK WIND IN M.P.H.

PRELIMINARY LOCAL CLIMATOLOGICAL DATA (WS FORM: F-6) , PAGE 2

                                          STATION:  HOLDREGE
                                          MONTH:    FEBRUARY
                                          YEAR:     2017
                                          LATITUDE:   40 27 N
                                          LONGITUDE:  99 20 W

[TEMPERATURE DATA]      [PRECIPITATION DATA]       SYMBOLS USED IN COLUMN 16

AVERAGE MONTHLY: 38.2   TOTAL FOR MONTH:      T    1 = FOG OR MIST
DPTR FM NORMAL:   9.3   DPTR FM NORMAL:   -0.50    2 = FOG REDUCING VISIBILITY
HIGHEST:    78 ON 21    GRTST 24HR    T  ON  8- 8      TO 1/4 MILE OR LESS
LOWEST:      9 ON 25                               3 = THUNDER
                        SNOW, ICE PELLETS, HAIL    4 = ICE PELLETS
                        TOTAL MONTH:    M          5 = HAIL
                        GRTST 24HR    M  ON   M    6 = FREEZING RAIN OR DRIZZLE
                        GRTST DEPTH:  M  ON   M    7 = DUSTSTORM OR SANDSTORM:
                                                       VSBY 1/2 MILE OR LESS
                                                   8 = SMOKE OR HAZE
[NO. OF DAYS WITH]      [WEATHER - DAYS WITH]      9 = BLOWING SNOW
                                                   X = TORNADO
MAX 32 OR BELOW:   5    0.01 INCH OR MORE:   0
MAX 90 OR ABOVE:   0    0.10 INCH OR MORE:   0
MIN 32 OR BELOW:  20    0.50 INCH OR MORE:   0
MIN  0 OR BELOW:   0    1.00 INCH OR MORE:   0

[HDD (BASE 65) ]
TOTAL THIS MO.   666    CLEAR  (SCALE 0-3)  18
DPTR FM NORMAL  -237    PTCLDY (SCALE 4-7)   5
TOTAL FM JUL 1  3951    CLOUDY (SCALE 8-10)  2
DPTR FM NORMAL  -694

[CDD (BASE 65) ]
TOTAL THIS MO.     0
DPTR FM NORMAL     0    [PRESSURE DATA]
TOTAL FM JAN 1     0    HIGHEST SLP M ON M
DPTR FM NORMAL     0    LOWEST  SLP M ON M

[REMARKS]
