000
CXUS54 KEWX 280910
CF6HDO
PRELIMINARY LOCAL CLIMATOLOGICAL DATA (WS FORM: F-6)

                                          STATION:   HONDO
                                          MONTH:     JULY
                                          YEAR:      2016
                                          LATITUDE:   29 21 N
                                          LONGITUDE:  99 10 W

  TEMPERATURE IN F:       :PCPN:    SNOW:  WIND      :SUNSHINE: SKY     :PK WND
================================================================================
1   2   3   4   5  6A  6B    7    8   9   10  11  12  13   14  15   16   17  18
                                     12Z  AVG MX 2MIN
DY MAX MIN AVG DEP HDD CDD  WTR  SNW DPTH SPD SPD DIR MIN PSBL S-S WX    SPD DR
================================================================================

 1  95  71  83   0   0  18 0.00  0.0    0  8.1 17 130   M    M   1        21 140
 2  99  74  87   4   0  22 0.00  0.0    0 11.0 22 140   M    M   2 1      29 140
 3  99  78  89   6   0  24 0.00  0.0    0 11.6 23 140   M    M   5        27 130
 4 102  76  89   6   0  24 0.00  0.0    0 11.2 22 130   M    M   0        28 120
 5 101  76  89   6   0  24 0.00  0.0    0 12.7 23 140   M    M   2        29 130
 6 100  77  89   6   0  24 0.00  0.0    0 15.0 23 130   M    M   2        31 140
 7 100  77  89   6   0  24 0.00  0.0    0 14.8 23 140   M    M   3        34 140
 8 100  78  89   6   0  24 0.00  0.0    0 13.7 23 130   M    M   4        30 130
 9  99  77  88   5   0  23 0.00    M    0 11.9 23 140   M    M   5        31 140
10  98  79  89   6   0  24 0.00  0.0    0  9.7 21 140   M    M   8        25 130
11 101  76  89   6   0  24 0.00  0.0    0 14.9 26 130   M    M   7        35 130
12  99  76  88   5   0  23 0.00    M    0 14.7 25 140   M    M   4        31 130
13 101  77  89   6   0  24 0.00    M    0 14.6 25 150   M    M   2        30 160
14 102  76  89   6   0  24 0.00  0.0    0 13.1 24 130   M    M   3        30 130
15 101  77  89   6   0  24 0.00  0.0    0 11.9 24 140   M    M   3        33 140
16  99  71  85   2   0  20 0.00  0.0    0 10.4 22 150   M    M   2 1      27 140
17  98  75  87   4   0  22 0.00  0.0    0 10.2 24 150   M    M   3        32 150
18  98  76  87   4   0  22 0.00  0.0    0  9.7 22 110   M    M   4        28 100
19  97  75  86   2   0  21 0.00  0.0    0  9.7 26 130   M    M   2 3      34 130
20  98  72  85   1   0  20 0.00  0.0    0  8.3 21 150   M    M   3        28 150
21  98  69  84   0   0  19 0.00  0.0    0  8.1 17 150   M    M   0        25 160
22  99  71  85   1   0  20 0.00  0.0    0  7.5 20 150   M    M   0        25 140
23 100  72  86   2   0  21 0.00  0.0    0  9.0 22 150   M    M   1        27 150
24 101  76  89   5   0  24 0.00  0.0    0  9.2 22 140   M    M   2        27 140
25 100  73  87   3   0  22 0.03  0.0    0  8.9 29  80   M    M   3 8      41  70
26  87  72  80  -4   0  15 1.09  0.0    0  5.0 20  50   M    M   4 13     23  50
27  89  74  82  -2   0  17    T  0.0    0  6.0 25 170   M    M   6 13     28 170
================================================================================
SM 2661 2021         0 593  1.12     0.0 290.9          M       81
================================================================================
AV 98.6 74.9                              10.8 FASTST   M    M   3    MAX(MPH)
                                 MISC ---->  # 29  80               # 41   70
================================================================================
NOTES:
# LAST OF SEVERAL OCCURRENCES

COLUMN 17 PEAK WIND IN M.P.H.

PRELIMINARY LOCAL CLIMATOLOGICAL DATA (WS FORM: F-6) , PAGE 2

                                          STATION:  HONDO
                                          MONTH:    JULY
                                          YEAR:     2016
                                          LATITUDE:   29 21 N
                                          LONGITUDE:  99 10 W

[TEMPERATURE DATA]      [PRECIPITATION DATA]       SYMBOLS USED IN COLUMN 16

AVERAGE MONTHLY: 86.7   TOTAL FOR MONTH:   1.12    1 = FOG OR MIST
DPTR FM NORMAL:   3.4   DPTR FM NORMAL:   -0.79    2 = FOG REDUCING VISIBILITY
HIGHEST:   102 ON 14, 4 GRTST 24HR  1.12 ON 25-26      TO 1/4 MILE OR LESS
LOWEST:     69 ON 21                               3 = THUNDER
                        SNOW, ICE PELLETS, HAIL    4 = ICE PELLETS
                        TOTAL MONTH:   0.0 INCH    5 = HAIL
                        GRTST 24HR     0.0         6 = FREEZING RAIN OR DRIZZLE
                        GRTST DEPTH:   0           7 = DUSTSTORM OR SANDSTORM:
                                                       VSBY 1/2 MILE OR LESS
                                                   8 = SMOKE OR HAZE
[NO. OF DAYS WITH]      [WEATHER - DAYS WITH]      9 = BLOWING SNOW
                                                   X = TORNADO
MAX 32 OR BELOW:   0    0.01 INCH OR MORE:   2
MAX 90 OR ABOVE:  25    0.10 INCH OR MORE:   1
MIN 32 OR BELOW:   0    0.50 INCH OR MORE:   1
MIN  0 OR BELOW:   0    1.00 INCH OR MORE:   1

[HDD (BASE 65) ]
TOTAL THIS MO.     0    CLEAR  (SCALE 0-3)  16
DPTR FM NORMAL     0    PTCLDY (SCALE 4-7)  11
TOTAL FM JUL 1     0    CLOUDY (SCALE 8-10)  0
DPTR FM NORMAL     0

[CDD (BASE 65) ]
TOTAL THIS MO.   593
DPTR FM NORMAL    99    [PRESSURE DATA]
TOTAL FM JAN 1  1684    HIGHEST SLP M ON M
DPTR FM NORMAL   102    LOWEST  SLP 29.77 ON 11

[REMARKS]
