000
CXUS53 KBIS 300837
CF6HEI
PRELIMINARY LOCAL CLIMATOLOGICAL DATA (WS FORM: F-6)

                                          STATION:   HETTINGER ND
                                          MONTH:     MAY
                                          YEAR:      2015
                                          LATITUDE:   46  0 N
                                          LONGITUDE: 102 39 W

  TEMPERATURE IN F:       :PCPN:    SNOW:  WIND      :SUNSHINE: SKY     :PK WND
================================================================================
1   2   3   4   5  6A  6B    7    8   9   10  11  12  13   14  15   16   17  18
                                     12Z  AVG MX 2MIN
DY MAX MIN AVG DEP HDD CDD  WTR  SNW DPTH SPD SPD DIR MIN PSBL S-S WX    SPD DR
================================================================================

 1  75  29  52   4  13   0 0.00    M    M  7.6 21 210   M    M   0        28 230
 2  80  41  61  13   4   0 0.00    M    M 11.1 26 290   M    M   0        32 300
 3  66  32  49   1  16   0    T    M    M  8.6 21  20   M    M   3        26  10
 4  58  28  43  -6  22   0 0.00    M    M 12.0 26 190   M    M   6        34 180
 5  70  43  57   8   8   0 0.00    M    M 16.3 29 150   M    M   5        36 130
 6  64  48  56   7   9   0 0.08    M    M 12.8 29 330   M    M  10 1      38 340
 7  58  43  51   1  14   0    T    M    M 19.1 32 340   M    M   9 1      41 320
 8  58  37  48  -2  17   0 0.01    M    M 10.4 21  50   M    M   7 1      26  60
 9  42  33  38 -12  27   0 0.09    M    M  9.2 17  40   M    M  10 1      22  40
10  37  33  35 -15  30   0 0.10    M    M 17.3 28 350   M    M  10 12     37 350
11  59  32  46  -5  19   0 0.00    M    M 11.2 23 350   M    M   3        37 340
12  64  32  48  -3  17   0    T    M    M 14.2 30  90   M    M   4        37  80
13  68  40  54   2  11   0 0.02    M    M 11.7 22  70   M    M   4 13     27  70
14  51  43  47  -5  18   0 0.10    M    M 14.7 23 360   M    M  10 1      28 360
15  55  44  50  -2  15   0 0.18    M    M 13.7 20  80   M    M  10 1      24  80
16  71  49  60   8   5   0 0.27    M    M 10.7 22  70   M    M   7 12     26  60
17  55  33  44  -9  21   0    T    M    M 23.8 37 330   M    M  10 18     48 340
18  54  29  42 -11  23   0 0.00    M    M 12.4 25 330   M    M   2        32 330
19  56  21  39 -14  26   0 0.00    M    M  6.5 15 110   M    M   0        20  90
20  63  24  44 -10  21   0 0.00    M    M  3.8 13  80   M    M   0        18  90
21  69  32  51  -3  14   0 0.00    M    M  6.3 16 110   M    M   0        22 110
22  70  32  51  -3  14   0 0.00    M    M 11.9 26 140   M    M   0        37 130
23  62  41  52  -3  13   0    T    M    M 10.4 21 120   M    M   7        26 120
24  62  48  55   0  10   0    T    M    M 10.8 18  60   M    M  10 1      24  90
25  64  44  54  -1  11   0 0.18    M    M  7.9 17  60   M    M   9 12     21  60
26  74  38  56   0   9   0 0.00    M    M  3.7 13 160   M    M   3 12     16 150
27  75  42  59   3   6   0 0.51    M    M  7.8 24 180   M    M   2 13     32 170
28  75  46  61   5   4   0 0.21    M    M  6.4 23  10   M    M   7 123    29 360
29  56  36  46 -10  19   0 0.00    M    M 12.0 26 360   M    M   6 1      34 360
================================================================================
SM 1811 1073       436   0  1.75    M    324.3          M      154
================================================================================
AV 62.4 37.0                              11.2 FASTST   M    M   5    MAX(MPH)
                                 MISC ---->  # 37 330               # 48  340
================================================================================
NOTES:
# LAST OF SEVERAL OCCURRENCES

COLUMN 17 PEAK WIND IN M.P.H.

PRELIMINARY LOCAL CLIMATOLOGICAL DATA (WS FORM: F-6) , PAGE 2

                                          STATION:  HETTINGER ND
                                          MONTH:    MAY
                                          YEAR:     2015
                                          LATITUDE:   46  0 N
                                          LONGITUDE: 102 39 W

[TEMPERATURE DATA]      [PRECIPITATION DATA]       SYMBOLS USED IN COLUMN 16

AVERAGE MONTHLY: 49.7   TOTAL FOR MONTH:   1.75    1 = FOG OR MIST
DPTR FM NORMAL:  -2.4   DPTR FM NORMAL:   -0.44    2 = FOG REDUCING VISIBILITY
HIGHEST:    80 ON  2    GRTST 24HR  0.51 ON 27-27      TO 1/4 MILE OR LESS
LOWEST:     21 ON 19                               3 = THUNDER
                        SNOW, ICE PELLETS, HAIL    4 = ICE PELLETS
                        TOTAL MONTH:    M          5 = HAIL
                        GRTST 24HR    M  ON   M    6 = FREEZING RAIN OR DRIZZLE
                        GRTST DEPTH:  M  ON   M    7 = DUSTSTORM OR SANDSTORM:
                                                       VSBY 1/2 MILE OR LESS
                                                   8 = SMOKE OR HAZE
[NO. OF DAYS WITH]      [WEATHER - DAYS WITH]      9 = BLOWING SNOW
                                                   X = TORNADO
MAX 32 OR BELOW:   0    0.01 INCH OR MORE:  11
MAX 90 OR ABOVE:   0    0.10 INCH OR MORE:   7
MIN 32 OR BELOW:  10    0.50 INCH OR MORE:   1
MIN  0 OR BELOW:   0    1.00 INCH OR MORE:   0

[HDD (BASE 65) ]
TOTAL THIS MO.   436    CLEAR  (SCALE 0-3)   8
DPTR FM NORMAL    58    PTCLDY (SCALE 4-7)  12
TOTAL FM JUL 1  8159    CLOUDY (SCALE 8-10)  9
DPTR FM NORMAL  -323

[CDD (BASE 65) ]
TOTAL THIS MO.     0
DPTR FM NORMAL     0    [PRESSURE DATA]
TOTAL FM JAN 1     0    HIGHEST SLP M ON M
DPTR FM NORMAL     0    LOWEST  SLP 29.56 ON 16

[REMARKS]
