000
CXUS54 KJAN 200800
CF6HEZ
PRELIMINARY LOCAL CLIMATOLOGICAL DATA (WS FORM: F-6)

                                          STATION:   NATCHEZ
                                          MONTH:     OCTOBER
                                          YEAR:      2014
                                          LATITUDE:   31 37 N
                                          LONGITUDE:  91 15 W

  TEMPERATURE IN F:       :PCPN:    SNOW:  WIND      :SUNSHINE: SKY     :PK WND
================================================================================
1   2   3   4   5  6A  6B    7    8   9   10  11  12  13   14  15   16   17  18
                                     12Z  AVG MX 2MIN
DY MAX MIN AVG DEP HDD CDD  WTR  SNW DPTH SPD SPD DIR MIN PSBL S-S WX    SPD DR
================================================================================

 1  86  72  79   M   0  14 0.00  0.0    0  7.3 12 150   M    M   6        16 130
 2  90  75  83   M   0  18 0.13  0.0    0  9.2 15 170   M    M   7 3      21 170
 3  79  57  68   M   0   3 0.79  0.0    0  6.3 12 300   M    M   5 3       M  M
 4  70  52  61   M   4   0 0.00  0.0    0  5.5 14 360   M    M   0        20 360
 5  77  48  63   M   2   0 0.00  0.0    0  5.5 12 190   M    M   1        16 190
 6  81  63  72   M   0   7 0.00  0.0    0  5.7 15 170   M    M   1        22 170
 7  86  64  75   M   0  10 0.00  0.0    0  5.0  9 190   M    M   1         M  M
 8  86  66  76   M   0  11 0.00  0.0    0  2.7  6 150   M    M   2         M  M
 9  86  68  77   M   0  12 0.00  0.0    0  5.0 10 160   M    M   4         M  M
10  88  73  81   M   0  16 0.00  0.0    0  6.8 13 190   M    M   5        17 210
11  86  72  79   M   0  14 0.00  0.0    0  4.8  9 280   M    M   6         M  M
12  88  70  79   M   0  14 0.00  0.0    0  7.2 13 150   M    M   4        16 190
13  86  61  74   M   0   9 1.51  0.0    0 11.2 18 170   M    M   9 3      28 160
14  73  52  63   M   2   0 0.00  0.0    0  7.9 16 270   M    M   2        24 280
15  73  46  60   M   5   0 0.00  0.0    0  4.7 14 300   M    M   0        21 280
16  79  46  63   M   2   0 0.00  0.0    0  3.1  8 260   M    M   0         M  M
17  82  55  69   M   0   4 0.00  0.0    0  4.4 13 200   M    M   1        18 230
18  81  57  69   M   0   4 0.00  0.0    0  5.0 10  10   M    M   1         M  M
19  72  48  60   M   5   0 0.00  0.0    0  4.1 10  80   M    M   0         M  M
================================================================================
SM 1549 1145        20 136  2.43     0.0 111.4          M       55
================================================================================
AV 81.5 60.3                               5.9 FASTST   M    M   3    MAX(MPH)
                                 MISC ---->    18   M                 28    M
================================================================================
NOTES:
# LAST OF SEVERAL OCCURRENCES

COLUMN 17 PEAK WIND IN M.P.H.

PRELIMINARY LOCAL CLIMATOLOGICAL DATA (WS FORM: F-6) , PAGE 2

                                          STATION:  NATCHEZ
                                          MONTH:    OCTOBER
                                          YEAR:     2014
                                          LATITUDE:   31 37 N
                                          LONGITUDE:  91 15 W

[TEMPERATURE DATA]      [PRECIPITATION DATA]       SYMBOLS USED IN COLUMN 16

AVERAGE MONTHLY: 70.9   TOTAL FOR MONTH:   2.43    1 = FOG OR MIST
DPTR FM NORMAL:     M   DPTR FM NORMAL:       M    2 = FOG REDUCING VISIBILITY
HIGHEST:    90 ON  2    GRTST 24HR  1.51 ON 13-13      TO 1/4 MILE OR LESS
LOWEST:     46 ON 16,15                            3 = THUNDER
                        SNOW, ICE PELLETS, HAIL    4 = ICE PELLETS
                        TOTAL MONTH:   0.0 INCH    5 = HAIL
                        GRTST 24HR     0.0         6 = FREEZING RAIN OR DRIZZLE
                        GRTST DEPTH:   0           7 = DUSTSTORM OR SANDSTORM:
                                                       VSBY 1/2 MILE OR LESS
                                                   8 = SMOKE OR HAZE
[NO. OF DAYS WITH]      [WEATHER - DAYS WITH]      9 = BLOWING SNOW
                                                   X = TORNADO
MAX 32 OR BELOW:   0    0.01 INCH OR MORE:   3
MAX 90 OR ABOVE:   1    0.10 INCH OR MORE:   3
MIN 32 OR BELOW:   0    0.50 INCH OR MORE:   2
MIN  0 OR BELOW:   0    1.00 INCH OR MORE:   1

[HDD (BASE 65) ]
TOTAL THIS MO.    20    CLEAR  (SCALE 0-3)  11
DPTR FM NORMAL     M    PTCLDY (SCALE 4-7)   7
TOTAL FM JUL 1    20    CLOUDY (SCALE 8-10)  1
DPTR FM NORMAL     M

[CDD (BASE 65) ]
TOTAL THIS MO.   136
DPTR FM NORMAL     M    [PRESSURE DATA]
TOTAL FM JAN 1  2144    HIGHEST SLP M ON M
DPTR FM NORMAL     M    LOWEST  SLP M ON M

[REMARKS]
