000
CXUS55 KLOX 301655
CF6HHR
PRELIMINARY LOCAL CLIMATOLOGICAL DATA (WS FORM: F-6)

                                          STATION:   HAWTHORNE AIRPORT CA
                                          MONTH:     APRIL
                                          YEAR:      2016
                                          LATITUDE:   33 55 N
                                          LONGITUDE: 118 20 W

  TEMPERATURE IN F:       :PCPN:    SNOW:  WIND      :SUNSHINE: SKY     :PK WND
================================================================================
1   2   3   4   5  6A  6B    7    8   9   10  11  12  13   14  15   16   17  18
                                     12Z  AVG MX 2MIN
DY MAX MIN AVG DEP HDD CDD  WTR  SNW DPTH SPD SPD DIR MIN PSBL S-S WX    SPD DR
================================================================================

 1  69  55  62   1   3   0 0.00  0.0    0  4.8 15 250   M    M   1 8      21 260
 2  73  54  64   3   1   0 0.00  0.0    0  4.6 15 260   M    M   1 128    18 260
 3  70  55  63   2   2   0 0.00  0.0    0  4.9 16 260   M    M   0 1      20 260
 4  75  56  66   5   0   1 0.00  0.0    0  4.4 14 260   M    M   0 8      17 270
 5  81  54  68   7   0   3 0.00  0.0    0  4.0 14 250   M    M   1 128    16 260
 6  80  60  70   9   0   5 0.00  0.0    0  5.2 18 260   M    M   1 18     23 260
 7  66  60  63   2   2   0 0.06  0.0    0  3.2 13 250   M    M   5        17 270
 8  61  59  60  -1   5   0 0.10  0.0    0  3.1  9 260   M    M  10 1      13 260
 9  66  60  63   2   2   0    T  0.0    0  5.0 14 160   M    M   9        18 170
10  70  59  65   4   0   0 0.00  0.0    0  5.2 18 260   M    M   6        24 260
11  70  59  65   4   0   0 0.00  0.0    0  5.3 16 260   M    M   4        20 270
12  70  57  64   2   1   0 0.00  0.0    0  5.8 17 260   M    M   0 8      21 270
13  69  58  64   2   1   0 0.00  0.0    0  4.9 17 260   M    M   3        22 250
14  69  57  63   1   2   0 0.00  0.0    0  7.0 22 260   M    M   0        31 330
15  80  60  70   8   0   5 0.00  0.0    0  9.2 24 260   M    M   0 8      37 320
16  81  56  69   7   0   4 0.00  0.0    0  6.0 18 260   M    M   0        24 260
17  86  58  72  10   0   7 0.00  0.0    0  4.5 21 260   M    M   0        25 260
18  86  61  74  12   0   9 0.00  0.0    0  3.8 17 260   M    M   0 8      20 260
19  86  61  74  12   0   9 0.00  0.0    0  3.6 15 270   M    M   0 8      18 260
20  84  60  72  10   0   7 0.00  0.0    0  4.5 17 270   M    M   0 8      22 270
21  75  59  67   5   0   2 0.00  0.0    0  6.4 20 260   M    M   0 8      23 260
22  70  59  65   3   0   0 0.00  0.0    0  9.1 26 260   M    M   2 8      35 260
23  73  57  65   3   0   0 0.00  0.0    0  6.3 21 260   M    M   0        28 260
24  72  58  65   2   0   0 0.00  0.0    0  7.8 22 260   M    M   1        25 260
25  66  56  61  -2   4   0 0.00  0.0    0 10.0 38 260   M    M   2 8      49 260
26  69  53  61  -2   4   0 0.00  0.0    0  6.0 16 250   M    M   0        20 260
27  68  57  63   0   2   0 0.00  0.0    0  8.3 25 260   M    M   0 8      32 270
28  68  55  62  -1   3   0 0.00  0.0    0  4.8 20 250   M    M   1 8      25 260
29  67  56  62  -1   3   0 0.00  0.0    0  7.4 16 260   M    M   4        22 250
================================================================================
SM 2120 1669        35  52  0.16     0.0 165.1          M       51
================================================================================
AV 73.1 57.6                               5.7 FASTST   M    M   2    MAX(MPH)
                                 MISC ---->  # 38 260               # 49  260
================================================================================
NOTES:
# LAST OF SEVERAL OCCURRENCES

COLUMN 17 PEAK WIND IN M.P.H.

PRELIMINARY LOCAL CLIMATOLOGICAL DATA (WS FORM: F-6) , PAGE 2

                                          STATION:  HAWTHORNE AIRPORT CA
                                          MONTH:    APRIL
                                          YEAR:     2016
                                          LATITUDE:   33 55 N
                                          LONGITUDE: 118 20 W

[TEMPERATURE DATA]      [PRECIPITATION DATA]       SYMBOLS USED IN COLUMN 16

AVERAGE MONTHLY: 65.3   TOTAL FOR MONTH:   0.16    1 = FOG OR MIST
DPTR FM NORMAL:   3.5   DPTR FM NORMAL:   -0.59    2 = FOG REDUCING VISIBILITY
HIGHEST:    86 ON 19,18 GRTST 24HR  0.11 ON  7- 8      TO 1/4 MILE OR LESS
LOWEST:     53 ON 26                               3 = THUNDER
                        SNOW, ICE PELLETS, HAIL    4 = ICE PELLETS
                        TOTAL MONTH:   0.0 INCH    5 = HAIL
                        GRTST 24HR     0.0         6 = FREEZING RAIN OR DRIZZLE
                        GRTST DEPTH:   0           7 = DUSTSTORM OR SANDSTORM:
                                                       VSBY 1/2 MILE OR LESS
                                                   8 = SMOKE OR HAZE
[NO. OF DAYS WITH]      [WEATHER - DAYS WITH]      9 = BLOWING SNOW
                                                   X = TORNADO
MAX 32 OR BELOW:   0    0.01 INCH OR MORE:   2
MAX 90 OR ABOVE:   0    0.10 INCH OR MORE:   1
MIN 32 OR BELOW:   0    0.50 INCH OR MORE:   0
MIN  0 OR BELOW:   0    1.00 INCH OR MORE:   0

[HDD (BASE 65) ]
TOTAL THIS MO.    35    CLEAR  (SCALE 0-3)  22
DPTR FM NORMAL   -77    PTCLDY (SCALE 4-7)   5
TOTAL FM JUL 1   710    CLOUDY (SCALE 8-10)  2
DPTR FM NORMAL  -361

[CDD (BASE 65) ]
TOTAL THIS MO.    52
DPTR FM NORMAL    24    [PRESSURE DATA]
TOTAL FM JAN 1   129    HIGHEST SLP M ON M
DPTR FM NORMAL    73    LOWEST  SLP 29.69 ON 27

[REMARKS]
