913
CXUS56 KPQR 241200
CF6HIO
PRELIMINARY LOCAL CLIMATOLOGICAL DATA (WS FORM: F-6)

                                          STATION:   HILLSBORO OR
                                          MONTH:     JULY
                                          YEAR:      2016
                                          LATITUDE:   45 32 N
                                          LONGITUDE: 122 57 W

  TEMPERATURE IN F:       :PCPN:    SNOW:  WIND      :SUNSHINE: SKY     :PK WND
================================================================================
1   2   3   4   5  6A  6B    7    8   9   10  11  12  13   14  15   16   17  18
                                     12Z  AVG MX 2MIN
DY MAX MIN AVG DEP HDD CDD  WTR  SNW DPTH SPD SPD DIR MIN PSBL S-S WX    SPD DR
================================================================================

 1  82  49  66   3   0   1 0.00  0.0    0  4.7 15 310   M    M   0        19 310
 2  83  57  70   7   0   5 0.00  0.0    0  6.0 15 310   M    M   1        19 300
 3  76  52  64   0   1   0 0.00  0.0    0  7.8 21 320   M    M   4        26 310
 4  71  53  62  -2   3   0    T  0.0    0  5.7 17 310   M    M   6 8      25 310
 5  73  47  60  -4   5   0 0.00  0.0    0  4.0 14 330   M    M   5        17 330
 6  80  50  65   1   0   0 0.00  0.0    0  4.8 13 310   M    M   3        15 300
 7  69  59  64   0   1   0 0.15  0.0    0  5.1 13 290   M    M   8 1      15 300
 8  73  58  66   2   0   1 0.10  0.0    0  8.9 15 240   M    M   9        26 190
 9  73  55  64  -1   1   0    T  0.0    0  8.4 21 170   M    M   9        26 180
10  71  56  64  -1   1   0 0.05  0.0    0  6.9 15 160   M    M   9        19 160
11  74  52  63  -2   2   0 0.00  0.0    0  3.1 13 320   M    M   7        14 310
12  74  55  65   0   0   0    T  0.0    0  3.7 17 300   M    M   9 8      20 300
13  79  55  67   2   0   2 0.00  0.0    0  6.9 14 330   M    M   4        19 300
14  81  50  66   0   0   1 0.00  0.0    0  7.9 20 340   M    M   0        25 310
15  74  46  60  -6   5   0 0.00  0.0    0  5.1 18 330   M    M   5        23 330
16  75  51  63  -3   2   0 0.00  0.0    0  3.4 15 310   M    M   8        18 310
17  73  59  66   0   0   1 0.00  0.0    0  3.1 10 340   M    M  10        12 330
18  75  57  66   0   0   1 0.00  0.0    0  5.5 15 260   M    M   9        20 250
19  76  57  67   1   0   2 0.00  0.0    0  2.9 14 310   M    M   8        18 310
20  84  53  69   3   0   4 0.00  0.0    0  3.2 12  60   M    M   2        14  70
21  88  55  72   6   0   7    T  0.0    0  5.6 21 320   M    M   3        24 320
22  71  58  65  -2   0   0 0.03  0.0    0  3.9 10 350   M    M  10 1      14 360
23  75  57  66  -1   0   1 0.00  0.0    0  7.1 17 310   M    M   6        21 310
================================================================================
SM 1750 1241        21  26  0.33     0.0 123.7          M      135
================================================================================
AV 76.1 54.0                               5.4 FASTST   M    M   6    MAX(MPH)
                                 MISC ---->  # 21 320               # 26  310
================================================================================
NOTES:
# LAST OF SEVERAL OCCURRENCES

COLUMN 17 PEAK WIND IN M.P.H.

PRELIMINARY LOCAL CLIMATOLOGICAL DATA (WS FORM: F-6) , PAGE 2

                                          STATION:  HILLSBORO OR
                                          MONTH:    JULY
                                          YEAR:     2016
                                          LATITUDE:   45 32 N
                                          LONGITUDE: 122 57 W

[TEMPERATURE DATA]      [PRECIPITATION DATA]       SYMBOLS USED IN COLUMN 16

AVERAGE MONTHLY: 65.0   TOTAL FOR MONTH:   0.33    1 = FOG OR MIST
DPTR FM NORMAL:  -0.1   DPTR FM NORMAL:   -0.12    2 = FOG REDUCING VISIBILITY
HIGHEST:    88 ON 21    GRTST 24HR  0.15 ON  7- 7      TO 1/4 MILE OR LESS
LOWEST:     46 ON 15                               3 = THUNDER
                        SNOW, ICE PELLETS, HAIL    4 = ICE PELLETS
                        TOTAL MONTH:   0.0 INCH    5 = HAIL
                        GRTST 24HR     0.0         6 = FREEZING RAIN OR DRIZZLE
                        GRTST DEPTH:   0           7 = DUSTSTORM OR SANDSTORM:
                                                       VSBY 1/2 MILE OR LESS
                                                   8 = SMOKE OR HAZE
[NO. OF DAYS WITH]      [WEATHER - DAYS WITH]      9 = BLOWING SNOW
                                                   X = TORNADO
MAX 32 OR BELOW:   0    0.01 INCH OR MORE:   4
MAX 90 OR ABOVE:   0    0.10 INCH OR MORE:   2
MIN 32 OR BELOW:   0    0.50 INCH OR MORE:   0
MIN  0 OR BELOW:   0    1.00 INCH OR MORE:   0

[HDD (BASE 65) ]
TOTAL THIS MO.    21    CLEAR  (SCALE 0-3)   4
DPTR FM NORMAL   -25    PTCLDY (SCALE 4-7)  12
TOTAL FM JUL 1    21    CLOUDY (SCALE 8-10)  7
DPTR FM NORMAL   -25

[CDD (BASE 65) ]
TOTAL THIS MO.    26
DPTR FM NORMAL   -25    [PRESSURE DATA]
TOTAL FM JAN 1   116    HIGHEST SLP M ON M
DPTR FM NORMAL    39    LOWEST  SLP 29.88 ON  8

[REMARKS]
