147
CXUS56 KPQR 261200
CF6HIO
PRELIMINARY LOCAL CLIMATOLOGICAL DATA (WS FORM: F-6)

                                          STATION:   HILLSBORO OR
                                          MONTH:     JULY
                                          YEAR:      2017
                                          LATITUDE:   45 32 N
                                          LONGITUDE: 122 57 W

  TEMPERATURE IN F:       :PCPN:    SNOW:  WIND      :SUNSHINE: SKY     :PK WND
================================================================================
1   2   3   4   5  6A  6B    7    8   9   10  11  12  13   14  15   16   17  18
                                     12Z  AVG MX 2MIN
DY MAX MIN AVG DEP HDD CDD  WTR  SNW DPTH SPD SPD DIR MIN PSBL S-S WX    SPD DR
================================================================================

 1  79  56  68   5   0   3 0.00  0.0    0  4.6  8 300   M    M   5        16  10
 2  83  49  66   3   0   1 0.00  0.0    0  5.8 18 320   M    M   0        24 330
 3  79  55  67   3   0   2 0.00  0.0    0  8.1 16 330   M    M   2        20 310
 4  84  51  68   4   0   3 0.00  0.0    0  4.0 12  70   M    M   0        14  40
 5  91  52  72   8   0   7 0.00  0.0    0  4.3 18 290   M    M   0        24 290
 6  90  52  71   7   0   6 0.00  0.0    0  3.4 12 300   M    M   0        14 300
 7  72  51  62  -2   3   0 0.00    M    M  5.7 13 310   M    M   4 18     16 320
 8  88  47  68   4   0   3 0.00    M    M  5.7 17 330   M    M   0        21 340
 9  85  50  68   3   0   3 0.00    M    M  6.5 20 320   M    M   0        25 330
10  79  51  65   0   0   0 0.00  0.0    0  8.1 17 320   M    M   0        24 350
11  79  45  62  -3   3   0 0.00  0.0    0  5.8 15 320   M    M   0        18 320
12  84  49  67   2   0   2 0.00  0.0    0  4.6 16 330   M    M   0        19 330
13  77  54  66   1   0   1 0.00  0.0    0  5.5 12  50   M    M   5        17  60
14  87  51  69   3   0   4 0.00  0.0    0  4.0 13 320   M    M   0        16 320
15  81  52  67   1   0   2 0.00  0.0    0  6.2 20 340   M    M   1        24 330
16  75  46  61  -5   4   0 0.00  0.0    0  6.9 16 320   M    M   3        21 320
17  82  47  65  -1   0   0 0.00  0.0    0  5.7 15 310   M    M   0        20  10
18  86  48  67   1   0   2 0.00  0.0    0  5.3 18 320   M    M   0        24 310
19  82  47  65  -1   0   0 0.00  0.0    0  5.2 17 290   M    M   1        21 290
20  74  52  63  -3   2   0    T  0.0    0  4.2 13 250   M    M   6 1      16 210
21  84  50  67   1   0   2 0.00  0.0    0  3.3 12  30   M    M   1        17 300
22  91  55  73   6   0   8 0.00  0.0    0  5.6 17 340   M    M   0        21 330
23  86  59  73   6   0   8 0.00  0.0    0 10.4 22 320   M    M   1        26 320
24  90  51  71   4   0   6 0.00  0.0    0  7.6 18 320   M    M   0        23 310
25  91  53  72   5   0   7 0.00  0.0    0  7.4 17 320   M    M   0        23 300
================================================================================
SM 2079 1273        12  70    T      0.0 143.9          M       29
================================================================================
AV 83.2 50.9                               5.8 FASTST   M    M   1    MAX(MPH)
                                 MISC ---->  # 22 320               # 26  320
================================================================================
NOTES:
# LAST OF SEVERAL OCCURRENCES

COLUMN 17 PEAK WIND IN M.P.H.

PRELIMINARY LOCAL CLIMATOLOGICAL DATA (WS FORM: F-6) , PAGE 2

                                          STATION:  HILLSBORO OR
                                          MONTH:    JULY
                                          YEAR:     2017
                                          LATITUDE:   45 32 N
                                          LONGITUDE: 122 57 W

[TEMPERATURE DATA]      [PRECIPITATION DATA]       SYMBOLS USED IN COLUMN 16

AVERAGE MONTHLY: 67.0   TOTAL FOR MONTH:      T    1 = FOG OR MIST
DPTR FM NORMAL:   1.8   DPTR FM NORMAL:   -0.47    2 = FOG REDUCING VISIBILITY
HIGHEST:    91 ON 25,22 GRTST 24HR    T  ON 20-20      TO 1/4 MILE OR LESS
LOWEST:     45 ON 11                               3 = THUNDER
                        SNOW, ICE PELLETS, HAIL    4 = ICE PELLETS
                        TOTAL MONTH:   0.0 INCH    5 = HAIL
                        GRTST 24HR     0.0         6 = FREEZING RAIN OR DRIZZLE
                        GRTST DEPTH:   0           7 = DUSTSTORM OR SANDSTORM:
                                                       VSBY 1/2 MILE OR LESS
                                                   8 = SMOKE OR HAZE
[NO. OF DAYS WITH]      [WEATHER - DAYS WITH]      9 = BLOWING SNOW
                                                   X = TORNADO
MAX 32 OR BELOW:   0    0.01 INCH OR MORE:   0
MAX 90 OR ABOVE:   5    0.10 INCH OR MORE:   0
MIN 32 OR BELOW:   0    0.50 INCH OR MORE:   0
MIN  0 OR BELOW:   0    1.00 INCH OR MORE:   0

[HDD (BASE 65) ]
TOTAL THIS MO.    12    CLEAR  (SCALE 0-3)  21
DPTR FM NORMAL   -36    PTCLDY (SCALE 4-7)   4
TOTAL FM JUL 1    12    CLOUDY (SCALE 8-10)  0
DPTR FM NORMAL   -36

[CDD (BASE 65) ]
TOTAL THIS MO.    70
DPTR FM NORMAL    13    [PRESSURE DATA]
TOTAL FM JAN 1   158    HIGHEST SLP M ON M
DPTR FM NORMAL    75    LOWEST  SLP 29.84 ON 24

[REMARKS]
