000
CXUS51 KPBZ 300804
CF6HLG
PRELIMINARY LOCAL CLIMATOLOGICAL DATA (WS FORM: F-6)

                                          STATION:   WHEELING
                                          MONTH:     JUNE
                                          YEAR:      2015
                                          LATITUDE:   40 10 N
                                          LONGITUDE:  80 39 W

  TEMPERATURE IN F:       :PCPN:    SNOW:  WIND      :SUNSHINE: SKY     :PK WND
================================================================================
1   2   3   4   5  6A  6B    7    8   9   10  11  12  13   14  15   16   17  18
                                     12Z  AVG MX 2MIN
DY MAX MIN AVG DEP HDD CDD  WTR  SNW DPTH SPD SPD DIR MIN PSBL S-S WX    SPD DR
================================================================================

 1  55  47  51 -13  14   0    T    M    M  7.3 13  30   M    M  10 1      17 300
 2  61  51  56  -9   9   0 0.00    M    M  6.7 13  50   M    M  10 1      15  10
 3  72  56  64  -1   1   0 0.00    M    M  8.4 15 100   M    M   7        20 100
 4  77  56  67   2   0   2    T    M    M  5.9 10 160   M    M   5        14 130
 5  82  62  72   6   0   7 0.03    M    M  4.6 23 330   M    M   5 123    31 330
 6  74  57  66   0   0   1 0.00    M    M  5.3 14 350   M    M   6 128    17  10
 7  83  53  68   2   0   3 0.00    M    M  9.2 18 190   M    M   1 1      25 200
 8  79  65  72   6   0   7 0.28    M    M 12.7 26 220   M    M   4 13     35 210
 9  74  59  67   0   0   2    T    M    M  9.3 17 250   M    M   3 1      24 250
10  84  58  71   4   0   6 0.00    M    M  9.5 18 210   M    M   0 18     27 200
11  87  70  79  12   0  14 0.00    M    M  7.5 14 220   M    M   1        20 210
12  87  69  78  10   0  13 0.15    M    M  7.0 31 300   M    M   2 13     44 290
13  84  67  76   8   0  11 0.30    M    M  5.6 16 180   M    M   6 13     20 180
14  84  67  76   8   0  11 1.21    M    M  7.1 29 240   M    M   6 13     43 240
15  83  69  76   8   0  11 1.00    M    M  7.7 17 250   M    M   7 13     23 240
16   M   M   M   M   M   M 0.57    M    M  9.7 17 250   M    M   6 13     23 250
17  71  56  64  -5   1   0 0.14    M    M  3.6 16 130   M    M   5 1      20 130
18  83  67  75   6   0  10 0.54    M    M  8.4 24 310   M    M   7 13     35 310
19  76  64  70   1   0   5 0.13    M    M  4.4 12 250   M    M   8 128    16 250
20  76  64  70   0   0   5 0.42    M    M  5.8 13 110   M    M   9 12     17 240
21  83  69  76   6   0  11 0.00    M    M  8.4 18 270   M    M   6 1      25 270
22  84  66  75   5   0  10 0.00    M    M  7.7 17 210   M    M   1        25 220
23  85  64  75   5   0  10 0.41    M    M 10.4 22 230   M    M   5 13     30 320
24  79  56  68  -2   0   3 0.00    M    M  2.8 10 310   M    M   2 12     14 270
25  76  61  69  -1   0   4 0.62    M    M  4.4 18 260   M    M   7 12     26 240
26  80  61  71   0   0   6 0.01    M    M  4.4 10 100   M    M   7 128    13  70
27  76  60  68  -3   0   3 0.79    M    M 12.5 23 210   M    M  10 1      34 200
28  67  57  62  -9   3   0 0.10    M    M 10.9 21 260   M    M   9 1      30 210
29  76  54  65  -6   0   0 0.21    M    M  6.2 14  80   M    M   5 1      18 100
================================================================================
SM 2178 1705        28 155  6.91    M    213.4          M      160
================================================================================
AV 77.8 60.9                               7.4 FASTST   M    M   6    MAX(MPH)
                                 MISC ---->  # 31 300               # 44  290
================================================================================
NOTES:
# LAST OF SEVERAL OCCURRENCES

COLUMN 17 PEAK WIND IN M.P.H.

PRELIMINARY LOCAL CLIMATOLOGICAL DATA (WS FORM: F-6) , PAGE 2

                                          STATION:  WHEELING
                                          MONTH:    JUNE
                                          YEAR:     2015
                                          LATITUDE:   40 10 N
                                          LONGITUDE:  80 39 W

[TEMPERATURE DATA]      [PRECIPITATION DATA]       SYMBOLS USED IN COLUMN 16

AVERAGE MONTHLY: 69.3   TOTAL FOR MONTH:   6.91    1 = FOG OR MIST
DPTR FM NORMAL:   1.2   DPTR FM NORMAL:    2.28    2 = FOG REDUCING VISIBILITY
HIGHEST:    87 ON 12,11 GRTST 24HR  2.07 ON 14-15      TO 1/4 MILE OR LESS
LOWEST:     47 ON  1                               3 = THUNDER
                        SNOW, ICE PELLETS, HAIL    4 = ICE PELLETS
                        TOTAL MONTH:    M          5 = HAIL
                        GRTST 24HR    M  ON   M    6 = FREEZING RAIN OR DRIZZLE
                        GRTST DEPTH:  M  ON   M    7 = DUSTSTORM OR SANDSTORM:
                                                       VSBY 1/2 MILE OR LESS
                                                   8 = SMOKE OR HAZE
[NO. OF DAYS WITH]      [WEATHER - DAYS WITH]      9 = BLOWING SNOW
                                                   X = TORNADO
MAX 32 OR BELOW:   0    0.01 INCH OR MORE:  17
MAX 90 OR ABOVE:   0    0.10 INCH OR MORE:  15
MIN 32 OR BELOW:   0    0.50 INCH OR MORE:   6
MIN  0 OR BELOW:   0    1.00 INCH OR MORE:   2

[HDD (BASE 65) ]
TOTAL THIS MO.    28    CLEAR  (SCALE 0-3)   7
DPTR FM NORMAL   -10    PTCLDY (SCALE 4-7)  17
TOTAL FM JUL 1  5911    CLOUDY (SCALE 8-10)  5
DPTR FM NORMAL   324

[CDD (BASE 65) ]
TOTAL THIS MO.   155
DPTR FM NORMAL    27    [PRESSURE DATA]
TOTAL FM JAN 1   296    HIGHEST SLP  0.00 ON 17
DPTR FM NORMAL   122    LOWEST  SLP 29.63 ON M

[REMARKS]
