000
CXUS56 KTFX 271205
CF6HLN
PRELIMINARY LOCAL CLIMATOLOGICAL DATA (WS FORM: F-6)

                                          STATION:   HELENA MT
                                          MONTH:     FEBRUARY
                                          YEAR:      2015
                                          LATITUDE:   46 35 N
                                          LONGITUDE: 112  0 W

  TEMPERATURE IN F:       :PCPN:    SNOW:  WIND      :SUNSHINE: SKY     :PK WND
================================================================================
1   2   3   4   5  6A  6B    7    8   9   10  11  12  13   14  15   16   17  18
                                     12Z  AVG MX 2MIN
DY MAX MIN AVG DEP HDD CDD  WTR  SNW DPTH SPD SPD DIR MIN PSBL S-S WX    SPD DR
================================================================================

 1  26  11  19  -6  46   0    T    T    T  1.7  7 280   M    M   7         8 260
 2  47  25  36  10  29   0 0.00  0.0    T  5.8 26 260   M    M   7        33 260
 3  50  18  34   8  31   0 0.01  0.1    0 12.5 26 260   M    M   7 1      38 270
 4  34  17  26   0  39   0    T    T    T  1.4  9 290   M    M   4 8      10 280
 5  55  27  41  15  24   0 0.00  0.0    0  3.1 15 290   M    M   3 1      20 280
 6  67  37  52  26  13   0 0.00  0.0    0 11.3 29 240   M    M   1        41 220
 7  60  43  52  26  13   0    T  0.0    0 10.8 31 220   M    M   6        45 210
 8  59  36  48  22  17   0 0.00  0.0    0  8.2 23 260   M    M   2        32 270
 9  51  34  43  17  22   0 0.22  0.0    0  3.9 16 270   M    M   7 1      20 270
10  50  36  43  16  22   0 0.01  0.0    0  7.4 17 260   M    M   8        21 260
11  52  27  40  13  25   0 0.00  0.0    0  1.9  8  20   M    M   2        10  30
12  56  35  46  19  19   0 0.00  0.0    0  7.2 23 250   M    M   4        28 250
13  61  32  47  20  18   0 0.00  0.0    0  4.1 16 280   M    M   0        21 280
14  61  30  46  19  19   0 0.00  0.0    0  5.9 23 290   M    M   3        27 290
15  43  32  38  10  27   0    T    T    0  4.4 17 340   M    M   9        21 340
16  39  28  34   6  31   0    T    T    T  6.7 20  10   M    M   9        24 360
17  45  21  33   5  32   0 0.00  0.0    0  3.6 14 270   M    M   4        17 240
18  57  28  43  15  22   0 0.00  0.0    0  7.0 21 280   M    M   2        26 270
19  51  38  45  17  20   0 0.00  0.0    0  9.4 21 250   M    M   3        29 260
20  47  32  40  11  25   0 0.09  0.5    0 10.8 26 340   M    M   9 1      32 340
21  32   7  20  -9  45   0    T  0.4    T 11.0 30 360   M    M   7 128    36 360
22  21  -1  10 -19  55   0 0.00  0.0    1  2.5 10 260   M    M   0        11 260
23  30   2  16 -14  49   0 0.00  0.0    T  1.7  8 110   M    M   2        10 120
24  48  15  32   2  33   0 0.00  0.0    T  5.1 28 270   M    M   4        36 270
25  42  18  30   0  35   0 0.02  0.2    T 10.5 24 340   M    M  10 18     28 340
26  26  12  19 -11  46   0 0.03  0.5    1  5.2 12 270   M    M   5 18     14 270
================================================================================
SM 1210  640       757   0  0.38     1.7 163.1          M      125
================================================================================
AV 46.5 24.6                               6.3 FASTST   M    M   5    MAX(MPH)
                                 MISC ---->  # 31 220               # 45  210
================================================================================
NOTES:
# LAST OF SEVERAL OCCURRENCES

COLUMN 17 PEAK WIND IN M.P.H.

PRELIMINARY LOCAL CLIMATOLOGICAL DATA (WS FORM: F-6) , PAGE 2

                                          STATION:  HELENA MT
                                          MONTH:    FEBRUARY
                                          YEAR:     2015
                                          LATITUDE:   46 35 N
                                          LONGITUDE: 112  0 W

[TEMPERATURE DATA]      [PRECIPITATION DATA]       SYMBOLS USED IN COLUMN 16

AVERAGE MONTHLY: 35.6   TOTAL FOR MONTH:   0.38    1 = FOG OR MIST
DPTR FM NORMAL:   8.1   DPTR FM NORMAL:    0.10    2 = FOG REDUCING VISIBILITY
HIGHEST:    67 ON  6    GRTST 24HR  0.23 ON  9-10      TO 1/4 MILE OR LESS
LOWEST:     -1 ON 22                               3 = THUNDER
                        SNOW, ICE PELLETS, HAIL    4 = ICE PELLETS
                        TOTAL MONTH:   1.7 INCHES  5 = HAIL
                        GRTST 24HR   0.5 ON 26-26  6 = FREEZING RAIN OR DRIZZLE
                        GRTST DEPTH:   1 ON 26,22  7 = DUSTSTORM OR SANDSTORM:
                                                       VSBY 1/2 MILE OR LESS
                                                   8 = SMOKE OR HAZE
[NO. OF DAYS WITH]      [WEATHER - DAYS WITH]      9 = BLOWING SNOW
                                                   X = TORNADO
MAX 32 OR BELOW:   5    0.01 INCH OR MORE:   6
MAX 90 OR ABOVE:   0    0.10 INCH OR MORE:   1
MIN 32 OR BELOW:  19    0.50 INCH OR MORE:   0
MIN  0 OR BELOW:   1    1.00 INCH OR MORE:   0

[HDD (BASE 65) ]
TOTAL THIS MO.   757    CLEAR  (SCALE 0-3)   9
DPTR FM NORMAL  -219    PTCLDY (SCALE 4-7)  12
TOTAL FM JUL 1  4915    CLOUDY (SCALE 8-10)  5
DPTR FM NORMAL  -579

[CDD (BASE 65) ]
TOTAL THIS MO.     0
DPTR FM NORMAL     0    [PRESSURE DATA]
TOTAL FM JAN 1     0    HIGHEST SLP M ON M
DPTR FM NORMAL     0    LOWEST  SLP 29.58 ON  7

[REMARKS]
