000
CXUS54 KMAF 241100
CF6HOB
PRELIMINARY LOCAL CLIMATOLOGICAL DATA (WS FORM: F-6)

                                          STATION:   Lea Airport, Hobbs
                                          MONTH:     OCTOBER
                                          YEAR:      2014
                                          LATITUDE:   32 40 N
                                          LONGITUDE: 103-12 E

  TEMPERATURE IN F:       :PCPN:    SNOW:  WIND      :SUNSHINE: SKY     :PK WND
================================================================================
1   2   3   4   5  6A  6B    7    8   9   10  11  12  13   14  15   16   17  18
                                     12Z  AVG MX 2MIN
DY MAX MIN AVG DEP HDD CDD  WTR  SNW DPTH SPD SPD DIR MIN PSBL S-S WX    SPD DR
================================================================================

 1  82  57  70   M   0   5 0.00  0.0    0  7.4 13 260   M    M   0 1      20 220
 2  75  54  65   M   0   0 0.00  0.0    0  8.1 17 320   M    M   1 18     21 340
 3  77  48  63   M   2   0 0.00  0.0    0  6.6 15  50   M    M   0 8      22  50
 4  82  46  64   M   1   0 0.00  0.0    0  7.5 14 170   M    M   0        18 200
 5  82  50  66   M   0   1 0.00  0.0    0  9.7 18 290   M    M   0        27 290
 6  86  54  70   M   0   5 0.00  0.0    0  7.1 13 230   M    M   0        18 220
 7  88  57  73   M   0   8 0.00  0.0    0  6.3 14 240   M    M   0         M  M
 8  88  57  73   M   0   8 0.00  0.0    0  8.4 15 170   M    M   0 1      18 180
 9  86  61  74   M   0   9 0.00  0.0    0  9.8 17 200   M    M   1        23 200
10  75  50  63   M   2   0 0.00  0.0    0 12.7 20  10   M    M   3        25  10
11  64  48  56   M   9   0 0.00  0.0    0  8.2 18 350   M    M   5        22 350
12  81  48  65   M   0   0 0.06    M    0 13.4 28 220   M    M   2        37 210
13  66  45  56   M   9   0 0.00  0.0    0 14.8 31 340   M    M   0        43 330
14  72  39  56   M   9   0 0.00  0.0    0  4.0 10 190   M    M   0         M  M
15  81  43  62   M   3   0 0.00  0.0    0  3.3 10 180   M    M   0         M  M
16  86  46  66   M   0   1 0.00  0.0    0  6.3 13 300   M    M   0        17 280
17  82  50  66   M   0   1 0.00  0.0    0  8.2 14  70   M    M   0        21  70
18   M   M   M   M   M   M 0.00  0.0    0 11.3 17  70   M    M   5        23  70
19   M   M   M   M   M   M 0.00  0.0    0  5.9 12 140   M    M   4         M  M
20   M   M   M   M   M   M 0.00  0.0    0  4.6 15 120   M    M   2 1      20  90
21  66  55  61   M   4   0 0.00  0.0    0  6.7 20 150   M    M   7        27 150
22   M   M   M   M   M   M 0.00  0.0    0  5.6 12 150   M    M   6         M  M
23   M   M   M   M   M   M 0.00  0.0    0  4.9  8 180   M    M   4 12      M  M
================================================================================
SM 1419  908        39  38  0.06     0.0 180.8          M       40
================================================================================
AV 78.8 50.4                               7.9 FASTST   M    M   2    MAX(MPH)
                                 MISC ---->    31   M                 43    M
================================================================================
NOTES:
# LAST OF SEVERAL OCCURRENCES

COLUMN 17 PEAK WIND IN M.P.H.

PRELIMINARY LOCAL CLIMATOLOGICAL DATA (WS FORM: F-6) , PAGE 2

                                          STATION:  Lea Airport, Hobbs
                                          MONTH:    OCTOBER
                                          YEAR:     2014
                                          LATITUDE:   32 40 N
                                          LONGITUDE: 103-12 E

[TEMPERATURE DATA]      [PRECIPITATION DATA]       SYMBOLS USED IN COLUMN 16

AVERAGE MONTHLY: 64.6   TOTAL FOR MONTH:   0.06    1 = FOG OR MIST
DPTR FM NORMAL:     M   DPTR FM NORMAL:       M    2 = FOG REDUCING VISIBILITY
HIGHEST:    88 ON  8, 7 GRTST 24HR  0.06 ON 12-12      TO 1/4 MILE OR LESS
LOWEST:     39 ON 14                               3 = THUNDER
                        SNOW, ICE PELLETS, HAIL    4 = ICE PELLETS
                        TOTAL MONTH:   0.0 INCH    5 = HAIL
                        GRTST 24HR     0.0         6 = FREEZING RAIN OR DRIZZLE
                        GRTST DEPTH:   0           7 = DUSTSTORM OR SANDSTORM:
                                                       VSBY 1/2 MILE OR LESS
                                                   8 = SMOKE OR HAZE
[NO. OF DAYS WITH]      [WEATHER - DAYS WITH]      9 = BLOWING SNOW
                                                   X = TORNADO
MAX 32 OR BELOW:   0    0.01 INCH OR MORE:   1
MAX 90 OR ABOVE:   0    0.10 INCH OR MORE:   0
MIN 32 OR BELOW:   0    0.50 INCH OR MORE:   0
MIN  0 OR BELOW:   0    1.00 INCH OR MORE:   0

[HDD (BASE 65) ]
TOTAL THIS MO.    39    CLEAR  (SCALE 0-3)  17
DPTR FM NORMAL     M    PTCLDY (SCALE 4-7)   6
TOTAL FM JUL 1    51    CLOUDY (SCALE 8-10)  0
DPTR FM NORMAL     M

[CDD (BASE 65) ]
TOTAL THIS MO.    38
DPTR FM NORMAL     M    [PRESSURE DATA]
TOTAL FM JAN 1  1461    HIGHEST SLP M ON M
DPTR FM NORMAL     M    LOWEST  SLP M ON M

[REMARKS]
