000
CXUS55 KFSD 280905
CF6HON
PRELIMINARY LOCAL CLIMATOLOGICAL DATA (WS FORM: F-6)

                                          STATION:   HURON
                                          MONTH:     AUGUST
                                          YEAR:      2016
                                          LATITUDE:   44 22 N
                                          LONGITUDE:  98 13 W

  TEMPERATURE IN F:       :PCPN:    SNOW:  WIND      :SUNSHINE: SKY     :PK WND
================================================================================
1   2   3   4   5  6A  6B    7    8   9   10  11  12  13   14  15   16   17  18
                                     12Z  AVG MX 2MIN
DY MAX MIN AVG DEP HDD CDD  WTR  SNW DPTH SPD SPD DIR MIN PSBL S-S WX    SPD DR
================================================================================

 1  84  69  77   3   0  12    T  0.0    0  9.9 21 200   M    M   5        25 190
 2  91  68  80   6   0  15 0.00  0.0    0  4.5 12 170   M    M   4        16 140
 3  91  68  80   6   0  15 0.10  0.0    0 11.8 30 240   M    M   1 13     43 240
 4  84  61  73   0   0   8 0.69  0.0    0 11.3 37 270   M    M   1 13     47 280
 5  84  53  69  -4   0   4 0.00  0.0    0  4.8 14  10   M    M   0        19 360
 6  84  57  71  -2   0   6 0.00  0.0    0  5.8  M 100   M    M   0         M  M
 7  84  63  74   1   0   9 0.00  0.0    0  7.2 16 170   M    M   2        21 180
 8  84  61  73   0   0   8 0.00  0.0    0 13.4 25 160   M    M   1        33 180
 9  94  66  80   7   0  15 0.00  0.0    0  8.9 17 160   M    M   0        26 130
10  96  67  82   9   0  17 0.72  0.0    0 14.5 58 290   M    M   1 13     71 290
11  86  65  76   3   0  11 0.46  0.0    0  8.9 48 350   M    M   4 13     60 350
12  84  63  74   2   0   9 0.01  0.0    0  6.8 17 350   M    M   2 1      21 360
13  85  59  72   0   0   7 0.00  0.0    0  7.1 20 320   M    M   1        23 320
14  84  55  70  -2   0   5    T  0.0    0  5.8 26 290   M    M   0 3      35 290
15  83  61  72   0   0   7 0.41  0.0    0  6.4 25 140   M    M   2 13     32 150
16  88  64  76   4   0  11 0.07  0.0    0  4.6 17 350   M    M   2 13     20 350
17  88  60  74   2   0   9 0.00  0.0    0  5.3 13 120   M    M   0 1      17 120
18  87  67  77   5   0  12 0.11  0.0    0 11.1 26 360   M    M   5 3      33 360
19  78  56  67  -4   0   2 0.07  0.0    0 11.0 26 340   M    M   6        33 350
20  73  53  63  -8   2   0 0.09  0.0    0  9.1 22 310   M    M   6 1      27 320
21  81  50  66  -5   0   1 0.00  0.0    0  7.7 18 150   M    M   0        27 140
22  91  62  77   6   0  12 0.00  0.0    0 16.6 25 170   M    M   0        33 170
23  85  59  72   2   0   7 0.00  0.0    0 14.9 29 170   M    M   1        38 170
24  79  50  65  -5   0   0 0.00  0.0    0  9.7 20 330   M    M   0        23 300
25  75  49  62  -8   3   0 0.00  0.0    0  8.5 20 280   M    M   1        25 310
26  72  45  59 -11   6   0    T  0.0    0  4.7 14 330   M    M   3 1      16 330
27  81  56  69  -1   0   4 0.00  0.0    0  8.8 17 150   M    M   3 12     24 150
================================================================================
SM 2276 1607        11 206  2.73     0.0 239.1          M       51
================================================================================
AV 84.3 59.5                               8.9 FASTST   M    M   2    MAX(MPH)
                                 MISC ---->  # 58 290               # 71  290
================================================================================
NOTES:
# LAST OF SEVERAL OCCURRENCES

COLUMN 17 PEAK WIND IN M.P.H.

PRELIMINARY LOCAL CLIMATOLOGICAL DATA (WS FORM: F-6) , PAGE 2

                                          STATION:  HURON
                                          MONTH:    AUGUST
                                          YEAR:     2016
                                          LATITUDE:   44 22 N
                                          LONGITUDE:  98 13 W

[TEMPERATURE DATA]      [PRECIPITATION DATA]       SYMBOLS USED IN COLUMN 16

AVERAGE MONTHLY: 71.9   TOTAL FOR MONTH:   2.73    1 = FOG OR MIST
DPTR FM NORMAL:  -0.1   DPTR FM NORMAL:    0.58    2 = FOG REDUCING VISIBILITY
HIGHEST:    96 ON 10    GRTST 24HR  0.91 ON 10-11      TO 1/4 MILE OR LESS
LOWEST:     45 ON 26                               3 = THUNDER
                        SNOW, ICE PELLETS, HAIL    4 = ICE PELLETS
                        TOTAL MONTH:   0.0 INCH    5 = HAIL
                        GRTST 24HR     0.0         6 = FREEZING RAIN OR DRIZZLE
                        GRTST DEPTH:   0           7 = DUSTSTORM OR SANDSTORM:
                                                       VSBY 1/2 MILE OR LESS
                                                   8 = SMOKE OR HAZE
[NO. OF DAYS WITH]      [WEATHER - DAYS WITH]      9 = BLOWING SNOW
                                                   X = TORNADO
MAX 32 OR BELOW:   0    0.01 INCH OR MORE:  10
MAX 90 OR ABOVE:   5    0.10 INCH OR MORE:   6
MIN 32 OR BELOW:   0    0.50 INCH OR MORE:   2
MIN  0 OR BELOW:   0    1.00 INCH OR MORE:   0

[HDD (BASE 65) ]
TOTAL THIS MO.    11    CLEAR  (SCALE 0-3)  20
DPTR FM NORMAL     0    PTCLDY (SCALE 4-7)   7
TOTAL FM JUL 1    17    CLOUDY (SCALE 8-10)  0
DPTR FM NORMAL    -2

[CDD (BASE 65) ]
TOTAL THIS MO.   206
DPTR FM NORMAL     1    [PRESSURE DATA]
TOTAL FM JAN 1   759    HIGHEST SLP M ON M
DPTR FM NORMAL   111    LOWEST  SLP 29.65 ON 11

[REMARKS]
