000
CXUS55 KFSD 210905
CF6HON
PRELIMINARY LOCAL CLIMATOLOGICAL DATA (WS FORM: F-6)

                                          STATION:   HURON
                                          MONTH:     OCTOBER
                                          YEAR:      2017
                                          LATITUDE:   44 22 N
                                          LONGITUDE:  98 13 W

  TEMPERATURE IN F:       :PCPN:    SNOW:  WIND      :SUNSHINE: SKY     :PK WND
================================================================================
1   2   3   4   5  6A  6B    7    8   9   10  11  12  13   14  15   16   17  18
                                     12Z  AVG MX 2MIN
DY MAX MIN AVG DEP HDD CDD  WTR  SNW DPTH SPD SPD DIR MIN PSBL S-S WX    SPD DR
================================================================================

 1  79  55  67  13   0   2 0.56  0.0    0 14.9 25 170   M    M   5 1      33 170
 2  60  48  54   0  11   0 0.29  0.0    0  6.7 15 290   M    M   6 1      20  60
 3  62  40  51  -3  14   0 0.06  0.0    0  8.9 20 340   M    M   6 1      24 320
 4  61  35  48  -5  17   0 0.00  0.0    0  5.9 10 200   M    M   4        16 260
 5  67  50  59   6   6   0    T  0.0    0  5.2 14 100   M    M   7 1      17 110
 6  66  42  54   2  11   0 0.00  0.0    0  4.6 15  40   M    M   0        19  50
 7  76  36  56   4   9   0 0.00  0.0    0  6.0 14 280   M    M   2 12     18 250
 8  65  41  53   2  12   0 0.00  0.0    0 11.9 22 360   M    M   0        31 320
 9  54  28  41 -10  24   0 0.00  0.0    0  8.6 18 360   M    M   4        24  10
10  57  24  41  -9  24   0 0.00  0.0    0  3.9 12 150   M    M   0        16 150
11  63  32  48  -2  17   0 0.00  0.0    0 14.4 26 150   M    M   0        35 150
12  70  40  55   5  10   0 0.00  0.0    0 14.3 24 160   M    M   0        34 160
13  60  38  49   0  16   0 0.00  0.0    0  6.9 14 340   M    M   3 18     18 340
14  52  33  43  -6  22   0 0.83  0.0    0 12.0 25  20   M    M   7 1      33  30
15  60  30  45  -3  20   0 0.00  0.0    0  9.9 25 290   M    M   0        31 290
16  70  32  51   3  14   0 0.00  0.0    0  6.8 18 190   M    M   0        23 190
17  78  36  57   9   8   0 0.00  0.0    0  7.7 15 170   M    M   0        19 180
18  67  37  52   5  13   0 0.00  0.0    0  7.9 26 350   M    M   0 8      32 350
19  77  37  57  10   8   0 0.00  0.0    0 11.9 23 170   M    M   0        30 180
20  77  54  66  20   0   1 0.00  0.0    0 17.3 30 180   M    M   0        42 200
================================================================================
SM 1321  768       256   3  1.74     0.0 185.7          M       44
================================================================================
AV 66.1 38.4                               9.3 FASTST   M    M   2    MAX(MPH)
                                 MISC ---->  # 30 180               # 42  200
================================================================================
NOTES:
# LAST OF SEVERAL OCCURRENCES

COLUMN 17 PEAK WIND IN M.P.H.

PRELIMINARY LOCAL CLIMATOLOGICAL DATA (WS FORM: F-6) , PAGE 2

                                          STATION:  HURON
                                          MONTH:    OCTOBER
                                          YEAR:     2017
                                          LATITUDE:   44 22 N
                                          LONGITUDE:  98 13 W

[TEMPERATURE DATA]      [PRECIPITATION DATA]       SYMBOLS USED IN COLUMN 16

AVERAGE MONTHLY: 52.2   TOTAL FOR MONTH:   1.74    1 = FOG OR MIST
DPTR FM NORMAL:   1.9   DPTR FM NORMAL:    0.48    2 = FOG REDUCING VISIBILITY
HIGHEST:    79 ON  1    GRTST 24HR  0.83 ON 14-14      TO 1/4 MILE OR LESS
LOWEST:     24 ON 10                               3 = THUNDER
                        SNOW, ICE PELLETS, HAIL    4 = ICE PELLETS
                        TOTAL MONTH:   0.0 INCH    5 = HAIL
                        GRTST 24HR     0.0         6 = FREEZING RAIN OR DRIZZLE
                        GRTST DEPTH:   0           7 = DUSTSTORM OR SANDSTORM:
                                                       VSBY 1/2 MILE OR LESS
                                                   8 = SMOKE OR HAZE
[NO. OF DAYS WITH]      [WEATHER - DAYS WITH]      9 = BLOWING SNOW
                                                   X = TORNADO
MAX 32 OR BELOW:   0    0.01 INCH OR MORE:   4
MAX 90 OR ABOVE:   0    0.10 INCH OR MORE:   3
MIN 32 OR BELOW:   5    0.50 INCH OR MORE:   2
MIN  0 OR BELOW:   0    1.00 INCH OR MORE:   0

[HDD (BASE 65) ]
TOTAL THIS MO.   256    CLEAR  (SCALE 0-3)  13
DPTR FM NORMAL   -42    PTCLDY (SCALE 4-7)   7
TOTAL FM JUL 1   388    CLOUDY (SCALE 8-10)  0
DPTR FM NORMAL  -106

[CDD (BASE 65) ]
TOTAL THIS MO.     3
DPTR FM NORMAL     3    [PRESSURE DATA]
TOTAL FM JAN 1   730    HIGHEST SLP M ON M
DPTR FM NORMAL    -8    LOWEST  SLP 29.43 ON 20

[REMARKS]
