000
CXUS55 KFSD 280905
CF6HON
PRELIMINARY LOCAL CLIMATOLOGICAL DATA (WS FORM: F-6)

                                          STATION:   HURON
                                          MONTH:     JUNE
                                          YEAR:      2017
                                          LATITUDE:   44 22 N
                                          LONGITUDE:  98 13 W

  TEMPERATURE IN F:       :PCPN:    SNOW:  WIND      :SUNSHINE: SKY     :PK WND
================================================================================
1   2   3   4   5  6A  6B    7    8   9   10  11  12  13   14  15   16   17  18
                                     12Z  AVG MX 2MIN
DY MAX MIN AVG DEP HDD CDD  WTR  SNW DPTH SPD SPD DIR MIN PSBL S-S WX    SPD DR
================================================================================

 1  84  44  64   1   1   0 0.00  0.0    0 10.5 21 170   M    M   0        28 170
 2  95  61  78  15   0  13 0.00  0.0    0 13.8 28 210   M    M   0 8      36 220
 3  91  57  74  10   0   9 0.00  0.0    0  5.6 16 340   M    M   1        19 340
 4  93  46  70   6   0   5 0.00  0.0    0  4.4 14  60   M    M   0        21 330
 5  90  51  71   7   0   6 0.00  0.0    0  6.7 14  80   M    M   0        18 130
 6  90  59  75  10   0  10 0.05  0.0    0  7.5 20 280   M    M   3 3      24 270
 7  88  54  71   6   0   6 0.00  0.0    0  6.0 13 280   M    M   3        16 240
 8  91  51  71   6   0   6 0.00  0.0    0  6.1 13  20   M    M   0        16  20
 9  94  64  79  13   0  14 0.00  0.0    0 15.9 30 170   M    M   0        39 160
10  93  68  81  15   0  16 0.00  0.0    0 11.8 31 330   M    M   0        37 330
11  88  61  75   9   0  10 1.16  0.0    0 11.0 44 310   M    M   2 13     58 320
12  80  57  69   2   0   4 0.09  0.0    0 11.8 24  80   M    M   4 13     31  90
13  89  61  75   8   0  10 0.79  0.0    0 12.3 43 220   M    M   4 13     57 220
14  83  59  71   4   0   6    T  0.0    0 13.6 28 280   M    M   0        33 290
15  87  56  72   4   0   7 0.03  0.0    0  7.4 23 270   M    M   0        29 290
16  83  60  72   4   0   7 0.00  0.0    0  5.3 16 350   M    M   3        20 350
17  73  55  64  -4   1   0 0.01  0.0    0 11.1 32 290   M    M   5 3      41 290
18  79  52  66  -3   0   1    T  0.0    0 12.8 31 330   M    M   3        40 330
19  81  50  66  -3   0   1 0.00  0.0    0  6.5 18 330   M    M   1        22 350
20  79  54  67  -2   0   2 0.00  0.0    0  7.1 17 330   M    M   1        23 350
21  87  60  74   4   0   9    T  0.0    0  9.6 28 160   M    M   1 3      39 160
22  78  56  67  -3   0   2 0.82  0.0    0  8.7 22 320   M    M   5 13     32  10
23  70  47  59 -11   6   0 0.00  0.0    0 16.5 31 320   M    M   3        37 320
24  70  44  57 -13   8   0 0.00  0.0    0 14.2 30 330   M    M   2        37 350
25  74  43  59 -12   6   0 0.01  0.0    0  7.2 16  10   M    M   2        21 350
26  73  43  58 -13   7   0 0.00  0.0    0  4.5 15  40   M    M   0 1      23  10
27  84  49  67  -4   0   2    T  0.0    0 16.2 30 170   M    M   1 3      40 140
================================================================================
SM 2267 1462        29 146  2.96     0.0 264.1          M       44
================================================================================
AV 84.0 54.2                               9.8 FASTST   M    M   2    MAX(MPH)
                                 MISC ---->  # 44 310               # 58  320
================================================================================
NOTES:
# LAST OF SEVERAL OCCURRENCES

COLUMN 17 PEAK WIND IN M.P.H.

PRELIMINARY LOCAL CLIMATOLOGICAL DATA (WS FORM: F-6) , PAGE 2

                                          STATION:  HURON
                                          MONTH:    JUNE
                                          YEAR:     2017
                                          LATITUDE:   44 22 N
                                          LONGITUDE:  98 13 W

[TEMPERATURE DATA]      [PRECIPITATION DATA]       SYMBOLS USED IN COLUMN 16

AVERAGE MONTHLY: 69.1   TOTAL FOR MONTH:   2.96    1 = FOG OR MIST
DPTR FM NORMAL:   1.8   DPTR FM NORMAL:   -0.66    2 = FOG REDUCING VISIBILITY
HIGHEST:    95 ON  2    GRTST 24HR  1.16 ON 11-11      TO 1/4 MILE OR LESS
LOWEST:     43 ON 26,25                            3 = THUNDER
                        SNOW, ICE PELLETS, HAIL    4 = ICE PELLETS
                        TOTAL MONTH:   0.0 INCH    5 = HAIL
                        GRTST 24HR     0.0         6 = FREEZING RAIN OR DRIZZLE
                        GRTST DEPTH:   0           7 = DUSTSTORM OR SANDSTORM:
                                                       VSBY 1/2 MILE OR LESS
                                                   8 = SMOKE OR HAZE
[NO. OF DAYS WITH]      [WEATHER - DAYS WITH]      9 = BLOWING SNOW
                                                   X = TORNADO
MAX 32 OR BELOW:   0    0.01 INCH OR MORE:   8
MAX 90 OR ABOVE:   8    0.10 INCH OR MORE:   3
MIN 32 OR BELOW:   0    0.50 INCH OR MORE:   3
MIN  0 OR BELOW:   0    1.00 INCH OR MORE:   1

[HDD (BASE 65) ]
TOTAL THIS MO.    29    CLEAR  (SCALE 0-3)  22
DPTR FM NORMAL   -21    PTCLDY (SCALE 4-7)   5
TOTAL FM JUL 1  6909    CLOUDY (SCALE 8-10)  0
DPTR FM NORMAL  -762

[CDD (BASE 65) ]
TOTAL THIS MO.   146
DPTR FM NORMAL    34    [PRESSURE DATA]
TOTAL FM JAN 1   167    HIGHEST SLP M ON M
DPTR FM NORMAL    22    LOWEST  SLP 29.34 ON 10

[REMARKS]
