000
CXUS54 KHGX 201415
CF6HOU
PRELIMINARY LOCAL CLIMATOLOGICAL DATA (WS FORM: F-6)

                                          STATION:   HOUSTON/HOBBY AIRPORT
                                          MONTH:     OCTOBER
                                          YEAR:      2014
                                          LATITUDE:   29 38 N
                                          LONGITUDE:  95 17 W

  TEMPERATURE IN F:       :PCPN:    SNOW:  WIND      :SUNSHINE: SKY     :PK WND
================================================================================
1   2   3   4   5  6A  6B    7    8   9   10  11  12  13   14  15   16   17  18
                                     12Z  AVG MX 2MIN
DY MAX MIN AVG DEP HDD CDD  WTR  SNW DPTH SPD SPD DIR MIN PSBL S-S WX    SPD DR
================================================================================

 1  92  75  84   8   0  19 0.00  0.0    0  5.1 16 160   M    M   4 1      21 160
 2  92  79  86  10   0  21 0.00  0.0    0  9.3 21 200   M    M   4 13     31 200
 3  84  66  75  -1   0  10 0.59  0.0    0  8.5 26 350   M    M   4 13     32 350
 4  77  60  69  -6   0   4 0.00  0.0    0  7.9 20  50   M    M   0        28  30
 5  85  57  71  -4   0   6 0.00  0.0    0  5.5 16 160   M    M   2        24 150
 6  82  67  75   0   0  10 0.16  0.0    0  6.0 28  50   M    M   3 13     32  50
 7  91  67  79   4   0  14 0.00  0.0    0  4.4 12 150   M    M   3 1      22 150
 8  90  73  82   8   0  17 0.00  0.0    0  5.7 15 150   M    M   5        21 150
 9  90  72  81   7   0  16 0.00  0.0    0  5.1 15 160   M    M   4        20 160
10  90  75  83   9   0  18 0.05  0.0    0  7.7 18 200   M    M   3 8      28 180
11  84  67  76   2   0  11 0.53  0.0    0  4.4 22 330   M    M   5 13     26 320
12  87  67  77   4   0  12 0.20  0.0    0  6.7 22 160   M    M   7 13     28 160
13  86  63  75   2   0  10 1.03  0.0    0 11.7 30 210   M    M   5 13     40 210
14  78  55  67  -6   0   2 0.00  0.0    0  8.6 21 300   M    M   0        29 300
15  84  53  69  -3   0   4 0.00  0.0    0  3.7 13 270   M    M   0        16 260
16  86  60  73   1   0   8 0.00  0.0    0  6.5 15 210   M    M   0        20 220
17  86  63  75   3   0  10 0.00  0.0    0  5.8 15 160   M    M   2        23 240
18  86  65  76   4   0  11 0.00  0.0    0  2.9 12  40   M    M   4        22  50
19  80  66  73   2   0   8 0.00  0.0    0  5.7 13  70   M    M   4        15 110
================================================================================
SM 1630 1250         0 211  2.56     0.0 121.2          M       59
================================================================================
AV 85.8 65.8                               6.4 FASTST   M    M   3    MAX(MPH)
                                 MISC ---->  # 30 210               # 40  210
================================================================================
NOTES:
# LAST OF SEVERAL OCCURRENCES

COLUMN 17 PEAK WIND IN M.P.H.

PRELIMINARY LOCAL CLIMATOLOGICAL DATA (WS FORM: F-6) , PAGE 2

                                          STATION:  HOUSTON/HOBBY AIRPORT
                                          MONTH:    OCTOBER
                                          YEAR:     2014
                                          LATITUDE:   29 38 N
                                          LONGITUDE:  95 17 W

[TEMPERATURE DATA]      [PRECIPITATION DATA]       SYMBOLS USED IN COLUMN 16

AVERAGE MONTHLY: 75.8   TOTAL FOR MONTH:   2.56    1 = FOG OR MIST
DPTR FM NORMAL:   2.0   DPTR FM NORMAL:   -1.00    2 = FOG REDUCING VISIBILITY
HIGHEST:    92 ON  2, 1 GRTST 24HR  1.22 ON 12-13      TO 1/4 MILE OR LESS
LOWEST:     53 ON 15                               3 = THUNDER
                        SNOW, ICE PELLETS, HAIL    4 = ICE PELLETS
                        TOTAL MONTH:   0.0 INCH    5 = HAIL
                        GRTST 24HR     0.0         6 = FREEZING RAIN OR DRIZZLE
                        GRTST DEPTH:   0           7 = DUSTSTORM OR SANDSTORM:
                                                       VSBY 1/2 MILE OR LESS
                                                   8 = SMOKE OR HAZE
[NO. OF DAYS WITH]      [WEATHER - DAYS WITH]      9 = BLOWING SNOW
                                                   X = TORNADO
MAX 32 OR BELOW:   0    0.01 INCH OR MORE:   6
MAX 90 OR ABOVE:   6    0.10 INCH OR MORE:   5
MIN 32 OR BELOW:   0    0.50 INCH OR MORE:   3
MIN  0 OR BELOW:   0    1.00 INCH OR MORE:   1

[HDD (BASE 65) ]
TOTAL THIS MO.     0    CLEAR  (SCALE 0-3)   7
DPTR FM NORMAL    -4    PTCLDY (SCALE 4-7)  12
TOTAL FM JUL 1     0    CLOUDY (SCALE 8-10)  0
DPTR FM NORMAL    -4

[CDD (BASE 65) ]
TOTAL THIS MO.   211
DPTR FM NORMAL    38    [PRESSURE DATA]
TOTAL FM JAN 1  3001    HIGHEST SLP M ON M
DPTR FM NORMAL    35    LOWEST  SLP 29.71 ON 13

[REMARKS]
