000
CXUS54 KHGX 271426
CF6HOU
PRELIMINARY LOCAL CLIMATOLOGICAL DATA (WS FORM: F-6)

                                          STATION:   HOUSTON/HOBBY AIRPORT
                                          MONTH:     JANUARY
                                          YEAR:      2015
                                          LATITUDE:   29 38 N
                                          LONGITUDE:  95 17 W

  TEMPERATURE IN F:       :PCPN:    SNOW:  WIND      :SUNSHINE: SKY     :PK WND
================================================================================
1   2   3   4   5  6A  6B    7    8   9   10  11  12  13   14  15   16   17  18
                                     12Z  AVG MX 2MIN
DY MAX MIN AVG DEP HDD CDD  WTR  SNW DPTH SPD SPD DIR MIN PSBL S-S WX    SPD DR
================================================================================

 1  47  42  45  -9  20   0 0.07    M    0 10.2 17  60   M    M  10 1      22  50
 2  56  47  52  -2  13   0 0.25  0.0    0  5.8 12  50   M    M  10 1      15 360
 3  55  42  49  -5  16   0 0.75  0.0    0  5.8 22 280   M    M   8 13     26 290
 4  55  38  47  -7  18   0 0.00    M    0 11.4 23 350   M    M   7        29 350
 5  51  34  43 -11  22   0 0.00  0.0    0  6.4 18  10   M    M   6        24  20
 6  65  35  50  -4  15   0 0.00  0.0    0  1.9  9 160   M    M   5        13 160
 7  62  41  52  -2  13   0 0.00  0.0    0 11.5 29  20   M    M   7        38  20
 8  43  30  37 -17  28   0    T  0.0    0  7.3 21  40   M    M   5        26  40
 9  42  37  40 -14  25   0 0.05  0.0    0 11.5 22  40   M    M  10 1      26  30
10  41  38  40 -14  25   0 0.23    M    0 10.9 17  60   M    M  10 1      21  50
11  50  40  45  -9  20   0 1.38    M    0  5.8 20 270   M    M  10 123    23 270
12  49  44  47  -7  18   0 0.00  0.0    0 10.7 20 360   M    M  10 1      25  20
13  46  43  45  -9  20   0    T  0.0    0 11.5 21  10   M    M  10        28  20
14  45  41  43 -11  22   0    T  0.0    0  8.9 17  20   M    M  10        21  20
15  53  40  47  -7  18   0 0.04  0.0    0  7.9 17 360   M    M   9 1      21  10
16  60  35  48  -6  17   0 0.00  0.0    0  2.3  8 170   M    M   7        10 170
17  68  41  55   1  10   0 0.00  0.0    0  5.0 16 220   M    M   7 1      21 220
18  68  45  57   3   8   0 0.00  0.0    0  5.2 14  10   M    M   5        25 130
19  72  38  55   1  10   0 0.00  0.0    0  5.4 16 160   M    M   3 1      22 150
20  74  50  62   8   3   0 0.00  0.0    0  3.2 13 150   M    M   4 12     15 150
21  63  56  60   6   5   0 0.00  0.0    0  7.8 18  80   M    M  10 12     24  80
22  61  46  54   0  11   0 2.35    M    0 16.3 30  30   M    M  10 1      38  20
23  46  40  43 -11  22   0 0.01    M    0 12.6 23 330   M    M   8 1      29 320
24  61  35  48  -6  17   0 0.00  0.0    0  7.6 15 240   M    M   4        25 270
25  70  41  56   2   9   0 0.00  0.0    0  8.9 17 290   M    M   4        23 280
26  68  43  56   2   9   0 0.00  0.0    0  6.5 13 280   M    M   6 8      16 270
================================================================================
SM 1471 1062       414   0  5.13     0.0 208.3          M      195
================================================================================
AV 56.6 40.8                               8.0 FASTST   M    M   8    MAX(MPH)
                                 MISC ---->  # 30  30               # 38   20
================================================================================
NOTES:
# LAST OF SEVERAL OCCURRENCES

COLUMN 17 PEAK WIND IN M.P.H.

PRELIMINARY LOCAL CLIMATOLOGICAL DATA (WS FORM: F-6) , PAGE 2

                                          STATION:  HOUSTON/HOBBY AIRPORT
                                          MONTH:    JANUARY
                                          YEAR:     2015
                                          LATITUDE:   29 38 N
                                          LONGITUDE:  95 17 W

[TEMPERATURE DATA]      [PRECIPITATION DATA]       SYMBOLS USED IN COLUMN 16

AVERAGE MONTHLY: 48.7   TOTAL FOR MONTH:   5.13    1 = FOG OR MIST
DPTR FM NORMAL:  -5.3   DPTR FM NORMAL:    1.91    2 = FOG REDUCING VISIBILITY
HIGHEST:    74 ON 20    GRTST 24HR  2.35 ON 22-22      TO 1/4 MILE OR LESS
LOWEST:     30 ON  8                               3 = THUNDER
                        SNOW, ICE PELLETS, HAIL    4 = ICE PELLETS
                        TOTAL MONTH:   0.0 INCH    5 = HAIL
                        GRTST 24HR     0.0         6 = FREEZING RAIN OR DRIZZLE
                        GRTST DEPTH:   0           7 = DUSTSTORM OR SANDSTORM:
                                                       VSBY 1/2 MILE OR LESS
                                                   8 = SMOKE OR HAZE
[NO. OF DAYS WITH]      [WEATHER - DAYS WITH]      9 = BLOWING SNOW
                                                   X = TORNADO
MAX 32 OR BELOW:   0    0.01 INCH OR MORE:   9
MAX 90 OR ABOVE:   0    0.10 INCH OR MORE:   5
MIN 32 OR BELOW:   1    0.50 INCH OR MORE:   3
MIN  0 OR BELOW:   0    1.00 INCH OR MORE:   2

[HDD (BASE 65) ]
TOTAL THIS MO.   414    CLEAR  (SCALE 0-3)   1
DPTR FM NORMAL   110    PTCLDY (SCALE 4-7)  13
TOTAL FM JUL 1   852    CLOUDY (SCALE 8-10) 12
DPTR FM NORMAL    72

[CDD (BASE 65) ]
TOTAL THIS MO.     0
DPTR FM NORMAL   -10    [PRESSURE DATA]
TOTAL FM JAN 1     0    HIGHEST SLP M ON M
DPTR FM NORMAL   -10    LOWEST  SLP 29.87 ON  3

[REMARKS]
