000
CXUS54 KHGX 261415
CF6HOU
PRELIMINARY LOCAL CLIMATOLOGICAL DATA (WS FORM: F-6)

                                          STATION:   HOUSTON/HOBBY AIRPORT
                                          MONTH:     MAY
                                          YEAR:      2017
                                          LATITUDE:   29 38 N
                                          LONGITUDE:  95 17 W

  TEMPERATURE IN F:       :PCPN:    SNOW:  WIND      :SUNSHINE: SKY     :PK WND
================================================================================
1   2   3   4   5  6A  6B    7    8   9   10  11  12  13   14  15   16   17  18
                                     12Z  AVG MX 2MIN
DY MAX MIN AVG DEP HDD CDD  WTR  SNW DPTH SPD SPD DIR MIN PSBL S-S WX    SPD DR
================================================================================

 1  86  53  70  -4   0   5 0.00  0.0    0  7.6 18 160   M    M   0        23 200
 2  86  62  74   0   0   9 0.00  0.0    0  8.7 18 160   M    M   2        24 160
 3  84  64  74   0   0   9 0.54  0.0    0 13.8 30 350   M    M  10 138    38 340
 4  77  58  68  -6   0   3    T  0.0    0 14.3 31 340   M    M   2        37 310
 5  81  55  68  -7   0   3 0.00  0.0    0  8.7 22 320   M    M   0        26 300
 6  83  55  69  -6   0   4 0.00  0.0    0  5.1 15 130   M    M   0        20 130
 7  83  60  72  -3   0   7 0.00  0.0    0  5.8 16 160   M    M   4        20 120
 8  82  66  74  -1   0   9 0.00  0.0    0  7.7 20 110   M    M   8        27  90
 9  83  68  76   0   0  11 0.00  0.0    0  8.3 17 160   M    M   7        23 180
10  84  70  77   1   0  12 0.00  0.0    0  8.5 20 160   M    M   8        25 160
11  84  72  78   2   0  13 0.00  0.0    0  9.0 20 160   M    M   7        25 150
12  87  73  80   4   0  15    T  0.0    0 12.5 23 320   M    M   5 3      27 290
13  87  65  76   0   0  11 0.00  0.0    0  8.4 15 350   M    M   2        21  20
14  85  65  75  -2   0  10 0.00  0.0    0  4.9 14 120   M    M   4        19 120
15  86  62  74  -3   0   9 0.00  0.0    0  5.7 17 160   M    M   3        27 160
16  86  70  78   1   0  13 0.00  0.0    0 10.8 20 160   M    M   4        28 170
17  85  75  80   3   0  15 0.00  0.0    0 11.6 22 150   M    M   8        28 150
18  88  77  83   5   0  18    T  0.0    0 12.4 22 160   M    M   7        31 160
19  88  78  83   5   0  18    T  0.0    0 11.6 20 160   M    M   7        28 160
20  89  76  83   5   0  18    T  0.0    0  6.9 15 150   M    M   7        20 150
21  88  74  81   3   0  16 0.20  0.0    0  7.8 22  90   M    M   8 13     28  90
22  80  68  74  -4   0   9 0.83  0.0    0 11.2 23 150   M    M  10 13     33 150
23  88  65  77  -2   0  12 0.15  0.0    0  8.2 23 340   M    M   7 13     30 340
24  84  60  72  -7   0   7 0.00  0.0    0 10.4 25 290   M    M   1        33 300
25  87  63  75  -4   0  10 0.00  0.0    0 11.1 21 210   M    M   1        28 210
================================================================================
SM 2121 1654         0 266  1.72     0.0 231.0          M      122
================================================================================
AV 84.8 66.2                               9.2 FASTST   M    M   5    MAX(MPH)
                                 MISC ---->  # 31 340               # 38  340
================================================================================
NOTES:
# LAST OF SEVERAL OCCURRENCES

COLUMN 17 PEAK WIND IN M.P.H.

PRELIMINARY LOCAL CLIMATOLOGICAL DATA (WS FORM: F-6) , PAGE 2

                                          STATION:  HOUSTON/HOBBY AIRPORT
                                          MONTH:    MAY
                                          YEAR:     2017
                                          LATITUDE:   29 38 N
                                          LONGITUDE:  95 17 W

[TEMPERATURE DATA]      [PRECIPITATION DATA]       SYMBOLS USED IN COLUMN 16

AVERAGE MONTHLY: 75.5   TOTAL FOR MONTH:   1.72    1 = FOG OR MIST
DPTR FM NORMAL:  -0.9   DPTR FM NORMAL:   -1.97    2 = FOG REDUCING VISIBILITY
HIGHEST:    89 ON 20    GRTST 24HR  0.83 ON 22-22      TO 1/4 MILE OR LESS
LOWEST:     53 ON  1                               3 = THUNDER
                        SNOW, ICE PELLETS, HAIL    4 = ICE PELLETS
                        TOTAL MONTH:   0.0 INCH    5 = HAIL
                        GRTST 24HR     0.0         6 = FREEZING RAIN OR DRIZZLE
                        GRTST DEPTH:   0           7 = DUSTSTORM OR SANDSTORM:
                                                       VSBY 1/2 MILE OR LESS
                                                   8 = SMOKE OR HAZE
[NO. OF DAYS WITH]      [WEATHER - DAYS WITH]      9 = BLOWING SNOW
                                                   X = TORNADO
MAX 32 OR BELOW:   0    0.01 INCH OR MORE:   4
MAX 90 OR ABOVE:   0    0.10 INCH OR MORE:   4
MIN 32 OR BELOW:   0    0.50 INCH OR MORE:   2
MIN  0 OR BELOW:   0    1.00 INCH OR MORE:   0

[HDD (BASE 65) ]
TOTAL THIS MO.     0    CLEAR  (SCALE 0-3)   8
DPTR FM NORMAL     0    PTCLDY (SCALE 4-7)  15
TOTAL FM JUL 1   541    CLOUDY (SCALE 8-10)  2
DPTR FM NORMAL  -678

[CDD (BASE 65) ]
TOTAL THIS MO.   266
DPTR FM NORMAL   -20    [PRESSURE DATA]
TOTAL FM JAN 1   842    HIGHEST SLP M ON M
DPTR FM NORMAL   276    LOWEST  SLP 29.67 ON  3

[REMARKS]
