000
CXUS53 KAPX 220631
CF6HTL
PRELIMINARY LOCAL CLIMATOLOGICAL DATA (WS FORM: F-6)

                                          STATION:   HOUGHTON LAKE MI
                                          MONTH:     OCTOBER
                                          YEAR:      2017
                                          LATITUDE:   44 22 N
                                          LONGITUDE:  84 41 W

  TEMPERATURE IN F:       :PCPN:    SNOW:  WIND      :SUNSHINE: SKY     :PK WND
================================================================================
1   2   3   4   5  6A  6B    7    8   9   10  11  12  13   14  15   16   17  18
                                     12Z  AVG MX 2MIN
DY MAX MIN AVG DEP HDD CDD  WTR  SNW DPTH SPD SPD DIR MIN PSBL S-S WX    SPD DR
================================================================================

 1  66  33  50  -1  15   0 0.00  0.0    0  6.4 13 180   M    M   0        16 190
 2  76  47  62  11   3   0 0.00  0.0    0  7.9 15 160   M    M   0        23 180
 3  78  56  67  17   0   2 0.00  0.0    0 10.4 17 210   M    M   5        24 210
 4  70  54  62  12   3   0 0.31  0.0    0  9.8 18 280   M    M   5 1      25 280
 5  65  49  57   7   8   0 0.05  0.0    0  8.1 15 270   M    M   3        21 270
 6  67  48  58   9   7   0 0.04  0.0    0  3.8 10 140   M    M   9 1      16 110
 7  76  58  67  18   0   2 0.26  0.0    0 11.5 21 230   M    M   9 1      33 230
 8  74  48  61  12   4   0 0.01  0.0    0  7.9 18 260   M    M   3 1      28 260
 9  76  41  59  11   6   0 0.00  0.0    0  3.6 15 310   M    M   1 12     19 360
10  64  45  55   7  10   0    T  0.0    0  6.9 15  20   M    M   2        20  10
11  57  41  49   1  16   0 0.30  0.0    0 10.3 22  70   M    M   7        27  80
12  55  37  46  -1  19   0 0.00  0.0    0  6.1 17 100   M    M   6        22 100
13  65  53  59  12   6   0    T  0.0    0  6.9 14 240   M    M  10 1      18 230
14  57  47  52   6  13   0 0.69  0.0    0  7.9 21  70   M    M  10 1      25  80
15  65  37  51   5  14   0 0.17  0.0    0 12.6 28 310   M    M   8 1      38 350
16  56  31  44  -2  21   0 0.00  0.0    0  5.9 15 230   M    M   5        19 240
17  66  44  55  10  10   0 0.00  0.0    0  8.9 16 250   M    M   0        25 220
18  68  46  57  12   8   0 0.00  0.0    0 10.1 18 220   M    M   0        26 210
19  63  44  54   9  11   0 0.00  0.0    0  9.5 18 280   M    M   0        24 220
20  74  36  55  11  10   0 0.00  0.0    0  5.8 16 220   M    M   0        23 240
21  73  45  59  15   6   0 0.00  0.0    0  6.5 16 170   M    M   0        21 160
================================================================================
SM 1411  940       190   4  1.83     0.0 166.8          M       83
================================================================================
AV 67.2 44.8                               7.9 FASTST   M    M   4    MAX(MPH)
                                 MISC ---->  # 28 310               # 38  350
================================================================================
NOTES:
# LAST OF SEVERAL OCCURRENCES

COLUMN 17 PEAK WIND IN M.P.H.

PRELIMINARY LOCAL CLIMATOLOGICAL DATA (WS FORM: F-6) , PAGE 2

                                          STATION:  HOUGHTON LAKE MI
                                          MONTH:    OCTOBER
                                          YEAR:     2017
                                          LATITUDE:   44 22 N
                                          LONGITUDE:  84 41 W

[TEMPERATURE DATA]      [PRECIPITATION DATA]       SYMBOLS USED IN COLUMN 16

AVERAGE MONTHLY: 56.0   TOTAL FOR MONTH:   1.83    1 = FOG OR MIST
DPTR FM NORMAL:   8.5   DPTR FM NORMAL:    0.06    2 = FOG REDUCING VISIBILITY
HIGHEST:    78 ON  3    GRTST 24HR  0.69 ON 14-14      TO 1/4 MILE OR LESS
LOWEST:     31 ON 16                               3 = THUNDER
                        SNOW, ICE PELLETS, HAIL    4 = ICE PELLETS
                        TOTAL MONTH:   0.0 INCH    5 = HAIL
                        GRTST 24HR     0.0         6 = FREEZING RAIN OR DRIZZLE
                        GRTST DEPTH:   0           7 = DUSTSTORM OR SANDSTORM:
                                                       VSBY 1/2 MILE OR LESS
                                                   8 = SMOKE OR HAZE
[NO. OF DAYS WITH]      [WEATHER - DAYS WITH]      9 = BLOWING SNOW
                                                   X = TORNADO
MAX 32 OR BELOW:   0    0.01 INCH OR MORE:   8
MAX 90 OR ABOVE:   0    0.10 INCH OR MORE:   5
MIN 32 OR BELOW:   1    0.50 INCH OR MORE:   1
MIN  0 OR BELOW:   0    1.00 INCH OR MORE:   0

[HDD (BASE 65) ]
TOTAL THIS MO.   190    CLEAR  (SCALE 0-3)  11
DPTR FM NORMAL  -179    PTCLDY (SCALE 4-7)   6
TOTAL FM JUL 1   452    CLOUDY (SCALE 8-10)  4
DPTR FM NORMAL  -298

[CDD (BASE 65) ]
TOTAL THIS MO.     4
DPTR FM NORMAL     4    [PRESSURE DATA]
TOTAL FM JAN 1   320    HIGHEST SLP M ON M
DPTR FM NORMAL    35    LOWEST  SLP 29.38 ON  7

[REMARKS]
