000
CXUS53 KIND 220730
CF6HUF
PRELIMINARY LOCAL CLIMATOLOGICAL DATA (WS FORM: F-6)

                                          STATION:   TERRE HAUTE IN
                                          MONTH:     MAY
                                          YEAR:      2015
                                          LATITUDE:   39 27 N
                                          LONGITUDE:  87 18 W

  TEMPERATURE IN F:       :PCPN:    SNOW:  WIND      :SUNSHINE: SKY     :PK WND
================================================================================
1   2   3   4   5  6A  6B    7    8   9   10  11  12  13   14  15   16   17  18
                                     12Z  AVG MX 2MIN
DY MAX MIN AVG DEP HDD CDD  WTR  SNW DPTH SPD SPD DIR MIN PSBL S-S WX    SPD DR
================================================================================

 1  71  37  54  -4  11   0 0.00    M    M  4.0 13  30   M    M   0        20  60
 2  75  46  61   3   4   0 0.00    M    M  3.7 15 240   M    M   0        19 190
 3  79  52  66   7   0   1 0.00    M    M  8.3 20 190   M    M   1        26 240
 4  80  59  70  11   0   5 0.13    M    M  6.6 14 240   M    M   5 13     19 240
 5  85  59  72  13   0   7 0.00    M    M  7.3 18 220   M    M   2        24 220
 6  85  54  70  10   0   5 0.00    M    M  4.7 14 200   M    M   1        19 180
 7  85  58  72  12   0   7 0.00    M    M  6.9 23 190   M    M   0        28 220
 8  86  63  75  15   0  10 0.05    M    M  8.7 24 250   M    M   1 1      29 250
 9  78  64  71  10   0   6 0.36    M    M  4.3 21 180   M    M   9 138    24 170
10  81  64  73  12   0   8 0.26    M    M  8.1 14 200   M    M   5 13     20 190
11  73  60  67   6   0   2 0.49    M    M  9.2 23 210   M    M   5 13     28 210
12  64  48  56  -6   9   0 0.00    M    M 10.4 21 270   M    M   3        27 300
13  68  42  55  -7  10   0 0.00    M    M  5.7 13  30   M    M   0        17  30
14  71  48  60  -2   5   0 0.00    M    M  8.8 15 150   M    M   1        19 130
15  84  63  74  11   0   9 0.89    M    M  9.4 45 210   M    M   5 138    60 220
16  73  66  70   7   0   5 0.25    M    M  9.0 16 190   M    M   7 13     20 180
17  79  66  73  10   0   8 0.00    M    M 11.7 23 170   M    M   7 1      29 160
18  81  62  72   8   0   7 0.00    M    M  9.1 17 210   M    M   5 3      22 210
19  65  48  57  -7   8   0 0.00    M    M 10.2 17 330   M    M   0        24 330
20  52  45  49 -15  16   0 0.01    M    M  8.3 18  40   M    M   6        25  40
21  63  46  55 -10  10   0 0.00    M    M  7.9 14 240   M    M   7 1      22 360
================================================================================
SM 1578 1150        73  80  2.44    M    162.3          M       70
================================================================================
AV 75.1 54.8                               7.7 FASTST   M    M   3    MAX(MPH)
                                 MISC ---->  # 45 210               # 60  220
================================================================================
NOTES:
# LAST OF SEVERAL OCCURRENCES

COLUMN 17 PEAK WIND IN M.P.H.

PRELIMINARY LOCAL CLIMATOLOGICAL DATA (WS FORM: F-6) , PAGE 2

                                          STATION:  TERRE HAUTE IN
                                          MONTH:    MAY
                                          YEAR:     2015
                                          LATITUDE:   39 27 N
                                          LONGITUDE:  87 18 W

[TEMPERATURE DATA]      [PRECIPITATION DATA]       SYMBOLS USED IN COLUMN 16

AVERAGE MONTHLY: 65.0   TOTAL FOR MONTH:   2.44    1 = FOG OR MIST
DPTR FM NORMAL:   3.6   DPTR FM NORMAL:   -2.41    2 = FOG REDUCING VISIBILITY
HIGHEST:    86 ON  8    GRTST 24HR  1.14 ON 15-16      TO 1/4 MILE OR LESS
LOWEST:     37 ON  1                               3 = THUNDER
                        SNOW, ICE PELLETS, HAIL    4 = ICE PELLETS
                        TOTAL MONTH:    M          5 = HAIL
                        GRTST 24HR    M  ON   M    6 = FREEZING RAIN OR DRIZZLE
                        GRTST DEPTH:  M  ON   M    7 = DUSTSTORM OR SANDSTORM:
                                                       VSBY 1/2 MILE OR LESS
                                                   8 = SMOKE OR HAZE
[NO. OF DAYS WITH]      [WEATHER - DAYS WITH]      9 = BLOWING SNOW
                                                   X = TORNADO
MAX 32 OR BELOW:   0    0.01 INCH OR MORE:   8
MAX 90 OR ABOVE:   0    0.10 INCH OR MORE:   6
MIN 32 OR BELOW:   0    0.50 INCH OR MORE:   1
MIN  0 OR BELOW:   0    1.00 INCH OR MORE:   0

[HDD (BASE 65) ]
TOTAL THIS MO.    73    CLEAR  (SCALE 0-3)  11
DPTR FM NORMAL   -38    PTCLDY (SCALE 4-7)   9
TOTAL FM JUL 1  5826    CLOUDY (SCALE 8-10)  1
DPTR FM NORMAL   495

[CDD (BASE 65) ]
TOTAL THIS MO.    80
DPTR FM NORMAL    44    [PRESSURE DATA]
TOTAL FM JAN 1    86    HIGHEST SLP M ON M
DPTR FM NORMAL    35    LOWEST  SLP 29.86 ON 11

[REMARKS]
