699
CXUS52 KMFL 261000
CF6HWO
PRELIMINARY LOCAL CLIMATOLOGICAL DATA (WS FORM: F-6)

                                          STATION:   NORTH PERRY ARPT
                                          MONTH:     JULY
                                          YEAR:      2016
                                          LATITUDE:   26  0 N
                                          LONGITUDE:  80 14 W

  TEMPERATURE IN F:       :PCPN:    SNOW:  WIND      :SUNSHINE: SKY     :PK WND
================================================================================
1   2   3   4   5  6A  6B    7    8   9   10  11  12  13   14  15   16   17  18
                                     12Z  AVG MX 2MIN
DY MAX MIN AVG DEP HDD CDD  WTR  SNW DPTH SPD SPD DIR MIN PSBL S-S WX    SPD DR
================================================================================

 1  91  73  82  -1   0  17 0.37  0.0    0  4.0 24 200   M    M   1 13     28 200
 2  91  78  85   2   0  20 0.09  0.0    0  4.1 20 320   M    M   2 18     23 310
 3  89  77  83   0   0  18 0.44  0.0    0  4.8 21 310   M    M   3 18     24 340
 4  94  78  86   3   0  21    T  0.0    0  6.5 18 120   M    M   1        23 100
 5  93  81  87   4   0  22 0.00  0.0    0  6.5 15 120   M    M   1        23 110
 6  94  83  89   6   0  24 0.00  0.0    0  7.7 15 120   M    M   2        19 130
 7  94  80  87   4   0  22 0.00  0.0    0  7.7 15 120   M    M   1        19 120
 8  95  79  87   4   0  22 0.00  0.0    0  5.6 14 120   M    M   2        19 100
 9  94  79  87   4   0  22 0.00  0.0    0  5.7 15 110   M    M   1        21  70
10  94  80  87   4   0  22 0.00  0.0    0  7.3 16 110   M    M   1        20 100
11  94  82  88   5   0  23 0.00  0.0    0  8.4 16 120   M    M   1        23 100
12  96  82  89   6   0  24 0.00  0.0    0  7.9 16 150   M    M   1        23  90
13  92  76  84   1   0  19 0.21  0.0    0  5.0 20 100   M    M   1 1      23 100
14  92  78  85   2   0  20    T  0.0    0  8.0 17 120   M    M   2        23 120
15  93  77  85   1   0  20 0.11  0.0    0  8.5 18 140   M    M   3 1      27 140
16  93  76  85   1   0  20 0.02  0.0    0  8.5 21 110   M    M   3        26 110
17  93  76  85   1   0  20 0.05  0.0    0 12.6 23 130   M    M   4        28 140
18  93  77  85   1   0  20 0.01  0.0    0 12.6 22  80   M    M   3        27  90
19  92  77  85   1   0  20 0.05  0.0    0 11.6 21  70   M    M   2        27  90
20  94  81  88   4   0  23 0.00  0.0    0 10.7 18  70   M    M   2        23  80
21  91  76  84   0   0  19 0.09  0.0    0  7.0 21 130   M    M   1 1      25 120
22  93  77  85   1   0  20    T  0.0    0  4.3 20 260   M    M   1 1      22 260
23  90  75  83  -1   0  18 0.01  0.0    0  4.2 24  40   M    M   1 8      35  40
24  87  76  82  -2   0  17 0.03  0.0    0  4.3 22 120   M    M   1        26 120
25  92  77  85   1   0  20 0.00  0.0    0  6.6 17 110   M    M   1        23 110
================================================================================
SM 2314 1951         0 513  1.48     0.0 180.1          M       42
================================================================================
AV 92.6 78.0                               7.2 FASTST   M    M   2    MAX(MPH)
                                 MISC ---->  # 24 200               # 35   40
================================================================================
NOTES:
# LAST OF SEVERAL OCCURRENCES

COLUMN 17 PEAK WIND IN M.P.H.

PRELIMINARY LOCAL CLIMATOLOGICAL DATA (WS FORM: F-6) , PAGE 2

                                          STATION:  NORTH PERRY ARPT
                                          MONTH:    JULY
                                          YEAR:     2016
                                          LATITUDE:   26  0 N
                                          LONGITUDE:  80 14 W

[TEMPERATURE DATA]      [PRECIPITATION DATA]       SYMBOLS USED IN COLUMN 16

AVERAGE MONTHLY: 85.3   TOTAL FOR MONTH:   1.48    1 = FOG OR MIST
DPTR FM NORMAL:   1.9   DPTR FM NORMAL:   -3.94    2 = FOG REDUCING VISIBILITY
HIGHEST:    96 ON 12    GRTST 24HR  0.72 ON 30- 1      TO 1/4 MILE OR LESS
LOWEST:     73 ON  1                               3 = THUNDER
                        SNOW, ICE PELLETS, HAIL    4 = ICE PELLETS
                        TOTAL MONTH:   0.0 INCH    5 = HAIL
                        GRTST 24HR     0.0         6 = FREEZING RAIN OR DRIZZLE
                        GRTST DEPTH:   0           7 = DUSTSTORM OR SANDSTORM:
                                                       VSBY 1/2 MILE OR LESS
                                                   8 = SMOKE OR HAZE
[NO. OF DAYS WITH]      [WEATHER - DAYS WITH]      9 = BLOWING SNOW
                                                   X = TORNADO
MAX 32 OR BELOW:   0    0.01 INCH OR MORE:  12
MAX 90 OR ABOVE:  23    0.10 INCH OR MORE:   4
MIN 32 OR BELOW:   0    0.50 INCH OR MORE:   0
MIN  0 OR BELOW:   0    1.00 INCH OR MORE:   0

[HDD (BASE 65) ]
TOTAL THIS MO.     0    CLEAR  (SCALE 0-3)  24
DPTR FM NORMAL     0    PTCLDY (SCALE 4-7)   1
TOTAL FM JUL 1     0    CLOUDY (SCALE 8-10)  0
DPTR FM NORMAL     0

[CDD (BASE 65) ]
TOTAL THIS MO.   513
DPTR FM NORMAL    53    [PRESSURE DATA]
TOTAL FM JAN 1  2509    HIGHEST SLP M ON M
DPTR FM NORMAL   272    LOWEST  SLP 29.99 ON M

[REMARKS]
