000
CXUS53 KICT 300800
CF6ICT
PRELIMINARY LOCAL CLIMATOLOGICAL DATA (WS FORM: F-6)

                                          STATION:   WICHITA EISENHOWER NATIONAL
                                          MONTH:     APRIL
                                          YEAR:      2016
                                          LATITUDE:   37 39 N
                                          LONGITUDE:  97 25 W

  TEMPERATURE IN F:       :PCPN:    SNOW:  WIND      :SUNSHINE: SKY     :PK WND
================================================================================
1   2   3   4   5  6A  6B    7    8   9   10  11  12  13   14  15   16   17  18
                                     12Z  AVG MX 2MIN
DY MAX MIN AVG DEP HDD CDD  WTR  SNW DPTH SPD SPD DIR MIN PSBL S-S WX    SPD DR
================================================================================

 1  58  34  46  -5  19   0 0.00  0.0    0 12.1 26 310   M    M   3        33 330
 2  74  27  51  -1  14   0 0.00  0.0    0  9.0 20 300   M    M   1        24 310
 3  81  39  60   8   5   0 0.00  0.0    0 12.8 30 220   M    M   0        37 210
 4  78  49  64  12   1   0 0.00  0.0    0 10.0 17  30   M    M   3 8      21  50
 5  87  52  70  17   0   5    T    M    0 22.4 43 190   M    M   7 8      54 200
 6  74  49  62   9   3   0    T    M    0 18.2 41 330   M    M   5        52 320
 7  73  40  57   4   8   0 0.00  0.0    0 15.1 35 330   M    M   3        46 320
 8  73  36  55   1  10   0 0.00  0.0    0  9.2 20 280   M    M   3        23 310
 9  74  43  59   5   6   0 0.00  0.0    0 19.3 33 190   M    M   4        44 200
10  85  56  71  17   0   6 0.04  0.0    0 17.0 28 180   M    M   8 3      36 170
11  61  42  52  -3  13   0 0.10    M    0 13.0 31  30   M    M   8 3      38  30
12  67  41  54  -1  11   0 0.00  0.0    0  8.0 16 140   M    M   4        22 190
13  68  47  58   3   7   0 0.00  0.0    0  8.1 17 170   M    M   7 8      21 180
14  73  43  58   2   7   0 0.00  0.0    0  9.6 18 160   M    M   3 1      27 160
15  77  51  64   8   1   0 0.00  0.0    0 16.0 25 130   M    M   5        33 150
16  71  61  66  10   0   1 0.00  0.0    0 21.2 30 130   M    M   9        40 140
17  65  60  63   6   2   0 1.12  0.0    0  9.3 21 140   M    M  10 13     27 150
18  62  50  56  -1   9   0 0.31  0.0    0  9.8 21 320   M    M   8 1      23 320
19  70  44  57   0   8   0 1.14    M    0  8.1 21 320   M    M   7 13     25 310
20  70  51  61   3   4   0 0.04  0.0    0  9.1 20 340   M    M   5        24 340
21  75  45  60   2   5   0 0.00  0.0    0 11.1 22 320   M    M   4        28 300
22  75  49  62   4   3   0 0.00  0.0    0  6.9 15 330   M    M   0        20 360
23  81  49  65   6   0   0 0.00  0.0    0 14.1 28 180   M    M   2 1      33 170
24  82  60  71  12   0   6 0.00  0.0    0 21.5 37 180   M    M   5        47 180
25  81  63  72  13   0   7    T  0.0    0  9.3 15 130   M    M   7 18     20 120
26  82  58  70  10   0   5 2.75  0.0    0 13.1 30 170   M    M   9 135    36 170
27  67  46  57  -3   8   0 0.00  0.0    0 12.1 23 290   M    M   6 1      31 270
28  69  47  58  -2   7   0    T  0.0    0 11.0 22  30   M    M   6        27  30
29  56  49  53  -8  12   0 0.70  0.0    0 18.0 40 230   M    M  10 135    52 230
================================================================================
SM 2109 1381       163  30  6.20     0.0 374.4          M      152
================================================================================
AV 72.7 47.6                              12.9 FASTST   M    M   5    MAX(MPH)
                                 MISC ---->  # 43 190               # 54  200
================================================================================
NOTES:
# LAST OF SEVERAL OCCURRENCES

COLUMN 17 PEAK WIND IN M.P.H.

PRELIMINARY LOCAL CLIMATOLOGICAL DATA (WS FORM: F-6) , PAGE 2

                                          STATION:  WICHITA EISENHOWER NATIONAL
                                          MONTH:    APRIL
                                          YEAR:     2016
                                          LATITUDE:   37 39 N
                                          LONGITUDE:  97 25 W

[TEMPERATURE DATA]      [PRECIPITATION DATA]       SYMBOLS USED IN COLUMN 16

AVERAGE MONTHLY: 60.2   TOTAL FOR MONTH:   6.20    1 = FOG OR MIST
DPTR FM NORMAL:   4.2   DPTR FM NORMAL:    3.72    2 = FOG REDUCING VISIBILITY
HIGHEST:    87 ON  5    GRTST 24HR  2.75 ON 26-26      TO 1/4 MILE OR LESS
LOWEST:     27 ON  2                               3 = THUNDER
                        SNOW, ICE PELLETS, HAIL    4 = ICE PELLETS
                        TOTAL MONTH:   0.0 INCH    5 = HAIL
                        GRTST 24HR     0.0         6 = FREEZING RAIN OR DRIZZLE
                        GRTST DEPTH:   0           7 = DUSTSTORM OR SANDSTORM:
                                                       VSBY 1/2 MILE OR LESS
                                                   8 = SMOKE OR HAZE
[NO. OF DAYS WITH]      [WEATHER - DAYS WITH]      9 = BLOWING SNOW
                                                   X = TORNADO
MAX 32 OR BELOW:   0    0.01 INCH OR MORE:   8
MAX 90 OR ABOVE:   0    0.10 INCH OR MORE:   6
MIN 32 OR BELOW:   1    0.50 INCH OR MORE:   4
MIN  0 OR BELOW:   0    1.00 INCH OR MORE:   3

[HDD (BASE 65) ]
TOTAL THIS MO.   163    CLEAR  (SCALE 0-3)   7
DPTR FM NORMAL  -122    PTCLDY (SCALE 4-7)  18
TOTAL FM JUL 1  3402    CLOUDY (SCALE 8-10)  4
DPTR FM NORMAL -1100

[CDD (BASE 65) ]
TOTAL THIS MO.    30
DPTR FM NORMAL     8    [PRESSURE DATA]
TOTAL FM JAN 1    37    HIGHEST SLP M ON M
DPTR FM NORMAL    13    LOWEST  SLP 29.38 ON 26

[REMARKS]
