000
CXUS53 KICT 010945
CF6ICT
PRELIMINARY LOCAL CLIMATOLOGICAL DATA (WS FORM: F-6)

                                          STATION:   WICHITA EISENHOWER NATIONAL
                                          MONTH:     JUNE
                                          YEAR:      2015
                                          LATITUDE:   37 39 N
                                          LONGITUDE:  97 25 W

  TEMPERATURE IN F:       :PCPN:    SNOW:  WIND      :SUNSHINE: SKY     :PK WND
================================================================================
1   2   3   4   5  6A  6B    7    8   9   10  11  12  13   14  15   16   17  18
                                     12Z  AVG MX 2MIN
DY MAX MIN AVG DEP HDD CDD  WTR  SNW DPTH SPD SPD DIR MIN PSBL S-S WX    SPD DR
================================================================================

 1  77  59  68  -3   0   3 0.00  0.0    0  9.2 17 160   M    M   6        23 140
 2  88  63  76   4   0  11 0.00  0.0    0 14.5 24 160   M    M   6        29 160
 3  90  69  80   8   0  15 0.00  0.0    0 15.7 28 180   M    M   5 8      33 190
 4  91  70  81   9   0  16 0.00  0.0    0 14.9 29 160   M    M   5        38 150
 5  90  65  78   6   0  13    T  0.0    0 12.3 36  40   M    M   5 13     45  50
 6  92  70  81   8   0  16 0.00  0.0    0 12.6 23 190   M    M   4        38 210
 7  96  72  84  11   0  19 0.02  0.0    0 13.7 35 270   M    M   5 3      41 260
 8  93  66  80   6   0  15    T  0.0    0  6.2 17 320   M    M   3        20 320
 9  98  67  83   9   0  18 0.00  0.0    0  6.4 16 200   M    M   3        21 280
10  99  71  85  11   0  20 0.00  0.0    0 14.0 26 180   M    M   5        36 180
11  96  69  83   9   0  18 0.16  0.0    0 16.5 29 210   M    M   6 13     36 200
12  80  68  74  -1   0   9 1.10  0.0    0  8.0 15 250   M    M   8 13     17 250
13  79  68  74  -1   0   9 0.10  0.0    0  8.9 20 180   M    M   9 18     22 180
14  88  70  79   3   0  14 0.61  0.0    0 11.3 25 180   M    M   7 13     30 170
15  85  70  78   2   0  13    T  0.0    0  9.5 20  20   M    M   8        26  30
16  84  69  77   1   0  12    T  0.0    0  6.4 15  40   M    M   9 1      19  40
17  85  71  78   2   0  13    T  0.0    0  7.4 15 150   M    M  10 1      18 150
18  85  71  78   1   0  13 0.00  0.0    0  9.3 26 350   M    M   7        34 340
19  89  70  80   3   0  15 0.00  0.0    0  7.3 14 160   M    M   5        17 160
20  97  74  86   9   0  21 0.00  0.0    0 16.0 30 200   M    M   2        39 190
21  93  73  83   5   0  18 0.00  0.0    0 16.7 26 180   M    M   3        35 180
22  95  75  85   7   0  20 0.00  0.0    0 19.2 33 210   M    M   3        44 190
23  95  75  85   7   0  20 0.00  0.0    0 11.5 24 210   M    M   5        29 210
24  97  73  85   7   0  20 0.00  0.0    0 16.2 28 200   M    M   4        33 200
25  98  75  87   8   0  22 0.00  0.0    0 13.9 22 220   M    M   7        28 210
26  88  71  80   1   0  15 0.21  0.0    0 11.4 22 300   M    M   7 13     27 300
27  90  65  78  -1   0  13 0.00  0.0    0  6.6 15 140   M    M   2        17 340
28  99  65  82   3   0  17 0.00  0.0    0  8.7 17 280   M    M   3        26 230
29  92  64  78  -2   0  13 0.00  0.0    0  6.0 15 350   M    M   5        22 340
30 100  65  83   3   0  18 0.00  0.0    0  7.6 18 200   M    M   5        25 190
================================================================================
SM 2729 2073         0 459  2.20     0.0 337.9          M      162
================================================================================
AV 91.0 69.1                              11.3 FASTST   M    M   5    MAX(MPH)
                                 MISC ---->  # 36  40               # 45   50
================================================================================
NOTES:
# LAST OF SEVERAL OCCURRENCES

COLUMN 17 PEAK WIND IN M.P.H.

PRELIMINARY LOCAL CLIMATOLOGICAL DATA (WS FORM: F-6) , PAGE 2

                                          STATION:  WICHITA EISENHOWER NATIONAL
                                          MONTH:    JUNE
                                          YEAR:     2015
                                          LATITUDE:   37 39 N
                                          LONGITUDE:  97 25 W

[TEMPERATURE DATA]      [PRECIPITATION DATA]       SYMBOLS USED IN COLUMN 16

AVERAGE MONTHLY: 80.0   TOTAL FOR MONTH:   2.20    1 = FOG OR MIST
DPTR FM NORMAL:   4.2   DPTR FM NORMAL:   -3.00    2 = FOG REDUCING VISIBILITY
HIGHEST:   100 ON 30    GRTST 24HR  1.19 ON 11-12      TO 1/4 MILE OR LESS
LOWEST:     59 ON  1                               3 = THUNDER
                        SNOW, ICE PELLETS, HAIL    4 = ICE PELLETS
                        TOTAL MONTH:   0.0 INCH    5 = HAIL
                        GRTST 24HR     0.0         6 = FREEZING RAIN OR DRIZZLE
                        GRTST DEPTH:   0           7 = DUSTSTORM OR SANDSTORM:
                                                       VSBY 1/2 MILE OR LESS
                                                   8 = SMOKE OR HAZE
[NO. OF DAYS WITH]      [WEATHER - DAYS WITH]      9 = BLOWING SNOW
                                                   X = TORNADO
MAX 32 OR BELOW:   0    0.01 INCH OR MORE:   6
MAX 90 OR ABOVE:  19    0.10 INCH OR MORE:   5
MIN 32 OR BELOW:   0    0.50 INCH OR MORE:   2
MIN  0 OR BELOW:   0    1.00 INCH OR MORE:   1

[HDD (BASE 65) ]
TOTAL THIS MO.     0    CLEAR  (SCALE 0-3)   7
DPTR FM NORMAL    -6    PTCLDY (SCALE 4-7)  19
TOTAL FM JUL 1  4279    CLOUDY (SCALE 8-10)  4
DPTR FM NORMAL  -315

[CDD (BASE 65) ]
TOTAL THIS MO.   459
DPTR FM NORMAL   130    [PRESSURE DATA]
TOTAL FM JAN 1   572    HIGHEST SLP 30.12 ON  1
DPTR FM NORMAL   107    LOWEST  SLP 29.59 ON 11

[REMARKS]
#FINAL-06-15#
