000
CXUS55 KPIH 211200
CF6IDA

PRELIMINARY LOCAL CLIMATOLOGICAL DATA (WS FORM: F-6)

                                          STATION:   IDAHO FALLS ID
                                          MONTH:     JANUARY
                                          YEAR:      2018
                                          LATITUDE:   43 31 N
                                          LONGITUDE: 112  4 W

  TEMPERATURE IN F:       :PCPN:    SNOW:  WIND      :SUNSHINE: SKY     :PK WND
================================================================================
1   2   3   4   5  6A  6B    7    8   9   10  11  12  13   14  15   16   17  18
                                     12Z  AVG MX 2MIN
DY MAX MIN AVG DEP HDD CDD  WTR  SNW DPTH SPD SPD DIR MIN PSBL S-S WX    SPD DR
================================================================================

 1  28   5  17  -3  48   0 0.00    M    M  4.7  9 360   M    M   1        12 360
 2  26   2  14  -6  51   0 0.00    M    M  6.3 12 350   M    M   0        17 340
 3  29   7  18  -2  47   0 0.00    M    M  6.4 12 360   M    M   2        16 340
 4  32   9  21   1  44   0 0.00    M    M  5.1  9 360   M    M   2        13 330
 5  40  19  30  10  35   0 0.00    M    M  4.3 10 350   M    M   4        12 330
 6  33  20  27   7  38   0 0.09    M    M  5.5 17 210   M    M   8 12     20 210
 7  34  20  27   7  38   0 0.00    M    M  7.1 17 210   M    M   9 12     22 250
 8  35  17  26   6  39   0 0.00    M    M  5.3 12 340   M    M   6 12     16 330
 9  39  30  35  15  30   0 0.25    M    M  4.0 17 190   M    M  10 1      23 180
10  39  27  33  13  32   0 0.05    M    M 15.4 32 210   M    M   8 1      41 210
11  37  26  32  12  33   0 0.04    M    M 13.0 23 210   M    M   7 1      32 210
12  40  33  37  17  28   0 0.00    M    M 12.9 25 210   M    M   7        32 220
13  39  27  33  13  32   0 0.00    M    M  5.9 17 230   M    M   3        21 220
14  37  24  31  11  34   0 0.00    M    M  4.5 10 330   M    M   0 1      15 330
15  40  23  32  12  33   0 0.00    M    M  8.4 18  30   M    M   0        23  30
16  38  20  29   9  36   0 0.00    M    M  4.4 10 340   M    M   2        15 330
17  38  23  31  11  34   0 0.00    M    M  3.8 12 330   M    M   3        16 330
18  48  26  37  17  28   0    T    M    M  6.8 24 190   M    M   4        31 210
19  45  30  38  18  27   0 0.03    M    M 17.7 30 210   M    M  10 1      35 210
20  34  21  28   8  37   0 0.00    M    M  8.3 17  10   M    M   2        23  10
================================================================================
SM  731  409       724   0  0.46    M    149.8          M       88
================================================================================
AV 36.6 20.5                               7.5 FASTST   M    M   4    MAX(MPH)
                                 MISC ---->  # 32 210               # 41  210
================================================================================
NOTES:
# LAST OF SEVERAL OCCURRENCES
PRECIPITATION SUSPECT DURING FREEZING/FROZEN EVENTS

COLUMN 17 PEAK WIND IN M.P.H.

PRELIMINARY LOCAL CLIMATOLOGICAL DATA (WS FORM: F-6) , PAGE 2

                                          STATION:  IDAHO FALLS ID
                                          MONTH:    JANUARY
                                          YEAR:     2018
                                          LATITUDE:   43 31 N
                                          LONGITUDE: 112  4 W

[TEMPERATURE DATA]      [PRECIPITATION DATA]       SYMBOLS USED IN COLUMN 16

AVERAGE MONTHLY: 28.5   TOTAL FOR MONTH:   0.46    1 = FOG OR MIST
DPTR FM NORMAL:   8.5   DPTR FM NORMAL:   -0.02    2 = FOG REDUCING VISIBILITY
HIGHEST:    48 ON 18    GRTST 24HR  0.25 ON  9- 9      TO 1/4 MILE OR LESS
LOWEST:      2 ON  2                               3 = THUNDER
                        SNOW, ICE PELLETS, HAIL    4 = ICE PELLETS
                        TOTAL MONTH:    M          5 = HAIL
                        GRTST 24HR    M  ON   M    6 = FREEZING RAIN OR DRIZZLE
                        GRTST DEPTH:  M  ON   M    7 = DUSTSTORM OR SANDSTORM:
                                                       VSBY 1/2 MILE OR LESS
                                                   8 = SMOKE OR HAZE
[NO. OF DAYS WITH]      [WEATHER - DAYS WITH]      9 = BLOWING SNOW
                                                   X = TORNADO
MAX 32 OR BELOW:   4    0.01 INCH OR MORE:   5
MAX 90 OR ABOVE:   0    0.10 INCH OR MORE:   1
MIN 32 OR BELOW:  19    0.50 INCH OR MORE:   0
MIN  0 OR BELOW:   0    1.00 INCH OR MORE:   0

[HDD (BASE 65) ]
TOTAL THIS MO.   724    CLEAR  (SCALE 0-3)  10
DPTR FM NORMAL  -176    PTCLDY (SCALE 4-7)   7
TOTAL FM JUL 1  3914    CLOUDY (SCALE 8-10)  3
DPTR FM NORMAL  -259

[CDD (BASE 65) ]
TOTAL THIS MO.     0
DPTR FM NORMAL     0    [PRESSURE DATA]
TOTAL FM JAN 1     0    HIGHEST SLP M ON M
DPTR FM NORMAL     0    LOWEST  SLP 29.57 ON 10

[REMARKS]
