000
CXUS55 KPIH 241200
CF6IDA

PRELIMINARY LOCAL CLIMATOLOGICAL DATA (WS FORM: F-6)

                                          STATION:   IDAHO FALLS ID
                                          MONTH:     DECEMBER
                                          YEAR:      2014
                                          LATITUDE:   43 31 N
                                          LONGITUDE: 112  4 W

  TEMPERATURE IN F:       :PCPN:    SNOW:  WIND      :SUNSHINE: SKY     :PK WND
================================================================================
1   2   3   4   5  6A  6B    7    8   9   10  11  12  13   14  15   16   17  18
                                     12Z  AVG MX 2MIN
DY MAX MIN AVG DEP HDD CDD  WTR  SNW DPTH SPD SPD DIR MIN PSBL S-S WX    SPD DR
================================================================================

 1  37  17  27   2  38   0 0.03    M    M  4.6 18 200   M    M   8 1      24 200
 2  38  30  34  10  31   0 0.00    M    M  9.9 23 220   M    M   9 12     30 220
 3  42  29  36  12  29   0 0.02    M    M  4.6 12 190   M    M   8 1      14  10
 4  51  33  42  19  23   0    T    M    M  6.9 22 200   M    M   6 1      27 210
 5  44  29  37  14  28   0    T    M    M  4.7  9 330   M    M   4 128    11 330
 6  53  32  43  20  22   0    T    M    M  7.7 20 210   M    M   5 8      24 210
 7  41  29  35  13  30   0 0.00    M    M  5.7 15 250   M    M   7 12     18 230
 8  45  27  36  14  29   0 0.00    M    M  3.0  8 360   M    M   3 1      10 350
 9  45  24  35  13  30   0 0.00    M    M  3.4 10 340   M    M   3 1      11 330
10  47  26  37  16  28   0 0.00    M    M  4.5 10  10   M    M   3        12  10
11  58  27  43  22  22   0 0.00    M    M  6.8 20 190   M    M   4 8      24 190
12  58  36  47  26  18   0 0.00    M    M  3.9 17 190   M    M   2        20 190
13  46  32  39  18  26   0 0.04    M    M 14.9 28 210   M    M  10 1      32 200
14  32  24  28   8  37   0 0.08    M    M 10.0 16 210   M    M  10 1      19 220
15  33  14  24   4  41   0 0.00    M    M  3.3  9  20   M    M   7 1      10  30
16  37  25  31  11  34   0 0.04    M    M  4.9 10 170   M    M  10 18     13 180
17  32  13  23   3  42   0 0.00    M    M  1.4  7 340   M    M   8 128     8 340
18  34  15  25   5  40   0 0.00    M    M  2.8  9 170   M    M   8 12     10 170
19  40  29  35  15  30   0 0.02    M    M  7.5 20 200   M    M  10 18     26 200
20  37  33  35  15  30   0 0.12    M    M 10.5 22 200   M    M  10 1      27 190
21  45  32  39  19  26   0 0.04    M    M 17.4 31 210   M    M   7 1      43 240
22  41  27  34  14  31   0 0.00    M    M 11.2 24 220   M    M   5        28 220
23  34  21  28   9  37   0 0.00    M    M  7.4 15 210   M    M   4 12     17 220
================================================================================
SM  970  604       702   0  0.39    M    157.0          M      151
================================================================================
AV 42.2 26.3                               6.8 FASTST   M    M   7    MAX(MPH)
                                 MISC ---->  # 31 210               # 43  240
================================================================================
NOTES:
# LAST OF SEVERAL OCCURRENCES

COLUMN 17 PEAK WIND IN M.P.H.

PRELIMINARY LOCAL CLIMATOLOGICAL DATA (WS FORM: F-6) , PAGE 2

                                          STATION:  IDAHO FALLS ID
                                          MONTH:    DECEMBER
                                          YEAR:     2014
                                          LATITUDE:   43 31 N
                                          LONGITUDE: 112  4 W

[TEMPERATURE DATA]      [PRECIPITATION DATA]       SYMBOLS USED IN COLUMN 16

AVERAGE MONTHLY: 34.2   TOTAL FOR MONTH:   0.39    1 = FOG OR MIST
DPTR FM NORMAL:  12.9   DPTR FM NORMAL:   -0.27    2 = FOG REDUCING VISIBILITY
HIGHEST:    58 ON 12,11 GRTST 24HR  0.16 ON 20-21      TO 1/4 MILE OR LESS
LOWEST:     13 ON 17                               3 = THUNDER
                        SNOW, ICE PELLETS, HAIL    4 = ICE PELLETS
                        TOTAL MONTH:    M          5 = HAIL
                        GRTST 24HR    M  ON   M    6 = FREEZING RAIN OR DRIZZLE
                        GRTST DEPTH:  M  ON   M    7 = DUSTSTORM OR SANDSTORM:
                                                       VSBY 1/2 MILE OR LESS
                                                   8 = SMOKE OR HAZE
[NO. OF DAYS WITH]      [WEATHER - DAYS WITH]      9 = BLOWING SNOW
                                                   X = TORNADO
MAX 32 OR BELOW:   2    0.01 INCH OR MORE:   8
MAX 90 OR ABOVE:   0    0.10 INCH OR MORE:   1
MIN 32 OR BELOW:  20    0.50 INCH OR MORE:   0
MIN  0 OR BELOW:   0    1.00 INCH OR MORE:   0

[HDD (BASE 65) ]
TOTAL THIS MO.   702    CLEAR  (SCALE 0-3)   2
DPTR FM NORMAL  -302    PTCLDY (SCALE 4-7)  13
TOTAL FM JUL 1  2391    CLOUDY (SCALE 8-10)  8
DPTR FM NORMAL  -516

[CDD (BASE 65) ]
TOTAL THIS MO.     0
DPTR FM NORMAL     0    [PRESSURE DATA]
TOTAL FM JAN 1   303    HIGHEST SLP M ON M
DPTR FM NORMAL    39    LOWEST  SLP 29.71 ON 12

[REMARKS]
