000
CXUS53 KILX 300900
CF6ILX
PRELIMINARY LOCAL CLIMATOLOGICAL DATA (WS FORM: F-6)

                                          STATION:   LINCOLN IL
                                          MONTH:     MARCH
                                          YEAR:      2015
                                          LATITUDE:   40  9 N
                                          LONGITUDE:  89 20 W

  TEMPERATURE IN F:       :PCPN:    SNOW:  WIND      :SUNSHINE: SKY     :PK WND
================================================================================
1   2   3   4   5  6A  6B    7    8   9   10  11  12  13   14  15   16   17  18
                                     12Z  AVG MX 2MIN
DY MAX MIN AVG DEP HDD CDD  WTR  SNW DPTH SPD SPD DIR MIN PSBL S-S WX    SPD DR
================================================================================

 1  27  20  24 -11  41   0 0.24  3.7    5   M   M   M   M    M   M 1       M  M
 2  28   2  15 -21  50   0 0.00  0.0    5   M   M   M   M    M   M 18      M  M
 3  38  25  32  -4  33   0 0.08  0.0    3   M   M   M   M    M   M 16      M  M
 4  32  14  23 -14  42   0 0.00  0.0    2   M   M   M   M    M   M         M  M
 5  16  -2   7 -30  58   0 0.00  0.0    1   M   M   M   M    M   M         M  M
 6  31  -5  13 -24  52   0 0.00  0.0    1   M   M   M   M    M   M         M  M
 7  54  27  41   3  24   0 0.00  0.0    1   M   M   M   M    M   M         M  M
 8  47  27  37  -1  28   0 0.00  0.0    0   M   M   M   M    M   M         M  M
 9  50  29  40   1  25   0 0.00  0.0    0   M   M   M   M    M   M         M  M
10  56  33  45   6  20   0 0.02  0.0    0   M   M   M   M    M   M         M  M
11  63  28  46   7  19   0 0.00  0.0    0   M   M   M   M    M   M 12      M  M
12  59  33  46   6  19   0 0.00  0.0    0   M   M   M   M    M   M         M  M
13  57  39  48   8  17   0 0.03  0.0    0   M   M   M   M    M   M 12      M  M
14  61  41  51  11  14   0 0.00  0.0    0   M   M   M   M    M   M 12      M  M
15  67  29  48   7  17   0 0.00  0.0    0   M   M   M   M    M   M         M  M
16  77  42  60  19   5   0 0.00  0.0    0   M   M   M   M    M   M         M  M
17  62  28  45   3  20   0 0.00  0.0    0   M   M   M   M    M   M         M  M
18  45  26  36  -6  29   0 0.00  0.0    0   M   M   M   M    M   M         M  M
19  49  35  42   0  23   0 0.14  0.0    0   M   M   M   M    M   M         M  M
20  44  32  38  -5  27   0    T  0.0    0   M   M   M   M    M   M 1       M  M
21  62  31  47   4  18   0 0.00  0.0    0   M   M   M   M    M   M 1       M  M
22  54  32  43   0  22   0 0.00  0.0    0   M   M   M   M    M   M         M  M
23  37  30  34 -10  31   0 0.06  0.0    0   M   M   M   M    M   M         M  M
24  43  28  36  -8  29   0 0.50  0.0    0   M   M   M   M    M   M 13      M  M
25  46  40  43  -1  22   0 0.31  0.0    0   M   M   M   M    M   M 1       M  M
26  48  32  40  -5  25   0 0.11  0.0    0   M   M   M   M    M   M         M  M
27  38  23  31 -14  34   0 0.00  0.0    0   M   M   M   M    M   M         M  M
28  41  17  29 -17  36   0 0.00  0.0    0   M   M   M   M    M   M         M  M
29  56  28  42  -4  23   0 0.06  0.0    0   M   M   M   M    M   M         M  M
================================================================================
SM 1388  764       803   0  1.55     3.7     M          M        M
================================================================================
AV 47.9 26.3                                 M FASTST   M    M   4    MAX(MPH)
                                 MISC ---->     M   M                  M    M
================================================================================
NOTES:
# LAST OF SEVERAL OCCURRENCES

COLUMN 17 PEAK WIND IN M.P.H.

PRELIMINARY LOCAL CLIMATOLOGICAL DATA (WS FORM: F-6) , PAGE 2

                                          STATION:  LINCOLN IL
                                          MONTH:    MARCH
                                          YEAR:     2015
                                          LATITUDE:   40  9 N
                                          LONGITUDE:  89 20 W

[TEMPERATURE DATA]      [PRECIPITATION DATA]       SYMBOLS USED IN COLUMN 16

AVERAGE MONTHLY: 37.1   TOTAL FOR MONTH:   1.55    1 = FOG OR MIST
DPTR FM NORMAL:  -3.7   DPTR FM NORMAL:   -0.86    2 = FOG REDUCING VISIBILITY
HIGHEST:    77 ON 16    GRTST 24HR  0.50 ON 24-24      TO 1/4 MILE OR LESS
LOWEST:     -5 ON  6                               3 = THUNDER
                        SNOW, ICE PELLETS, HAIL    4 = ICE PELLETS
                        TOTAL MONTH:   3.7 INCHES  5 = HAIL
                        GRTST 24HR   3.7 ON   M    6 = FREEZING RAIN OR DRIZZLE
                        GRTST DEPTH:   5 ON  2, 1  7 = DUSTSTORM OR SANDSTORM:
                                                       VSBY 1/2 MILE OR LESS
                                                   8 = SMOKE OR HAZE
[NO. OF DAYS WITH]      [WEATHER - DAYS WITH]      9 = BLOWING SNOW
                                                   X = TORNADO
MAX 32 OR BELOW:   5    0.01 INCH OR MORE:  10
MAX 90 OR ABOVE:   0    0.10 INCH OR MORE:   5
MIN 32 OR BELOW:  22    0.50 INCH OR MORE:   1
MIN  0 OR BELOW:   2    1.00 INCH OR MORE:   0

[HDD (BASE 65) ]
TOTAL THIS MO.   803    CLEAR  (SCALE 0-3)   0
DPTR FM NORMAL    99    PTCLDY (SCALE 4-7)   0
TOTAL FM JUL 1  5740    CLOUDY (SCALE 8-10)  0
DPTR FM NORMAL   613

[CDD (BASE 65) ]
TOTAL THIS MO.     0
DPTR FM NORMAL     0    [PRESSURE DATA]
TOTAL FM JAN 1     0    HIGHEST SLP M ON M
DPTR FM NORMAL     0    LOWEST  SLP M ON M

[REMARKS]
