000
CXUS55 KLBF 241200
CF6IML
PRELIMINARY LOCAL CLIMATOLOGICAL DATA (WS FORM: F-6)

                                          STATION:   IMPERIAL
                                          MONTH:     JANUARY
                                          YEAR:      2017
                                          LATITUDE:   40 31 N
                                          LONGITUDE: 101 37 W

  TEMPERATURE IN F:       :PCPN:    SNOW:  WIND      :SUNSHINE: SKY     :PK WND
================================================================================
1   2   3   4   5  6A  6B    7    8   9   10  11  12  13   14  15   16   17  18
                                     12Z  AVG MX 2MIN
DY MAX MIN AVG DEP HDD CDD  WTR  SNW DPTH SPD SPD DIR MIN PSBL S-S WX    SPD DR
================================================================================

 1  42  18  30   2  35   0 0.00    M    M  9.2 22 170   M    M   3        26 180
 2  31  13  22  -6  43   0 0.00    M    M 10.6 28 350   M    M   7 12     33 340
 3  21   7  14 -14  51   0    T    M    M 11.5 23 360   M    M   5 8      29 360
 4  16   1   9 -19  56   0 0.04    M    M  6.5 14  40   M    M   9 128    16  50
 5   9 -12  -1 -29  66   0 0.02    M    M  9.2 24 340   M    M   4 18     31 330
 6  22  -9   7 -21  58   0 0.00    M    M  8.0 14 290   M    M   0        18 310
 7  20  -7   7 -21  58   0 0.00    M    M  6.9 15 150   M    M   0        19 150
 8  39   9  24  -4  41   0 0.00    M    M  7.3 16 140   M    M   3        19 140
 9  42  23  33   5  32   0 0.00    M    M  5.9 17 150   M    M   2        22 150
10  40  14  27  -1  38   0 0.00    M    M 12.3 29  10   M    M   1        35  30
11  40  11  26  -2  39   0 0.00    M    M 11.6 29  10   M    M   3 8      35  30
12  22   7  15 -13  50   0 0.00    M    M  7.9 18  20   M    M   2        21  30
13  25  13  19  -9  46   0 0.00    M    M  7.3 15 150   M    M   1        18 150
14  38  11  25  -3  40   0 0.00    M    M  2.8  8 150   M    M   4        10  60
15  31  17  24  -4  41   0 0.46    M    M  2.8  9 360   M    M   9 16     10 140
16  35  28  32   4  33   0 0.26    M    M 14.1 24 350   M    M   9 16     31 340
17  44  20  32   4  33   0 0.00    M    M  6.7 14 220   M    M   0        17 230
18  47  22  35   7  30   0 0.00    M    M  5.6 12 160   M    M   0 18     13 160
19  44  20  32   4  33   0 0.00    M    M  6.0 13 170   M    M   3 12     15 170
20  43  28  36   8  29   0 0.00    M    M  4.9 12 310   M    M   9 12     16 290
21  49  26  38  10  27   0 0.00    M    M  6.0 12 270   M    M   0        14 270
22  48  26  37   8  28   0 0.00    M    M  9.4 20 340   M    M   0        25 300
23  51  26  39  10  26   0 0.00    M    M  6.6 18 170   M    M   2        24 170
================================================================================
SM  799  312       933   0  0.78    M    179.1          M       76
================================================================================
AV 34.7 13.6                               7.8 FASTST   M    M   3    MAX(MPH)
                                 MISC ---->  # 29  10               # 35   30
================================================================================
NOTES:
# LAST OF SEVERAL OCCURRENCES

COLUMN 17 PEAK WIND IN M.P.H.

PRELIMINARY LOCAL CLIMATOLOGICAL DATA (WS FORM: F-6) , PAGE 2

                                          STATION:  IMPERIAL
                                          MONTH:    JANUARY
                                          YEAR:     2017
                                          LATITUDE:   40 31 N
                                          LONGITUDE: 101 37 W

[TEMPERATURE DATA]      [PRECIPITATION DATA]       SYMBOLS USED IN COLUMN 16

AVERAGE MONTHLY: 24.2   TOTAL FOR MONTH:   0.78    1 = FOG OR MIST
DPTR FM NORMAL:  -3.9   DPTR FM NORMAL:    0.60    2 = FOG REDUCING VISIBILITY
HIGHEST:    51 ON 23    GRTST 24HR  0.72 ON 15-16      TO 1/4 MILE OR LESS
LOWEST:    -12 ON  5                               3 = THUNDER
                        SNOW, ICE PELLETS, HAIL    4 = ICE PELLETS
                        TOTAL MONTH:    M          5 = HAIL
                        GRTST 24HR    M  ON   M    6 = FREEZING RAIN OR DRIZZLE
                        GRTST DEPTH:  M  ON   M    7 = DUSTSTORM OR SANDSTORM:
                                                       VSBY 1/2 MILE OR LESS
                                                   8 = SMOKE OR HAZE
[NO. OF DAYS WITH]      [WEATHER - DAYS WITH]      9 = BLOWING SNOW
                                                   X = TORNADO
MAX 32 OR BELOW:   9    0.01 INCH OR MORE:   4
MAX 90 OR ABOVE:   0    0.10 INCH OR MORE:   2
MIN 32 OR BELOW:  23    0.50 INCH OR MORE:   0
MIN  0 OR BELOW:   3    1.00 INCH OR MORE:   0

[HDD (BASE 65) ]
TOTAL THIS MO.   933    CLEAR  (SCALE 0-3)  15
DPTR FM NORMAL    85    PTCLDY (SCALE 4-7)   4
TOTAL FM JUL 1  3077    CLOUDY (SCALE 8-10)  4
DPTR FM NORMAL  -286

[CDD (BASE 65) ]
TOTAL THIS MO.     0
DPTR FM NORMAL     0    [PRESSURE DATA]
TOTAL FM JAN 1     0    HIGHEST SLP M ON M
DPTR FM NORMAL     0    LOWEST  SLP 29.36 ON 20

[REMARKS]
