000
CXUS54 KFWD 200730
CF6INJ
PRELIMINARY LOCAL CLIMATOLOGICAL DATA (WS FORM: F-6)

                                          STATION:   HILLSBORO
                                          MONTH:     OCTOBER
                                          YEAR:      2014
                                          LATITUDE:   32  0 N
                                          LONGITUDE:  97  6 W

  TEMPERATURE IN F:       :PCPN:    SNOW:  WIND      :SUNSHINE: SKY     :PK WND
================================================================================
1   2   3   4   5  6A  6B    7    8   9   10  11  12  13   14  15   16   17  18
                                     12Z  AVG MX 2MIN
DY MAX MIN AVG DEP HDD CDD  WTR  SNW DPTH SPD SPD DIR MIN PSBL S-S WX    SPD DR
================================================================================

 1  92  74  83  11   0  18 0.00  0.0    0 11.3 17 150   M    M   4        23 150
 2  95  67  81   9   0  16 0.12  0.0    0 13.2 24 190   M    M   4 3      30 190
 3  83  53  68  -4   0   3 0.00  0.0    0  8.2 17 360   M    M   0        24 360
 4  81  51  66  -5   0   1 0.00  0.0    0  7.9 14 200   M    M   0        17 200
 5  85  61  73   2   0   8 0.00  0.0    0 13.3 18 180   M    M   2        25 180
 6  85  68  77   6   0  12 0.00  0.0    0 12.2 17 120   M    M   4 38     23 110
 7  97  69  83  13   0  18 0.00  0.0    0 12.4 18 180   M    M   2        23 200
 8  91  73  82  12   0  17 0.00  0.0    0 12.2 17 150   M    M   3        21 170
 9  93  74  84  14   0  19 0.00  0.0    0 14.5 20 160   M    M   4        25 160
10  93  65  79  10   0  14 0.13  0.0    0 12.2 21 190   M    M   4 3      25 190
11  67  55  61  -8   4   0 0.47  0.0    0 10.1 17 310   M    M   8 13     20 330
12  74  54  64  -5   1   0 0.00  0.0    0  7.8 24 150   M    M   9 138    30 150
13  76  55  66  -3   0   1 1.19  0.0    0 16.5 35 300   M    M   6 3      43 190
14  78  50  64  -4   1   0 0.00  0.0    0  8.6 24 330   M    M   0        32 330
15  85  47  66  -2   0   1 0.00  0.0    0  3.1 13 310   M    M   0        17 280
16  88  54  71   3   0   6 0.00  0.0    0  9.0 17 170   M    M   0        25 190
17  89  56  73   6   0   8 0.00  0.0    0  8.3 13 180   M    M   0        17 180
18  85  62  74   7   0   9 0.00  0.0    0  8.3 14  40   M    M   1        18  50
19  78  62  70   3   0   5 0.00  0.0    0  8.1 14  90   M    M   4        17 110
================================================================================
SM 1615 1150         6 156  1.91     0.0 197.2          M       55
================================================================================
AV 85.0 60.5                              10.4 FASTST   M    M   3    MAX(MPH)
                                 MISC ---->  # 35 300                 43    M
================================================================================
NOTES:
# LAST OF SEVERAL OCCURRENCES

COLUMN 17 PEAK WIND IN M.P.H.

PRELIMINARY LOCAL CLIMATOLOGICAL DATA (WS FORM: F-6) , PAGE 2

                                          STATION:  HILLSBORO
                                          MONTH:    OCTOBER
                                          YEAR:     2014
                                          LATITUDE:   32  0 N
                                          LONGITUDE:  97  6 W

[TEMPERATURE DATA]      [PRECIPITATION DATA]       SYMBOLS USED IN COLUMN 16

AVERAGE MONTHLY: 72.8   TOTAL FOR MONTH:   1.91    1 = FOG OR MIST
DPTR FM NORMAL:   3.3   DPTR FM NORMAL:   -0.78    2 = FOG REDUCING VISIBILITY
HIGHEST:    97 ON  7    GRTST 24HR  1.19 ON 13-13      TO 1/4 MILE OR LESS
LOWEST:     47 ON 15                               3 = THUNDER
                        SNOW, ICE PELLETS, HAIL    4 = ICE PELLETS
                        TOTAL MONTH:   0.0 INCH    5 = HAIL
                        GRTST 24HR     0.0         6 = FREEZING RAIN OR DRIZZLE
                        GRTST DEPTH:   0           7 = DUSTSTORM OR SANDSTORM:
                                                       VSBY 1/2 MILE OR LESS
                                                   8 = SMOKE OR HAZE
[NO. OF DAYS WITH]      [WEATHER - DAYS WITH]      9 = BLOWING SNOW
                                                   X = TORNADO
MAX 32 OR BELOW:   0    0.01 INCH OR MORE:   4
MAX 90 OR ABOVE:   6    0.10 INCH OR MORE:   4
MIN 32 OR BELOW:   0    0.50 INCH OR MORE:   1
MIN  0 OR BELOW:   0    1.00 INCH OR MORE:   1

[HDD (BASE 65) ]
TOTAL THIS MO.     6    CLEAR  (SCALE 0-3)   9
DPTR FM NORMAL   -19    PTCLDY (SCALE 4-7)   8
TOTAL FM JUL 1     7    CLOUDY (SCALE 8-10)  2
DPTR FM NORMAL   -25

[CDD (BASE 65) ]
TOTAL THIS MO.   156
DPTR FM NORMAL    46    [PRESSURE DATA]
TOTAL FM JAN 1  2639    HIGHEST SLP M ON M
DPTR FM NORMAL   169    LOWEST  SLP M ON M

[REMARKS]
